66.249.68.5 - - [15/Mar/2025:12:59:38 +0000] "GET /?pcmypage?callback=product/review/81139686 HTTP/1.1" 200 19214 "-" "Mozilla/5.0 (Linux; Android 6.0.1; Nexus 5X Build/MMB29P) AppleWebKit/537.36 (KHTML, like Gecko) Chrome/133.0.6943.141 Mobile Safari/537.36 (compatible; GoogleOther)"
81.88.53.92 - - [15/Mar/2025:12:52:53 +0000] "GET /wp-login.php HTTP/1.1" 200 9223 "-" "Mozilla/5.0 (Windows NT 10.0; WOW64) AppleWebKit/537.36 (KHTML, like Gecko) Chrome/72.0.3626.121 Safari/537.36"
66.249.68.37 - - [15/Mar/2025:12:52:58 +0000] "GET /?shopdetail/23518438 HTTP/1.1" 200 18976 "-" "Mozilla/5.0 (Linux; Android 6.0.1; Nexus 5X Build/MMB29P) AppleWebKit/537.36 (KHTML, like Gecko) Chrome/133.0.6943.141 Mobile Safari/537.36 (compatible; GoogleOther)"
158.180.238.53 - - [15/Mar/2025:12:53:12 +0000] "GET /wp-login.php HTTP/1.1" 200 9223 "-" "Mozilla/5.0 (Windows NT 6.1; WOW64; rv:45.0) Gecko/20100101 Firefox/45.0"
89.238.179.12 - - [15/Mar/2025:12:53:16 +0000] "POST /wp-login.php HTTP/1.1" 200 9605 "https://mail.pulsehost.co.uk/wp-login.php" "Mozilla/5.0 (Windows NT 10.0; Win64; x64; rv:57.0) Gecko/20100101 Firefox/57.0"
139.162.226.228 - - [15/Mar/2025:12:53:17 +0000] "GET /wp-login.php HTTP/1.1" 200 9223 "-" "Mozilla/5.0 (Windows; U; Windows NT 5.1; en-US; rv:1.7.12) Gecko/20050915 Firefox/1.0.7"
66.249.68.5 - - [15/Mar/2025:12:53:21 +0000] "GET /?pcmypage?callback=/product%2Fdetail%2F63966766 HTTP/1.1" 200 18681 "-" "Mozilla/5.0 (compatible; Googlebot/2.1; +http://www.google.com/bot.html)"
167.114.67.233 - - [15/Mar/2025:12:53:22 +0000] "GET /wp-login.php HTTP/1.1" 200 9223 "-" "Mozilla/5.0 (iPod; CPU iPhone OS 14_6 like Mac OS X) AppleWebKit/605.1.15 (KHTML, like Gecko) CriOS/91.0.4472.80 Mobile/15E148 Safari/604.1"
46.28.106.190 - - [15/Mar/2025:12:53:27 +0000] "POST /wp-login.php HTTP/1.1" 200 9605 "https://mail.pulsehost.co.uk/wp-login.php" "Mozilla/5.0 (Windows NT 6.1; Win64; x64) AppleWebKit/537.36 (KHTML, like Gecko) Chrome/69.0.3497.100 Safari/537.36"
66.249.68.39 - - [15/Mar/2025:12:53:30 +0000] "GET /?shopdetail/19092605 HTTP/1.1" 200 18610 "-" "Mozilla/5.0 (compatible; Googlebot/2.1; +http://www.google.com/bot.html)"
212.80.19.3 - - [15/Mar/2025:12:53:38 +0000] "POST /wp-login.php HTTP/1.1" 200 9605 "https://mail.pulsehost.co.uk/wp-login.php" "Mozilla/5.0 (Windows NT 6.1; Win64; x64) AppleWebKit/537.36 (KHTML, like Gecko) Chrome/63.0.3239.132 Safari/537.36"
66.249.68.6 - - [15/Mar/2025:12:55:21 +0000] "GET /?pcmypage?callback=product%2Fdetail%2F91324662 HTTP/1.1" 200 18673 "-" "Mozilla/5.0 (Linux; Android 6.0.1; Nexus 5X Build/MMB29P) AppleWebKit/537.36 (KHTML, like Gecko) Chrome/133.0.6943.141 Mobile Safari/537.36 (compatible; GoogleOther)"
66.249.68.37 - - [15/Mar/2025:12:55:27 +0000] "GET /?zhHant/product/surugaya/29415638?campaign_uid=f64d716db5e979ed2f947dbaf4296895b951ae7f HTTP/1.1" 200 19134 "-" "Mozilla/5.0 (Linux; Android 6.0.1; Nexus 5X Build/MMB29P) AppleWebKit/537.36 (KHTML, like Gecko) Chrome/133.0.6943.141 Mobile Safari/537.36 (compatible; Googlebot/2.1; +http://www.google.com/bot.html)"
66.249.68.37 - - [15/Mar/2025:12:58:21 +0000] "GET /?pcmypage?callback=product%2Fdetail%2F24022231 HTTP/1.1" 200 18926 "-" "Mozilla/5.0 (Linux; Android 6.0.1; Nexus 5X Build/MMB29P) AppleWebKit/537.36 (KHTML, like Gecko) Chrome/133.0.6943.141 Mobile Safari/537.36 (compatible; Googlebot/2.1; +http://www.google.com/bot.html)"
66.249.68.5 - - [15/Mar/2025:12:59:28 +0000] "GET /?product/edit/10707091 HTTP/1.1" 200 18105 "-" "Mozilla/5.0 (Linux; Android 6.0.1; Nexus 5X Build/MMB29P) AppleWebKit/537.36 (KHTML, like Gecko) Chrome/133.0.6943.141 Mobile Safari/537.36 (compatible; Googlebot/2.1; +http://www.google.com/bot.html)"
66.249.68.38 - - [15/Mar/2025:12:59:40 +0000] "GET /?pcmypage?callback=product%2Fdetail%2F94683788 HTTP/1.1" 200 19681 "-" "Mozilla/5.0 (Linux; Android 6.0.1; Nexus 5X Build/MMB29P) AppleWebKit/537.36 (KHTML, like Gecko) Chrome/133.0.6943.141 Mobile Safari/537.36 (compatible; Googlebot/2.1; +http://www.google.com/bot.html)"
35.187.15.214 - - [15/Mar/2025:13:00:13 +0000] "GET / HTTP/1.1" 403 0 "-" "python-requests/2.32.3"
45.138.103.131 - - [15/Mar/2025:13:00:13 +0000] "GET /wp-login.php HTTP/1.1" 200 2823 "-" "Mozilla/5.0 (Windows NT 10.0; Win64; x64) AppleWebKit/537.36 (KHTML, like Gecko) Chrome/130.0.0.0 YaBrowser/24.12.0.0 Safari/537.36"
45.138.103.131 - - [15/Mar/2025:13:00:15 +0000] "GET /wp-login.php HTTP/1.1" 200 2823 "-" "Mozilla/5.0 (Windows NT 10.0; Win64; x64) AppleWebKit/537.36 (KHTML, like Gecko) Chrome/130.0.0.0 YaBrowser/24.12.0.0 Safari/537.36"
45.138.103.131 - - [15/Mar/2025:13:00:15 +0000] "GET /wp-login.php HTTP/1.1" 200 2823 "-" "Mozilla/5.0 (Windows NT 10.0; Win64; x64) AppleWebKit/537.36 (KHTML, like Gecko) Chrome/130.0.0.0 YaBrowser/24.12.0.0 Safari/537.36"
45.138.103.131 - - [15/Mar/2025:13:00:16 +0000] "GET /wp-login.php HTTP/1.1" 200 2823 "-" "Mozilla/5.0 (Windows NT 10.0; Win64; x64) AppleWebKit/537.36 (KHTML, like Gecko) Chrome/130.0.0.0 YaBrowser/24.12.0.0 Safari/537.36"
45.138.103.131 - - [15/Mar/2025:13:00:17 +0000] "POST /wp-login.php HTTP/1.1" 200 3028 "-" "Mozilla/5.0 (Windows NT 10.0; Win64; x64) AppleWebKit/537.36 (KHTML, like Gecko) Chrome/130.0.0.0 YaBrowser/24.12.0.0 Safari/537.36"
66.249.68.5 - - [15/Mar/2025:13:01:15 +0000] "GET /?shopdetail/16969527 HTTP/1.1" 200 17978 "-" "Mozilla/5.0 (Linux; Android 6.0.1; Nexus 5X Build/MMB29P) AppleWebKit/537.36 (KHTML, like Gecko) Chrome/133.0.6943.141 Mobile Safari/537.36 (compatible; Googlebot/2.1; +http://www.google.com/bot.html)"
66.249.68.38 - - [15/Mar/2025:13:01:23 +0000] "GET /?shopdetail/17244749 HTTP/1.1" 200 18181 "-" "Mozilla/5.0 (compatible; Googlebot/2.1; +http://www.google.com/bot.html)"
66.249.68.37 - - [15/Mar/2025:13:02:11 +0000] "GET /?safe_search/config?return_url=/product/detail/97726664 HTTP/1.1" 200 18616 "-" "Mozilla/5.0 (Linux; Android 6.0.1; Nexus 5X Build/MMB29P) AppleWebKit/537.36 (KHTML, like Gecko) Chrome/133.0.6943.141 Mobile Safari/537.36 (compatible; Googlebot/2.1; +http://www.google.com/bot.html)"
66.249.68.4 - - [15/Mar/2025:13:02:57 +0000] "GET /?shopdetail/15965916 HTTP/1.1" 200 18715 "-" "Mozilla/5.0 (Linux; Android 6.0.1; Nexus 5X Build/MMB29P) AppleWebKit/537.36 (KHTML, like Gecko) Chrome/133.0.6943.141 Mobile Safari/537.36 (compatible; Googlebot/2.1; +http://www.google.com/bot.html)"
66.249.68.4 - - [15/Mar/2025:13:04:41 +0000] "GET /?safe_search/config?return_url=%2Fproduct%2Fdetail%2F33962424 HTTP/1.1" 200 20085 "-" "Mozilla/5.0 (Linux; Android 6.0.1; Nexus 5X Build/MMB29P) AppleWebKit/537.36 (KHTML, like Gecko) Chrome/133.0.6943.141 Mobile Safari/537.36 (compatible; GoogleOther)"
66.249.68.4 - - [15/Mar/2025:13:06:32 +0000] "GET /?pcmypage?callback=product%2Fdetail%2F60787092 HTTP/1.1" 200 19815 "-" "Mozilla/5.0 (compatible; Googlebot/2.1; +http://www.google.com/bot.html)"
66.249.68.5 - - [15/Mar/2025:13:07:10 +0000] "GET /?pcmypage?callback=product%2Fdetail%2F57177497 HTTP/1.1" 200 19594 "-" "Mozilla/5.0 (Linux; Android 6.0.1; Nexus 5X Build/MMB29P) AppleWebKit/537.36 (KHTML, like Gecko) Chrome/133.0.6943.141 Mobile Safari/537.36 (compatible; Googlebot/2.1; +http://www.google.com/bot.html)"
4.227.36.58 - - [15/Mar/2025:13:07:12 +0000] "GET /robots.txt HTTP/2" 200 70 "-" "Mozilla/5.0 AppleWebKit/537.36 (KHTML, like Gecko; compatible; GPTBot/1.2; +https://openai.com/gptbot)"
66.249.68.39 - - [15/Mar/2025:13:08:30 +0000] "GET /?pcmypage?callback=/product/detail/65132869 HTTP/1.1" 200 19640 "-" "Mozilla/5.0 (Linux; Android 6.0.1; Nexus 5X Build/MMB29P) AppleWebKit/537.36 (KHTML, like Gecko) Chrome/133.0.6943.141 Mobile Safari/537.36 (compatible; Googlebot/2.1; +http://www.google.com/bot.html)"
66.249.68.37 - - [15/Mar/2025:13:08:35 +0000] "GET /?pcmypage?callback=product/review/55304788 HTTP/1.1" 200 18836 "-" "Mozilla/5.0 (Linux; Android 6.0.1; Nexus 5X Build/MMB29P) AppleWebKit/537.36 (KHTML, like Gecko) Chrome/133.0.6943.141 Mobile Safari/537.36 (compatible; Googlebot/2.1; +http://www.google.com/bot.html)"
66.249.68.39 - - [15/Mar/2025:13:00:57 +0000] "GET /?pcmypage?callback=/product/detail/89310460 HTTP/1.1" 200 19111 "-" "Mozilla/5.0 (Linux; Android 6.0.1; Nexus 5X Build/MMB29P) AppleWebKit/537.36 (KHTML, like Gecko) Chrome/133.0.6943.141 Mobile Safari/537.36 (compatible; Googlebot/2.1; +http://www.google.com/bot.html)"
66.249.68.4 - - [15/Mar/2025:13:01:16 +0000] "GET /?safe_search/config?return_url=%2Fproduct%2Fdetail%2F36754331 HTTP/1.1" 200 18088 "-" "Mozilla/5.0 (Linux; Android 6.0.1; Nexus 5X Build/MMB29P) AppleWebKit/537.36 (KHTML, like Gecko) Chrome/133.0.6943.141 Mobile Safari/537.36 (compatible; Googlebot/2.1; +http://www.google.com/bot.html)"
66.249.68.5 - - [15/Mar/2025:13:02:20 +0000] "GET /?pcmypage?callback=product%2Fdetail%2F15981181 HTTP/1.1" 200 17820 "-" "Mozilla/5.0 (Linux; Android 6.0.1; Nexus 5X Build/MMB29P) AppleWebKit/537.36 (KHTML, like Gecko) Chrome/133.0.6943.141 Mobile Safari/537.36 (compatible; Googlebot/2.1; +http://www.google.com/bot.html)"
66.249.68.38 - - [15/Mar/2025:13:04:03 +0000] "GET /?product/edit/30870664 HTTP/1.1" 200 18043 "-" "Mozilla/5.0 (Linux; Android 6.0.1; Nexus 5X Build/MMB29P) AppleWebKit/537.36 (KHTML, like Gecko) Chrome/133.0.6943.141 Mobile Safari/537.36 (compatible; Googlebot/2.1; +http://www.google.com/bot.html)"
66.249.68.4 - - [15/Mar/2025:13:04:32 +0000] "GET /?shopdetail/14230594 HTTP/1.1" 200 19051 "-" "Mozilla/5.0 (Linux; Android 6.0.1; Nexus 5X Build/MMB29P) AppleWebKit/537.36 (KHTML, like Gecko) Chrome/133.0.6943.141 Mobile Safari/537.36 (compatible; GoogleOther)"
66.249.68.5 - - [15/Mar/2025:13:05:05 +0000] "GET /?product/edit/66607404 HTTP/1.1" 200 19113 "-" "Mozilla/5.0 (Linux; Android 6.0.1; Nexus 5X Build/MMB29P) AppleWebKit/537.36 (KHTML, like Gecko) Chrome/133.0.6943.141 Mobile Safari/537.36 (compatible; Googlebot/2.1; +http://www.google.com/bot.html)"
66.249.68.5 - - [15/Mar/2025:13:05:57 +0000] "GET /?pcmypage?callback=product%2Fdetail%2F22985021 HTTP/1.1" 200 18508 "-" "Mozilla/5.0 (compatible; Googlebot/2.1; +http://www.google.com/bot.html)"
66.249.68.37 - - [15/Mar/2025:13:07:28 +0000] "GET /?safe_search/config?return_url=%2Fproduct%2Fdetail%2F63874454 HTTP/1.1" 200 18570 "-" "Mozilla/5.0 (Linux; Android 6.0.1; Nexus 5X Build/MMB29P) AppleWebKit/537.36 (KHTML, like Gecko) Chrome/133.0.6943.141 Mobile Safari/537.36 (compatible; Googlebot/2.1; +http://www.google.com/bot.html)"
66.249.68.5 - - [15/Mar/2025:13:08:12 +0000] "GET /?pcmypage?callback=product/review/59458791 HTTP/1.1" 200 18844 "-" "Mozilla/5.0 (Linux; Android 6.0.1; Nexus 5X Build/MMB29P) AppleWebKit/537.36 (KHTML, like Gecko) Chrome/133.0.6943.141 Mobile Safari/537.36 (compatible; GoogleOther)"
66.249.68.37 - - [15/Mar/2025:13:08:41 +0000] "GET /?pcmypage?callback=/product%2Fdetail%2F68318197 HTTP/1.1" 200 17973 "-" "Mozilla/5.0 (Linux; Android 6.0.1; Nexus 5X Build/MMB29P) AppleWebKit/537.36 (KHTML, like Gecko) Chrome/133.0.6943.141 Mobile Safari/537.36 (compatible; Googlebot/2.1; +http://www.google.com/bot.html)"
66.249.68.37 - - [15/Mar/2025:13:08:49 +0000] "GET /?safe_search/config?return_url=/product/detail/19511106 HTTP/1.1" 200 18729 "-" "Mozilla/5.0 (Linux; Android 6.0.1; Nexus 5X Build/MMB29P) AppleWebKit/537.36 (KHTML, like Gecko) Chrome/133.0.6943.141 Mobile Safari/537.36 (compatible; Googlebot/2.1; +http://www.google.com/bot.html)"
66.249.68.5 - - [15/Mar/2025:13:09:20 +0000] "GET /?pcmypage?callback=product/review/48308336 HTTP/1.1" 200 18907 "-" "Mozilla/5.0 (Linux; Android 6.0.1; Nexus 5X Build/MMB29P) AppleWebKit/537.36 (KHTML, like Gecko) Chrome/133.0.6943.141 Mobile Safari/537.36 (compatible; GoogleOther)"
66.249.68.5 - - [15/Mar/2025:13:09:26 +0000] "POST /get-message-notify HTTP/1.1" 200 18692 "https://www.pulsehost.co.uk/?product/edit/10707091" "Mozilla/5.0 (Linux; Android 6.0.1; Nexus 5X Build/MMB29P) AppleWebKit/537.36 (KHTML, like Gecko) Chrome/133.0.6943.141 Mobile Safari/537.36 (compatible; Googlebot/2.1; +http://www.google.com/bot.html)"
54.36.149.19 - - [15/Mar/2025:13:11:34 +0000] "GET /robots.txt HTTP/2" 200 70 "-" "Mozilla/5.0 (compatible; AhrefsBot/7.0; +http://ahrefs.com/robot/)"
54.36.148.133 - - [15/Mar/2025:13:11:35 +0000] "GET /index.php?language=spanish HTTP/2" 403 0 "-" "Mozilla/5.0 (compatible; AhrefsBot/7.0; +http://ahrefs.com/robot/)"
66.249.68.38 - - [15/Mar/2025:13:12:00 +0000] "GET /?safe_search/config?return_url=/product/detail/82867890 HTTP/1.1" 200 18681 "-" "Mozilla/5.0 (Linux; Android 6.0.1; Nexus 5X Build/MMB29P) AppleWebKit/537.36 (KHTML, like Gecko) Chrome/133.0.6943.141 Mobile Safari/537.36 (compatible; Googlebot/2.1; +http://www.google.com/bot.html)"
66.249.68.6 - - [15/Mar/2025:13:12:23 +0000] "GET /?shopdetail/22740727 HTTP/1.1" 200 18225 "-" "Mozilla/5.0 (Linux; Android 6.0.1; Nexus 5X Build/MMB29P) AppleWebKit/537.36 (KHTML, like Gecko) Chrome/133.0.6943.141 Mobile Safari/537.36 (compatible; Googlebot/2.1; +http://www.google.com/bot.html)"
66.249.68.5 - - [15/Mar/2025:13:12:29 +0000] "GET /?safe_search/config?return_url=%2Fproduct%2Fdetail%2F17470968 HTTP/1.1" 200 19842 "-" "Mozilla/5.0 (Linux; Android 6.0.1; Nexus 5X Build/MMB29P) AppleWebKit/537.36 (KHTML, like Gecko) Chrome/133.0.6943.141 Mobile Safari/537.36 (compatible; GoogleOther)"
66.249.68.39 - - [15/Mar/2025:13:13:15 +0000] "GET /?pcmypage?callback=product/detail/50337676 HTTP/1.1" 200 18620 "-" "Mozilla/5.0 (Linux; Android 6.0.1; Nexus 5X Build/MMB29P) AppleWebKit/537.36 (KHTML, like Gecko) Chrome/133.0.6943.141 Mobile Safari/537.36 (compatible; Googlebot/2.1; +http://www.google.com/bot.html)"
66.249.68.37 - - [15/Mar/2025:13:14:41 +0000] "GET /?product/edit/30038099 HTTP/1.1" 200 98 "-" "Mozilla/5.0 (Linux; Android 6.0.1; Nexus 5X Build/MMB29P) AppleWebKit/537.36 (KHTML, like Gecko) Chrome/133.0.6943.141 Mobile Safari/537.36 (compatible; Googlebot/2.1; +http://www.google.com/bot.html)"
66.249.68.5 - - [15/Mar/2025:13:16:37 +0000] "GET /?pcmypage?callback=product%2Fdetail%2F86845603 HTTP/1.1" 200 18424 "-" "Mozilla/5.0 (compatible; Googlebot/2.1; +http://www.google.com/bot.html)"
66.249.68.6 - - [15/Mar/2025:13:17:43 +0000] "GET /?pcmypage?callback=product/review/95113338 HTTP/1.1" 200 17869 "-" "Mozilla/5.0 (Linux; Android 6.0.1; Nexus 5X Build/MMB29P) AppleWebKit/537.36 (KHTML, like Gecko) Chrome/133.0.6943.141 Mobile Safari/537.36 (compatible; GoogleOther)"
66.249.68.39 - - [15/Mar/2025:13:17:59 +0000] "GET /?pcmypage?callback=product/detail/40487509 HTTP/1.1" 200 18779 "-" "Mozilla/5.0 (Linux; Android 6.0.1; Nexus 5X Build/MMB29P) AppleWebKit/537.36 (KHTML, like Gecko) Chrome/133.0.6943.141 Mobile Safari/537.36 (compatible; Googlebot/2.1; +http://www.google.com/bot.html)"
66.249.68.6 - - [15/Mar/2025:13:18:32 +0000] "GET /?shopdetail/20660750 HTTP/1.1" 200 19846 "-" "Mozilla/5.0 (Linux; Android 6.0.1; Nexus 5X Build/MMB29P) AppleWebKit/537.36 (KHTML, like Gecko) Chrome/133.0.6943.141 Mobile Safari/537.36 (compatible; Googlebot/2.1; +http://www.google.com/bot.html)"
66.249.68.39 - - [15/Mar/2025:13:19:01 +0000] "GET /?pcmypage?callback=/product/detail/62078567 HTTP/1.1" 200 19347 "-" "Mozilla/5.0 (Linux; Android 6.0.1; Nexus 5X Build/MMB29P) AppleWebKit/537.36 (KHTML, like Gecko) Chrome/133.0.6943.141 Mobile Safari/537.36 (compatible; Googlebot/2.1; +http://www.google.com/bot.html)"
66.249.68.38 - - [15/Mar/2025:13:09:11 +0000] "GET /?shopdetail/22691450 HTTP/1.1" 200 19129 "-" "Mozilla/5.0 (Linux; Android 6.0.1; Nexus 5X Build/MMB29P) AppleWebKit/537.36 (KHTML, like Gecko) Chrome/133.0.6943.141 Mobile Safari/537.36 (compatible; GoogleOther)"
66.249.68.37 - - [15/Mar/2025:13:09:58 +0000] "GET /?pcmypage?callback=product%2Fdetail%2F46062540 HTTP/1.1" 200 18290 "-" "Mozilla/5.0 (Linux; Android 6.0.1; Nexus 5X Build/MMB29P) AppleWebKit/537.36 (KHTML, like Gecko) Chrome/133.0.6943.141 Mobile Safari/537.36 (compatible; Googlebot/2.1; +http://www.google.com/bot.html)"
66.249.68.6 - - [15/Mar/2025:13:11:00 +0000] "GET /?shopdetail/19780683 HTTP/1.1" 200 17669 "-" "Mozilla/5.0 (Linux; Android 6.0.1; Nexus 5X Build/MMB29P) AppleWebKit/537.36 (KHTML, like Gecko) Chrome/133.0.6943.141 Mobile Safari/537.36 (compatible; Googlebot/2.1; +http://www.google.com/bot.html)"
66.249.68.4 - - [15/Mar/2025:13:11:15 +0000] "GET /?pcmypage?callback=product%2Fdetail%2F79461678 HTTP/1.1" 200 19541 "-" "Mozilla/5.0 (compatible; Googlebot/2.1; +http://www.google.com/bot.html)"
66.249.68.38 - - [15/Mar/2025:13:12:19 +0000] "GET /?pcmypage?callback=/product/detail/75440335 HTTP/1.1" 200 18977 "-" "Mozilla/5.0 (Linux; Android 6.0.1; Nexus 5X Build/MMB29P) AppleWebKit/537.36 (KHTML, like Gecko) Chrome/133.0.6943.141 Mobile Safari/537.36 (compatible; Googlebot/2.1; +http://www.google.com/bot.html)"
66.249.68.6 - - [15/Mar/2025:13:14:11 +0000] "GET /?shopdetail/15852372 HTTP/1.1" 200 18804 "-" "Mozilla/5.0 (Linux; Android 6.0.1; Nexus 5X Build/MMB29P) AppleWebKit/537.36 (KHTML, like Gecko) Chrome/133.0.6943.141 Mobile Safari/537.36 (compatible; Googlebot/2.1; +http://www.google.com/bot.html)"
66.249.68.39 - - [15/Mar/2025:13:14:17 +0000] "GET /?product/edit/55199414 HTTP/1.1" 200 19159 "-" "Mozilla/5.0 (compatible; Googlebot/2.1; +http://www.google.com/bot.html)"
66.249.68.39 - - [15/Mar/2025:13:15:23 +0000] "GET /?product/edit/30331529 HTTP/1.1" 200 18100 "-" "Mozilla/5.0 (Linux; Android 6.0.1; Nexus 5X Build/MMB29P) AppleWebKit/537.36 (KHTML, like Gecko) Chrome/133.0.6943.141 Mobile Safari/537.36 (compatible; Googlebot/2.1; +http://www.google.com/bot.html)"
66.249.68.6 - - [15/Mar/2025:13:16:22 +0000] "POST /get-message-notify HTTP/1.1" 200 18692 "https://www.pulsehost.co.uk/?pcmypage?callback=product/review/59458791" "Mozilla/5.0 (Linux; Android 6.0.1; Nexus 5X Build/MMB29P) AppleWebKit/537.36 (KHTML, like Gecko) Chrome/133.0.6943.141 Mobile Safari/537.36 (compatible; Googlebot/2.1; +http://www.google.com/bot.html)"
66.249.68.38 - - [15/Mar/2025:13:18:01 +0000] "GET /?safe_search/config?return_url=%2Fproduct%2Fdetail%2F62163468 HTTP/1.1" 200 18903 "-" "Mozilla/5.0 (compatible; Googlebot/2.1; +http://www.google.com/bot.html)"
66.249.68.4 - - [15/Mar/2025:13:18:45 +0000] "GET /?shopdetail/5261238 HTTP/1.1" 200 18638 "-" "Mozilla/5.0 (Linux; Android 6.0.1; Nexus 5X Build/MMB29P) AppleWebKit/537.36 (KHTML, like Gecko) Chrome/133.0.6943.141 Mobile Safari/537.36 (compatible; GoogleOther)"
66.249.68.5 - - [15/Mar/2025:13:19:19 +0000] "GET /?safe_search/config?return_url=%2Fproduct%2Fdetail%2F64141424 HTTP/1.1" 200 18065 "-" "Mozilla/5.0 (compatible; Googlebot/2.1; +http://www.google.com/bot.html)"
66.249.68.38 - - [15/Mar/2025:13:19:38 +0000] "POST /get-message-notify HTTP/1.1" 200 18663 "https://pulsehost.co.uk/?pcmypage?callback=product/detail/40487509" "Mozilla/5.0 (Linux; Android 6.0.1; Nexus 5X Build/MMB29P) AppleWebKit/537.36 (KHTML, like Gecko) Chrome/133.0.6943.141 Mobile Safari/537.36 (compatible; Googlebot/2.1; +http://www.google.com/bot.html)"
66.249.68.37 - - [15/Mar/2025:13:19:56 +0000] "GET /?product/edit/56204287 HTTP/1.1" 200 18496 "-" "Mozilla/5.0 (Linux; Android 6.0.1; Nexus 5X Build/MMB29P) AppleWebKit/537.36 (KHTML, like Gecko) Chrome/133.0.6943.141 Mobile Safari/537.36 (compatible; Googlebot/2.1; +http://www.google.com/bot.html)"
66.249.68.38 - - [15/Mar/2025:13:20:07 +0000] "GET /?shopdetail/28967238 HTTP/1.1" 200 18236 "-" "Mozilla/5.0 (compatible; Googlebot/2.1; +http://www.google.com/bot.html)"
66.249.68.39 - - [15/Mar/2025:13:21:24 +0000] "GET /?pcmypage?callback=product/detail/12394460 HTTP/1.1" 200 18509 "-" "Mozilla/5.0 (Linux; Android 6.0.1; Nexus 5X Build/MMB29P) AppleWebKit/537.36 (KHTML, like Gecko) Chrome/133.0.6943.141 Mobile Safari/537.36 (compatible; Googlebot/2.1; +http://www.google.com/bot.html)"
66.249.68.5 - - [15/Mar/2025:13:21:47 +0000] "GET /?pcmypage?callback=product/review/65254157 HTTP/1.1" 200 18685 "-" "Mozilla/5.0 (Linux; Android 6.0.1; Nexus 5X Build/MMB29P) AppleWebKit/537.36 (KHTML, like Gecko) Chrome/133.0.6943.141 Mobile Safari/537.36 (compatible; GoogleOther)"
66.249.68.4 - - [15/Mar/2025:13:22:48 +0000] "GET /?shopdetail/8450949 HTTP/1.1" 200 19054 "-" "Mozilla/5.0 (Linux; Android 6.0.1; Nexus 5X Build/MMB29P) AppleWebKit/537.36 (KHTML, like Gecko) Chrome/133.0.6943.141 Mobile Safari/537.36 (compatible; GoogleOther)"
66.249.68.5 - - [15/Mar/2025:13:24:52 +0000] "POST /get-message-notify HTTP/1.1" 200 18692 "https://www.pulsehost.co.uk/?shopdetail/5261238" "Mozilla/5.0 (Linux; Android 6.0.1; Nexus 5X Build/MMB29P) AppleWebKit/537.36 (KHTML, like Gecko) Chrome/133.0.6943.141 Mobile Safari/537.36 (compatible; Googlebot/2.1; +http://www.google.com/bot.html)"
66.249.68.39 - - [15/Mar/2025:13:25:25 +0000] "GET /?product/edit/73102383 HTTP/1.1" 200 19746 "-" "Mozilla/5.0 (compatible; Googlebot/2.1; +http://www.google.com/bot.html)"
66.249.68.6 - - [15/Mar/2025:13:20:25 +0000] "GET /?safe_search/config?return_url=%2Fproduct%2Fdetail%2F14381422 HTTP/1.1" 200 19169 "-" "Mozilla/5.0 (Linux; Android 6.0.1; Nexus 5X Build/MMB29P) AppleWebKit/537.36 (KHTML, like Gecko) Chrome/133.0.6943.141 Mobile Safari/537.36 (compatible; Googlebot/2.1; +http://www.google.com/bot.html)"
66.249.68.6 - - [15/Mar/2025:13:22:02 +0000] "GET /?shopdetail/21315027 HTTP/1.1" 200 18981 "-" "Mozilla/5.0 (Linux; Android 6.0.1; Nexus 5X Build/MMB29P) AppleWebKit/537.36 (KHTML, like Gecko) Chrome/133.0.6943.141 Mobile Safari/537.36 (compatible; Googlebot/2.1; +http://www.google.com/bot.html)"
66.249.68.5 - - [15/Mar/2025:13:23:58 +0000] "GET /?pcmypage?callback=product%2Fdetail%2F78464333 HTTP/1.1" 200 19231 "-" "Mozilla/5.0 (Linux; Android 6.0.1; Nexus 5X Build/MMB29P) AppleWebKit/537.36 (KHTML, like Gecko) Chrome/133.0.6943.141 Mobile Safari/537.36 (compatible; Googlebot/2.1; +http://www.google.com/bot.html)"
66.249.68.4 - - [15/Mar/2025:13:25:41 +0000] "GET /?product/edit/51094880 HTTP/1.1" 200 19655 "-" "Mozilla/5.0 (Linux; Android 6.0.1; Nexus 5X Build/MMB29P) AppleWebKit/537.36 (KHTML, like Gecko) Chrome/133.0.6943.141 Mobile Safari/537.36 (compatible; Googlebot/2.1; +http://www.google.com/bot.html)"
66.249.68.5 - - [15/Mar/2025:13:25:50 +0000] "GET /?pcmypage?callback=product%2Fdetail%2F66662318 HTTP/1.1" 200 18214 "-" "Mozilla/5.0 (Linux; Android 6.0.1; Nexus 5X Build/MMB29P) AppleWebKit/537.36 (KHTML, like Gecko) Chrome/133.0.6943.141 Mobile Safari/537.36 (compatible; GoogleOther)"
66.249.68.4 - - [15/Mar/2025:13:25:57 +0000] "GET /?safe_search/config?return_url=%2Fproduct%2Fdetail%2F73276015 HTTP/1.1" 200 19216 "-" "Mozilla/5.0 (Linux; Android 6.0.1; Nexus 5X Build/MMB29P) AppleWebKit/537.36 (KHTML, like Gecko) Chrome/133.0.6943.141 Mobile Safari/537.36 (compatible; GoogleOther)"
66.249.68.37 - - [15/Mar/2025:13:26:39 +0000] "GET /?pcmypage?callback=product/review/87414913 HTTP/1.1" 200 18590 "-" "Mozilla/5.0 (compatible; Googlebot/2.1; +http://www.google.com/bot.html)"
66.249.68.6 - - [15/Mar/2025:13:27:16 +0000] "GET /?product/edit/53793388 HTTP/1.1" 200 17798 "-" "Mozilla/5.0 (compatible; Googlebot/2.1; +http://www.google.com/bot.html)"
66.249.68.38 - - [15/Mar/2025:13:27:21 +0000] "GET /?pcmypage?callback=product%2Fdetail%2F97565354 HTTP/1.1" 200 19333 "-" "Mozilla/5.0 (Linux; Android 6.0.1; Nexus 5X Build/MMB29P) AppleWebKit/537.36 (KHTML, like Gecko) Chrome/133.0.6943.141 Mobile Safari/537.36 (compatible; Googlebot/2.1; +http://www.google.com/bot.html)"
66.249.68.37 - - [15/Mar/2025:13:27:58 +0000] "GET /?pcmypage?callback=/product%2Fdetail%2F68885391 HTTP/1.1" 200 19375 "-" "Mozilla/5.0 (compatible; Googlebot/2.1; +http://www.google.com/bot.html)"
66.249.68.38 - - [15/Mar/2025:13:28:25 +0000] "GET /?pcmypage?callback=product/review/57877918 HTTP/1.1" 200 18344 "-" "Mozilla/5.0 (Linux; Android 6.0.1; Nexus 5X Build/MMB29P) AppleWebKit/537.36 (KHTML, like Gecko) Chrome/133.0.6943.141 Mobile Safari/537.36 (compatible; Googlebot/2.1; +http://www.google.com/bot.html)"
66.249.68.37 - - [15/Mar/2025:13:28:43 +0000] "GET /?product/edit/16223378 HTTP/1.1" 200 19690 "-" "Mozilla/5.0 (Linux; Android 6.0.1; Nexus 5X Build/MMB29P) AppleWebKit/537.36 (KHTML, like Gecko) Chrome/133.0.6943.141 Mobile Safari/537.36 (compatible; Googlebot/2.1; +http://www.google.com/bot.html)"
66.249.68.37 - - [15/Mar/2025:13:28:48 +0000] "GET /?pcmypage?callback=product/detail/99063441 HTTP/1.1" 200 19096 "-" "Mozilla/5.0 (Linux; Android 6.0.1; Nexus 5X Build/MMB29P) AppleWebKit/537.36 (KHTML, like Gecko) Chrome/133.0.6943.141 Mobile Safari/537.36 (compatible; Googlebot/2.1; +http://www.google.com/bot.html)"
66.249.79.96 - - [15/Mar/2025:13:30:40 +0000] "GET /?pcmypage?callback=/product%2Fdetail%2F49597711 HTTP/1.1" 200 18290 "-" "Mozilla/5.0 (Linux; Android 6.0.1; Nexus 5X Build/MMB29P) AppleWebKit/537.36 (KHTML, like Gecko) Chrome/133.0.6943.141 Mobile Safari/537.36 (compatible; Googlebot/2.1; +http://www.google.com/bot.html)"
66.249.68.39 - - [15/Mar/2025:13:31:10 +0000] "GET /?product/edit/73328702 HTTP/1.1" 200 20144 "-" "Mozilla/5.0 (Linux; Android 6.0.1; Nexus 5X Build/MMB29P) AppleWebKit/537.36 (KHTML, like Gecko) Chrome/133.0.6943.141 Mobile Safari/537.36 (compatible; Googlebot/2.1; +http://www.google.com/bot.html)"
66.249.79.172 - - [15/Mar/2025:13:31:24 +0000] "GET /?pcmypage?callback=/product/detail/89782069 HTTP/1.1" 200 18615 "-" "Mozilla/5.0 (Linux; Android 6.0.1; Nexus 5X Build/MMB29P) AppleWebKit/537.36 (KHTML, like Gecko) Chrome/133.0.6943.141 Mobile Safari/537.36 (compatible; Googlebot/2.1; +http://www.google.com/bot.html)"
66.249.68.37 - - [15/Mar/2025:13:31:27 +0000] "GET /?pcmypage?callback=product/detail/67742789 HTTP/1.1" 200 18731 "-" "Mozilla/5.0 (Linux; Android 6.0.1; Nexus 5X Build/MMB29P) AppleWebKit/537.36 (KHTML, like Gecko) Chrome/133.0.6943.141 Mobile Safari/537.36 (compatible; Googlebot/2.1; +http://www.google.com/bot.html)"
66.249.68.6 - - [15/Mar/2025:13:32:06 +0000] "GET /?pcmypage?callback=/product%2Fdetail%2F46542353 HTTP/1.1" 200 19106 "-" "Mozilla/5.0 (Linux; Android 6.0.1; Nexus 5X Build/MMB29P) AppleWebKit/537.36 (KHTML, like Gecko) Chrome/133.0.6943.141 Mobile Safari/537.36 (compatible; Googlebot/2.1; +http://www.google.com/bot.html)"
66.249.68.37 - - [15/Mar/2025:13:27:00 +0000] "GET /?shopdetail/31024783 HTTP/1.1" 200 18595 "-" "Mozilla/5.0 (Linux; Android 6.0.1; Nexus 5X Build/MMB29P) AppleWebKit/537.36 (KHTML, like Gecko) Chrome/133.0.6943.141 Mobile Safari/537.36 (compatible; GoogleOther)"
57.128.230.106 - - [15/Mar/2025:13:27:44 +0000] "GET / HTTP/1.1" 200 2399 "http://45.85.88.115:443/" "Mozilla/5.0 (compatible; ModatScanner/1.0; +https://modat.io/)"
66.249.68.39 - - [15/Mar/2025:13:28:17 +0000] "GET /?shopdetail/26857383 HTTP/1.1" 200 19456 "-" "Mozilla/5.0 (Linux; Android 6.0.1; Nexus 5X Build/MMB29P) AppleWebKit/537.36 (KHTML, like Gecko) Chrome/133.0.6943.141 Mobile Safari/537.36 (compatible; Googlebot/2.1; +http://www.google.com/bot.html)"
66.249.68.4 - - [15/Mar/2025:13:30:02 +0000] "GET /?pcmypage?callback=product%2Fdetail%2F10848920 HTTP/1.1" 200 19318 "-" "Mozilla/5.0 (Linux; Android 6.0.1; Nexus 5X Build/MMB29P) AppleWebKit/537.36 (KHTML, like Gecko) Chrome/133.0.6943.141 Mobile Safari/537.36 (compatible; GoogleOther)"
66.249.68.71 - - [15/Mar/2025:13:30:04 +0000] "GET /?pcmypage?callback=product/detail/53423514 HTTP/1.1" 200 18830 "-" "Mozilla/5.0 (Linux; Android 6.0.1; Nexus 5X Build/MMB29P) AppleWebKit/537.36 (KHTML, like Gecko) Chrome/133.0.6943.141 Mobile Safari/537.36 (compatible; Googlebot/2.1; +http://www.google.com/bot.html)"
66.249.68.38 - - [15/Mar/2025:13:30:06 +0000] "GET /?pcmypage?callback=product%2Fdetail%2F28745171 HTTP/1.1" 200 20471 "-" "Mozilla/5.0 (Linux; Android 6.0.1; Nexus 5X Build/MMB29P) AppleWebKit/537.36 (KHTML, like Gecko) Chrome/133.0.6943.141 Mobile Safari/537.36 (compatible; Googlebot/2.1; +http://www.google.com/bot.html)"
66.249.79.5 - - [15/Mar/2025:13:32:04 +0000] "GET /?shopdetail/26306650 HTTP/1.1" 200 18379 "-" "Mozilla/5.0 (Linux; Android 6.0.1; Nexus 5X Build/MMB29P) AppleWebKit/537.36 (KHTML, like Gecko) Chrome/133.0.6943.141 Mobile Safari/537.36 (compatible; GoogleOther)"
66.249.79.203 - - [15/Mar/2025:13:32:12 +0000] "GET /?shopdetail/19374505 HTTP/1.1" 200 19631 "-" "Mozilla/5.0 (Linux; Android 6.0.1; Nexus 5X Build/MMB29P) AppleWebKit/537.36 (KHTML, like Gecko) Chrome/133.0.6943.141 Mobile Safari/537.36 (compatible; GoogleOther)"
66.249.68.37 - - [15/Mar/2025:13:35:01 +0000] "GET /?pcmypage?callback=/product/detail/49352486 HTTP/1.1" 200 19401 "-" "Mozilla/5.0 (Linux; Android 6.0.1; Nexus 5X Build/MMB29P) AppleWebKit/537.36 (KHTML, like Gecko) Chrome/133.0.6943.141 Mobile Safari/537.36 (compatible; Googlebot/2.1; +http://www.google.com/bot.html)"
66.249.79.8 - - [15/Mar/2025:13:36:12 +0000] "GET /?pcmypage?callback=product/review/98505951 HTTP/1.1" 200 19073 "-" "Mozilla/5.0 (compatible; Googlebot/2.1; +http://www.google.com/bot.html)"
66.249.68.38 - - [15/Mar/2025:13:37:10 +0000] "GET /?pcmypage?callback=product/detail/66621741 HTTP/1.1" 200 17894 "-" "Mozilla/5.0 (Linux; Android 6.0.1; Nexus 5X Build/MMB29P) AppleWebKit/537.36 (KHTML, like Gecko) Chrome/133.0.6943.141 Mobile Safari/537.36 (compatible; Googlebot/2.1; +http://www.google.com/bot.html)"
66.249.68.5 - - [15/Mar/2025:13:37:35 +0000] "GET /?pcmypage?callback=/product%2Fdetail%2F91820469 HTTP/1.1" 200 19242 "-" "Mozilla/5.0 (compatible; Googlebot/2.1; +http://www.google.com/bot.html)"
66.249.68.6 - - [15/Mar/2025:13:38:48 +0000] "GET /?pcmypage?callback=product%2Fdetail%2F22914338 HTTP/1.1" 200 18554 "-" "Mozilla/5.0 (Linux; Android 6.0.1; Nexus 5X Build/MMB29P) AppleWebKit/537.36 (KHTML, like Gecko) Chrome/133.0.6943.141 Mobile Safari/537.36 (compatible; Googlebot/2.1; +http://www.google.com/bot.html)"
66.249.79.167 - - [15/Mar/2025:13:40:01 +0000] "GET /?safe_search/config?return_url=/product/detail/94058806 HTTP/1.1" 200 18979 "-" "Mozilla/5.0 (Linux; Android 6.0.1; Nexus 5X Build/MMB29P) AppleWebKit/537.36 (KHTML, like Gecko) Chrome/133.0.6943.141 Mobile Safari/537.36 (compatible; Googlebot/2.1; +http://www.google.com/bot.html)"
66.249.68.5 - - [15/Mar/2025:13:32:10 +0000] "GET /?shopdetail/15268449 HTTP/1.1" 200 19576 "-" "Mozilla/5.0 (Linux; Android 6.0.1; Nexus 5X Build/MMB29P) AppleWebKit/537.36 (KHTML, like Gecko) Chrome/133.0.6943.141 Mobile Safari/537.36 (compatible; Googlebot/2.1; +http://www.google.com/bot.html)"
66.249.68.38 - - [15/Mar/2025:13:33:25 +0000] "GET /?pcmypage?callback=product/detail/17291049 HTTP/1.1" 200 18434 "-" "Mozilla/5.0 (Linux; Android 6.0.1; Nexus 5X Build/MMB29P) AppleWebKit/537.36 (KHTML, like Gecko) Chrome/133.0.6943.141 Mobile Safari/537.36 (compatible; Googlebot/2.1; +http://www.google.com/bot.html)"
66.249.68.6 - - [15/Mar/2025:13:33:55 +0000] "GET /?safe_search/config?return_url=%2Fproduct%2Fdetail%2F78612755 HTTP/1.1" 200 18485 "-" "Mozilla/5.0 (Linux; Android 6.0.1; Nexus 5X Build/MMB29P) AppleWebKit/537.36 (KHTML, like Gecko) Chrome/133.0.6943.141 Mobile Safari/537.36 (compatible; GoogleOther)"
66.249.79.6 - - [15/Mar/2025:13:36:10 +0000] "GET /?safe_search/config?return_url=%2Fproduct%2Fdetail%2F22121145 HTTP/1.1" 200 18904 "-" "Mozilla/5.0 (Linux; Android 6.0.1; Nexus 5X Build/MMB29P) AppleWebKit/537.36 (KHTML, like Gecko) Chrome/133.0.6943.141 Mobile Safari/537.36 (compatible; Googlebot/2.1; +http://www.google.com/bot.html)"
66.249.68.37 - - [15/Mar/2025:13:37:12 +0000] "GET /?shopdetail/5966505 HTTP/1.1" 200 18859 "-" "Mozilla/5.0 (Linux; Android 6.0.1; Nexus 5X Build/MMB29P) AppleWebKit/537.36 (KHTML, like Gecko) Chrome/133.0.6943.141 Mobile Safari/537.36 (compatible; Googlebot/2.1; +http://www.google.com/bot.html)"
66.249.68.5 - - [15/Mar/2025:13:37:18 +0000] "GET /?shopdetail/4374316 HTTP/1.1" 200 18589 "-" "Mozilla/5.0 (Linux; Android 6.0.1; Nexus 5X Build/MMB29P) AppleWebKit/537.36 (KHTML, like Gecko) Chrome/133.0.6943.141 Mobile Safari/537.36 (compatible; Googlebot/2.1; +http://www.google.com/bot.html)"
66.249.68.38 - - [15/Mar/2025:13:37:54 +0000] "GET /?shopdetail/19374505 HTTP/1.1" 200 19631 "-" "Mozilla/5.0 (Linux; Android 6.0.1; Nexus 5X Build/MMB29P) AppleWebKit/537.36 (KHTML, like Gecko) Chrome/133.0.6943.141 Mobile Safari/537.36 (compatible; Googlebot/2.1; +http://www.google.com/bot.html)"
196.251.70.87 - - [15/Mar/2025:13:38:01 +0000] "GET /.git/HEAD HTTP/1.1" 403 1242 "-" "Mozilla/5.0 (Macintosh; Intel Mac OS X 10_13_6) AppleWebKit/537.36 (KHTML, like Gecko) Chrome/74.0.3729.157 Safari/537.36"
66.249.68.4 - - [15/Mar/2025:13:38:53 +0000] "GET /?pcmypage?callback=product%2Fdetail%2F68975775 HTTP/1.1" 200 20405 "-" "Mozilla/5.0 (Linux; Android 6.0.1; Nexus 5X Build/MMB29P) AppleWebKit/537.36 (KHTML, like Gecko) Chrome/133.0.6943.141 Mobile Safari/537.36 (compatible; GoogleOther)"
66.249.68.4 - - [15/Mar/2025:13:39:02 +0000] "GET /?shopdetail/4532261 HTTP/1.1" 200 19488 "-" "Mozilla/5.0 (Linux; Android 6.0.1; Nexus 5X Build/MMB29P) AppleWebKit/537.36 (KHTML, like Gecko) Chrome/133.0.6943.141 Mobile Safari/537.36 (compatible; GoogleOther)"
66.249.68.39 - - [15/Mar/2025:13:40:08 +0000] "GET /?pcmypage?callback=/product%2Fdetail%2F45457002 HTTP/1.1" 200 18507 "-" "Mozilla/5.0 (Linux; Android 6.0.1; Nexus 5X Build/MMB29P) AppleWebKit/537.36 (KHTML, like Gecko) Chrome/133.0.6943.141 Mobile Safari/537.36 (compatible; Googlebot/2.1; +http://www.google.com/bot.html)"
66.249.68.38 - - [15/Mar/2025:13:42:18 +0000] "GET /?pcmypage?callback=/product%2Fdetail%2F26128720 HTTP/1.1" 200 18987 "-" "Mozilla/5.0 (Linux; Android 6.0.1; Nexus 5X Build/MMB29P) AppleWebKit/537.36 (KHTML, like Gecko) Chrome/133.0.6943.141 Mobile Safari/537.36 (compatible; Googlebot/2.1; +http://www.google.com/bot.html)"
66.249.68.38 - - [15/Mar/2025:13:42:03 +0000] "GET /?shopdetail/23724483 HTTP/1.1" 200 18851 "-" "Mozilla/5.0 (Linux; Android 6.0.1; Nexus 5X Build/MMB29P) AppleWebKit/537.36 (KHTML, like Gecko) Chrome/133.0.6943.141 Mobile Safari/537.36 (compatible; GoogleOther)"
66.249.68.6 - - [15/Mar/2025:13:42:29 +0000] "GET /?product/edit/10374485 HTTP/1.1" 200 20168 "-" "Mozilla/5.0 (compatible; Googlebot/2.1; +http://www.google.com/bot.html)"
66.249.68.4 - - [15/Mar/2025:13:42:33 +0000] "GET /?pcmypage?callback=product%2Fdetail%2F17656902 HTTP/1.1" 200 18978 "-" "Mozilla/5.0 (Linux; Android 6.0.1; Nexus 5X Build/MMB29P) AppleWebKit/537.36 (KHTML, like Gecko) Chrome/133.0.6943.141 Mobile Safari/537.36 (compatible; GoogleOther)"
87.250.224.111 - - [15/Mar/2025:13:43:24 +0000] "GET /robots.txt HTTP/1.1" 200 70 "-" "Mozilla/5.0 (compatible; YandexBot/3.0; +http://yandex.com/bots)"
5.255.231.38 - - [15/Mar/2025:13:43:25 +0000] "GET /life-wont-one-beast-air-over-above-all/ HTTP/1.1" 403 0 "-" "Mozilla/5.0 (compatible; YandexBot/3.0; +http://yandex.com/bots)"
66.249.68.6 - - [15/Mar/2025:13:44:01 +0000] "GET /?pcmypage?callback=product/review/15324224 HTTP/1.1" 200 19989 "-" "Mozilla/5.0 (Linux; Android 6.0.1; Nexus 5X Build/MMB29P) AppleWebKit/537.36 (KHTML, like Gecko) Chrome/133.0.6943.141 Mobile Safari/537.36 (compatible; Googlebot/2.1; +http://www.google.com/bot.html)"
66.249.68.6 - - [15/Mar/2025:13:44:02 +0000] "POST /get-message-notify HTTP/1.1" 200 18692 "https://www.pulsehost.co.uk/?shopdetail/26306650" "Mozilla/5.0 (Linux; Android 6.0.1; Nexus 5X Build/MMB29P) AppleWebKit/537.36 (KHTML, like Gecko) Chrome/133.0.6943.141 Mobile Safari/537.36 (compatible; Googlebot/2.1; +http://www.google.com/bot.html)"
66.249.68.37 - - [15/Mar/2025:13:44:09 +0000] "GET /?pcmypage?callback=product/detail/68064573 HTTP/1.1" 200 20269 "-" "Mozilla/5.0 (Linux; Android 6.0.1; Nexus 5X Build/MMB29P) AppleWebKit/537.36 (KHTML, like Gecko) Chrome/133.0.6943.141 Mobile Safari/537.36 (compatible; Googlebot/2.1; +http://www.google.com/bot.html)"
87.107.190.131 - - [15/Mar/2025:13:44:57 +0000] "GET /wp-login.php HTTP/1.1" 200 9223 "-" "Mozilla/5.0 (Windows NT 6.1; rv:17.0) Gecko/20100101 Firefox/20.6.14"
87.107.190.131 - - [15/Mar/2025:13:44:58 +0000] "POST /wp-login.php HTTP/1.1" 200 9605 "https://pulsehost.co.uk/wp-login.php" "Mozilla/5.0 (Windows NT 6.1; rv:17.0) Gecko/20100101 Firefox/20.6.14"
66.249.68.4 - - [15/Mar/2025:13:45:18 +0000] "GET /?shopdetail/3040183 HTTP/1.1" 200 18482 "-" "Mozilla/5.0 (Linux; Android 6.0.1; Nexus 5X Build/MMB29P) AppleWebKit/537.36 (KHTML, like Gecko) Chrome/133.0.6943.141 Mobile Safari/537.36 (compatible; Googlebot/2.1; +http://www.google.com/bot.html)"
167.88.38.49 - - [15/Mar/2025:13:45:37 +0000] "POST /wp-login.php HTTP/1.1" 200 9605 "https://pulsehost.co.uk/wp-login.php" "Mozilla/5.0 (Windows NT 6.1; Win64; x64; rv:25.0) Gecko/20100101 Firefox/29.0"
66.249.79.165 - - [15/Mar/2025:13:47:02 +0000] "POST /get-message-notify HTTP/1.1" 200 18692 "https://www.pulsehost.co.uk/?pcmypage?callback=/product/detail/15286090" "Mozilla/5.0 (Linux; Android 6.0.1; Nexus 5X Build/MMB29P) AppleWebKit/537.36 (KHTML, like Gecko) Chrome/133.0.6943.141 Mobile Safari/537.36 (compatible; Googlebot/2.1; +http://www.google.com/bot.html)"
66.249.79.8 - - [15/Mar/2025:13:48:28 +0000] "GET /?safe_search/config?return_url=/product/detail/14283761 HTTP/1.1" 200 19031 "-" "Mozilla/5.0 (Linux; Android 6.0.1; Nexus 5X Build/MMB29P) AppleWebKit/537.36 (KHTML, like Gecko) Chrome/133.0.6943.141 Mobile Safari/537.36 (compatible; Googlebot/2.1; +http://www.google.com/bot.html)"
66.249.79.197 - - [15/Mar/2025:13:49:01 +0000] "POST /get-message-notify HTTP/1.1" 200 18692 "https://www.pulsehost.co.uk/?pcmypage?callback=/product/detail/11938420" "Mozilla/5.0 (Linux; Android 6.0.1; Nexus 5X Build/MMB29P) AppleWebKit/537.36 (KHTML, like Gecko) Chrome/133.0.6943.141 Mobile Safari/537.36 (compatible; Googlebot/2.1; +http://www.google.com/bot.html)"
66.249.79.167 - - [15/Mar/2025:13:49:04 +0000] "GET /?product/edit/76228272 HTTP/1.1" 200 18884 "-" "Mozilla/5.0 (compatible; Googlebot/2.1; +http://www.google.com/bot.html)"
66.249.68.69 - - [15/Mar/2025:13:42:25 +0000] "GET /?shopdetail/23732894 HTTP/1.1" 200 18917 "-" "Mozilla/5.0 (Linux; Android 6.0.1; Nexus 5X Build/MMB29P) AppleWebKit/537.36 (KHTML, like Gecko) Chrome/133.0.6943.141 Mobile Safari/537.36 (compatible; GoogleOther)"
66.249.68.4 - - [15/Mar/2025:13:42:38 +0000] "GET /?pcmypage?callback=/product%2Fdetail%2F49532105 HTTP/1.1" 200 18846 "-" "Mozilla/5.0 (Linux; Android 6.0.1; Nexus 5X Build/MMB29P) AppleWebKit/537.36 (KHTML, like Gecko) Chrome/133.0.6943.141 Mobile Safari/537.36 (compatible; Googlebot/2.1; +http://www.google.com/bot.html)"
66.249.68.37 - - [15/Mar/2025:13:43:01 +0000] "GET /?product/edit/14520717 HTTP/1.1" 200 17839 "-" "Mozilla/5.0 (Linux; Android 6.0.1; Nexus 5X Build/MMB29P) AppleWebKit/537.36 (KHTML, like Gecko) Chrome/133.0.6943.141 Mobile Safari/537.36 (compatible; Googlebot/2.1; +http://www.google.com/bot.html)"
66.249.68.38 - - [15/Mar/2025:13:44:05 +0000] "GET /?pcmypage?callback=product%2Fdetail%2F70463394 HTTP/1.1" 200 18513 "-" "Mozilla/5.0 (compatible; Googlebot/2.1; +http://www.google.com/bot.html)"
66.249.68.36 - - [15/Mar/2025:13:44:15 +0000] "GET /?shopdetail/16693627 HTTP/1.1" 200 18687 "-" "Mozilla/5.0 (Linux; Android 6.0.1; Nexus 5X Build/MMB29P) AppleWebKit/537.36 (KHTML, like Gecko) Chrome/133.0.6943.141 Mobile Safari/537.36 (compatible; Googlebot/2.1; +http://www.google.com/bot.html)"
45.85.88.115 - - [15/Mar/2025:13:44:58 +0000] "POST /wp-cron.php?doing_wp_cron=1742046298.0358130931854248046875 HTTP/1.1" 200 0 "-" "WordPress/6.7.2; https://pulsehost.co.uk"
66.249.68.37 - - [15/Mar/2025:13:45:27 +0000] "GET /?shopdetail/4570683 HTTP/1.1" 200 17830 "-" "Mozilla/5.0 (compatible; Googlebot/2.1; +http://www.google.com/bot.html)"
167.88.38.49 - - [15/Mar/2025:13:45:36 +0000] "GET /wp-login.php HTTP/1.1" 200 9223 "-" "Mozilla/5.0 (Windows NT 6.1; Win64; x64; rv:25.0) Gecko/20100101 Firefox/29.0"
66.249.68.4 - - [15/Mar/2025:13:46:36 +0000] "GET /?pcmypage?callback=product/review/26742050 HTTP/1.1" 200 18775 "-" "Mozilla/5.0 (compatible; Googlebot/2.1; +http://www.google.com/bot.html)"
66.249.68.4 - - [15/Mar/2025:13:46:47 +0000] "GET /?pcmypage?callback=product/review/17096736 HTTP/1.1" 200 18770 "-" "Mozilla/5.0 (Linux; Android 6.0.1; Nexus 5X Build/MMB29P) AppleWebKit/537.36 (KHTML, like Gecko) Chrome/133.0.6943.141 Mobile Safari/537.36 (compatible; GoogleOther)"
66.249.79.97 - - [15/Mar/2025:13:47:58 +0000] "GET /?shopdetail/18350772 HTTP/1.1" 200 18601 "-" "Mozilla/5.0 (Linux; Android 6.0.1; Nexus 5X Build/MMB29P) AppleWebKit/537.36 (KHTML, like Gecko) Chrome/133.0.6943.141 Mobile Safari/537.36 (compatible; GoogleOther)"
66.249.79.96 - - [15/Mar/2025:13:48:31 +0000] "GET /?pcmypage?callback=/product%2Fdetail%2F41079599 HTTP/1.1" 200 18430 "-" "Mozilla/5.0 (Linux; Android 6.0.1; Nexus 5X Build/MMB29P) AppleWebKit/537.36 (KHTML, like Gecko) Chrome/133.0.6943.141 Mobile Safari/537.36 (compatible; Googlebot/2.1; +http://www.google.com/bot.html)"
66.249.68.70 - - [15/Mar/2025:13:50:04 +0000] "GET /?pcmypage?callback=/product/detail/32571686 HTTP/1.1" 200 18286 "-" "Mozilla/5.0 (Linux; Android 6.0.1; Nexus 5X Build/MMB29P) AppleWebKit/537.36 (KHTML, like Gecko) Chrome/133.0.6943.141 Mobile Safari/537.36 (compatible; Googlebot/2.1; +http://www.google.com/bot.html)"
66.249.79.97 - - [15/Mar/2025:13:50:34 +0000] "GET /?pcmypage?callback=/product%2Fdetail%2F34353908 HTTP/1.1" 200 19264 "-" "Mozilla/5.0 (compatible; Googlebot/2.1; +http://www.google.com/bot.html)"
66.249.79.165 - - [15/Mar/2025:13:51:04 +0000] "GET /?pcmypage?callback=product%2Fdetail%2F62795941 HTTP/1.1" 200 18593 "-" "Mozilla/5.0 (Linux; Android 6.0.1; Nexus 5X Build/MMB29P) AppleWebKit/537.36 (KHTML, like Gecko) Chrome/133.0.6943.141 Mobile Safari/537.36 (compatible; GoogleOther)"
66.249.79.97 - - [15/Mar/2025:13:51:13 +0000] "POST /get-message-notify HTTP/1.1" 200 18692 "https://www.pulsehost.co.uk/?shopdetail/6104138" "Mozilla/5.0 (Linux; Android 6.0.1; Nexus 5X Build/MMB29P) AppleWebKit/537.36 (KHTML, like Gecko) Chrome/133.0.6943.141 Mobile Safari/537.36 (compatible; Googlebot/2.1; +http://www.google.com/bot.html)"
66.249.68.4 - - [15/Mar/2025:13:53:05 +0000] "GET /?safe_search/config?return_url=%2Fproduct%2Fdetail%2F18348827 HTTP/1.1" 200 19211 "-" "Mozilla/5.0 (Linux; Android 6.0.1; Nexus 5X Build/MMB29P) AppleWebKit/537.36 (KHTML, like Gecko) Chrome/133.0.6943.141 Mobile Safari/537.36 (compatible; Googlebot/2.1; +http://www.google.com/bot.html)"
66.249.68.7 - - [15/Mar/2025:13:54:18 +0000] "GET /?safe_search/config?return_url=%2Fproduct%2Fdetail%2F32815859 HTTP/1.1" 200 18414 "-" "Mozilla/5.0 (Linux; Android 6.0.1; Nexus 5X Build/MMB29P) AppleWebKit/537.36 (KHTML, like Gecko) Chrome/133.0.6943.141 Mobile Safari/537.36 (compatible; Googlebot/2.1; +http://www.google.com/bot.html)"
66.249.68.6 - - [15/Mar/2025:13:54:20 +0000] "GET /?safe_search/config?return_url=%2Fproduct%2Fdetail%2F32815859 HTTP/1.1" 200 18414 "-" "Mozilla/5.0 (compatible; Googlebot/2.1; +http://www.google.com/bot.html)"
93.107.1.136 - - [15/Mar/2025:13:54:35 +0000] "GET /wp-login.php HTTP/1.1" 200 9223 "-" "Mozilla/5.0 (Windows NT 10.0; Win64; x64) AppleWebKit/537.36 (KHTML, like Gecko) Chrome/88.0.4324.104 Safari/537.36"
93.107.1.136 - - [15/Mar/2025:13:54:35 +0000] "POST /wp-login.php HTTP/1.1" 200 9605 "https://mail.pulsehost.co.uk/wp-login.php" "Mozilla/5.0 (Windows NT 10.0; Win64; x64) AppleWebKit/537.36 (KHTML, like Gecko) Chrome/88.0.4324.104 Safari/537.36"
196.251.81.239 - - [15/Mar/2025:13:54:47 +0000] "GET /.env HTTP/1.1" 200 2399 "-" "Mozilla/5.0 (Windows NT 6.3; WOW64) AppleWebKit/537.36 (KHTML, like Gecko) Chrome/44.0.2403.107 Safari/537.36"
141.94.87.67 - - [15/Mar/2025:13:54:55 +0000] "POST /wp-login.php HTTP/1.1" 200 9605 "https://mail.pulsehost.co.uk/wp-login.php" "Mozilla/5.0 (Macintosh; Intel Mac OS X 11_4) AppleWebKit/537.36 (KHTML, like Gecko) Chrome/91.0.4472.114 Safari/537.36"
165.22.13.71 - - [15/Mar/2025:13:54:57 +0000] "POST /wp-login.php HTTP/1.1" 200 9605 "https://mail.pulsehost.co.uk/wp-login.php" "Mozilla/5.0 (Windows NT 10.0; Win64; x64) AppleWebKit/537.36 (KHTML, like Gecko) Chrome/89.0.4389.90 Safari/537.36"
20.237.29.81 - - [15/Mar/2025:13:55:03 +0000] "GET /wp-login.php HTTP/1.1" 200 9223 "-" "Mozilla/5.0 (Windows NT 6.1; WOW64) AppleWebKit/537.1 (KHTML, like Gecko) Chrome/21.0.1180.83 Safari/537.1"
85.214.81.164 - - [15/Mar/2025:13:55:04 +0000] "GET /wp-login.php HTTP/1.1" 200 9223 "-" "Mozilla/5.0 (Windows NT 6.2; Win64; x64) AppleWebKit/537.36 (KHTML, like Gecko) Chrome/60.0.3112.90 Safari/537.36"
20.237.29.81 - - [15/Mar/2025:13:55:04 +0000] "POST /wp-login.php HTTP/1.1" 200 9605 "https://mail.pulsehost.co.uk/wp-login.php" "Mozilla/5.0 (Windows NT 6.1; WOW64) AppleWebKit/537.1 (KHTML, like Gecko) Chrome/21.0.1180.83 Safari/537.1"
85.214.81.164 - - [15/Mar/2025:13:55:04 +0000] "POST /wp-login.php HTTP/1.1" 200 9605 "https://mail.pulsehost.co.uk/wp-login.php" "Mozilla/5.0 (Windows NT 6.2; Win64; x64) AppleWebKit/537.36 (KHTML, like Gecko) Chrome/60.0.3112.90 Safari/537.36"
66.249.79.198 - - [15/Mar/2025:13:55:21 +0000] "GET /?pcmypage?callback=product%2Fdetail%2F65589429 HTTP/1.1" 200 19594 "-" "Mozilla/5.0 (Linux; Android 6.0.1; Nexus 5X Build/MMB29P) AppleWebKit/537.36 (KHTML, like Gecko) Chrome/133.0.6943.141 Mobile Safari/537.36 (compatible; GoogleOther)"
66.249.68.35 - - [15/Mar/2025:13:55:25 +0000] "GET /?shopdetail/19978672 HTTP/1.1" 200 18454 "-" "Mozilla/5.0 (Linux; Android 6.0.1; Nexus 5X Build/MMB29P) AppleWebKit/537.36 (KHTML, like Gecko) Chrome/133.0.6943.141 Mobile Safari/537.36 (compatible; Googlebot/2.1; +http://www.google.com/bot.html)"
66.249.79.96 - - [15/Mar/2025:13:50:40 +0000] "POST /get-message-notify HTTP/1.1" 200 18663 "https://pulsehost.co.uk/?pcmypage?callback=/product/detail/82973228" "Mozilla/5.0 (Linux; Android 6.0.1; Nexus 5X Build/MMB29P) AppleWebKit/537.36 (KHTML, like Gecko) Chrome/133.0.6943.141 Mobile Safari/537.36 (compatible; Googlebot/2.1; +http://www.google.com/bot.html)"
66.249.79.6 - - [15/Mar/2025:13:50:48 +0000] "GET /?pcmypage?callback=product/detail/91867315 HTTP/1.1" 200 19135 "-" "Mozilla/5.0 (Linux; Android 6.0.1; Nexus 5X Build/MMB29P) AppleWebKit/537.36 (KHTML, like Gecko) Chrome/133.0.6943.141 Mobile Safari/537.36 (compatible; Googlebot/2.1; +http://www.google.com/bot.html)"
66.249.79.6 - - [15/Mar/2025:13:50:51 +0000] "GET /?shopdetail/30761072 HTTP/1.1" 200 19470 "-" "Mozilla/5.0 (Linux; Android 6.0.1; Nexus 5X Build/MMB29P) AppleWebKit/537.36 (KHTML, like Gecko) Chrome/133.0.6943.141 Mobile Safari/537.36 (compatible; Googlebot/2.1; +http://www.google.com/bot.html)"
66.249.79.197 - - [15/Mar/2025:13:53:14 +0000] "POST /get-message-notify HTTP/1.1" 200 18692 "https://www.pulsehost.co.uk/?pcmypage?callback=product/detail/22588044" "Mozilla/5.0 (Linux; Android 6.0.1; Nexus 5X Build/MMB29P) AppleWebKit/537.36 (KHTML, like Gecko) Chrome/133.0.6943.141 Mobile Safari/537.36 (compatible; Googlebot/2.1; +http://www.google.com/bot.html)"
66.249.68.5 - - [15/Mar/2025:13:54:30 +0000] "GET /?shopdetail/12032094 HTTP/1.1" 200 19379 "-" "Mozilla/5.0 (Linux; Android 6.0.1; Nexus 5X Build/MMB29P) AppleWebKit/537.36 (KHTML, like Gecko) Chrome/133.0.6943.141 Mobile Safari/537.36 (compatible; GoogleOther)"
173.212.234.196 - - [15/Mar/2025:13:54:39 +0000] "GET /wp-login.php HTTP/1.1" 200 9223 "-" "Mozilla/5.0 (Windows NT 10.0; Win64; x64) AppleWebKit/537.36 (KHTML, like Gecko) Chrome/68.0.3440.106 Safari/537.36"
173.212.234.196 - - [15/Mar/2025:13:54:40 +0000] "POST /wp-login.php HTTP/1.1" 200 9605 "https://mail.pulsehost.co.uk/wp-login.php" "Mozilla/5.0 (Windows NT 10.0; Win64; x64) AppleWebKit/537.36 (KHTML, like Gecko) Chrome/68.0.3440.106 Safari/537.36"
167.99.90.71 - - [15/Mar/2025:13:54:53 +0000] "GET /wp-login.php HTTP/1.1" 200 9223 "-" "Mozilla/5.0 (Windows NT 10.0; Win64; x64) AppleWebKit/537.36 (KHTML, like Gecko) Chrome/85.0.4183.121 Safari/537.36"
167.99.90.71 - - [15/Mar/2025:13:54:54 +0000] "POST /wp-login.php HTTP/1.1" 200 9605 "https://mail.pulsehost.co.uk/wp-login.php" "Mozilla/5.0 (Windows NT 10.0; Win64; x64) AppleWebKit/537.36 (KHTML, like Gecko) Chrome/85.0.4183.121 Safari/537.36"
141.94.87.67 - - [15/Mar/2025:13:54:55 +0000] "GET /wp-login.php HTTP/1.1" 200 9223 "-" "Mozilla/5.0 (Macintosh; Intel Mac OS X 11_4) AppleWebKit/537.36 (KHTML, like Gecko) Chrome/91.0.4472.114 Safari/537.36"
165.22.13.71 - - [15/Mar/2025:13:54:57 +0000] "GET /wp-login.php HTTP/1.1" 200 9223 "-" "Mozilla/5.0 (Windows NT 10.0; Win64; x64) AppleWebKit/537.36 (KHTML, like Gecko) Chrome/89.0.4389.90 Safari/537.36"
158.180.238.53 - - [15/Mar/2025:13:54:59 +0000] "GET /wp-login.php HTTP/1.1" 200 9223 "-" "Mozilla/5.0 (Windows NT 10.0; Win64; x64) AppleWebKit/537.36 (KHTML, like Gecko) Chrome/69.0.3497.100 Safari/537.36"
158.180.238.53 - - [15/Mar/2025:13:54:59 +0000] "POST /wp-login.php HTTP/1.1" 200 9605 "https://mail.pulsehost.co.uk/wp-login.php" "Mozilla/5.0 (Windows NT 10.0; Win64; x64) AppleWebKit/537.36 (KHTML, like Gecko) Chrome/69.0.3497.100 Safari/537.36"
66.249.68.67 - - [15/Mar/2025:13:56:17 +0000] "GET /?safe_search/config?return_url=%2Fproduct%2Fdetail%2F31454462 HTTP/1.1" 200 18846 "-" "Mozilla/5.0 (compatible; Googlebot/2.1; +http://www.google.com/bot.html)"
198.235.24.17 - - [15/Mar/2025:13:58:18 +0000] "GET /?redirected=1 HTTP/1.1" 200 7860 "http://45.85.88.115:80/" "-"
5.255.231.171 - - [15/Mar/2025:13:58:24 +0000] "GET /order/ HTTP/1.1" 403 0 "-" "Mozilla/5.0 (compatible; YandexBot/3.0; +http://yandex.com/bots)"
66.249.68.67 - - [15/Mar/2025:13:55:55 +0000] "POST /get-message-notify HTTP/1.1" 200 18692 "https://www.pulsehost.co.uk/?safe_search/config?return_url=/product/detail/88956645" "Mozilla/5.0 (Linux; Android 6.0.1; Nexus 5X Build/MMB29P) AppleWebKit/537.36 (KHTML, like Gecko) Chrome/133.0.6943.141 Mobile Safari/537.36 (compatible; Googlebot/2.1; +http://www.google.com/bot.html)"
66.249.68.6 - - [15/Mar/2025:13:56:11 +0000] "POST /get-message-notify HTTP/1.1" 200 18692 "https://www.pulsehost.co.uk/?pcmypage?callback=product/detail/59585739" "Mozilla/5.0 (Linux; Android 6.0.1; Nexus 5X Build/MMB29P) AppleWebKit/537.36 (KHTML, like Gecko) Chrome/133.0.6943.141 Mobile Safari/537.36 (compatible; Googlebot/2.1; +http://www.google.com/bot.html)"
