芝麻web文件管理V1.00
编辑当前文件:/home/pulsehostuk9/access-logs/pulsehost.co.uk-ssl_log
66.249.68.4 - - [15/Mar/2025:12:01:52 +0000] "GET /?pcmypage?callback=product/detail/51585547 HTTP/1.1" 200 18843 "-" "Mozilla/5.0 (Linux; Android 6.0.1; Nexus 5X Build/MMB29P) AppleWebKit/537.36 (KHTML, like Gecko) Chrome/133.0.6943.141 Mobile Safari/537.36 (compatible; Googlebot/2.1; +http://www.google.com/bot.html)"
193.203.10.234 - - [15/Mar/2025:12:02:24 +0000] "GET /webmail HTTP/1.1" 301 0 "-" "Mozilla/5.0 (Windows NT 10.0; Win64; x64) AppleWebKit/537.36 (KHTML, like Gecko) Chrome/90.0.4430.212 Safari/537.36 OPR/76.0.4017.177"
66.249.68.5 - - [15/Mar/2025:12:02:53 +0000] "GET /?safe_search/config?return_url=/product/detail/20747223 HTTP/1.1" 200 17948 "-" "Mozilla/5.0 (Linux; Android 6.0.1; Nexus 5X Build/MMB29P) AppleWebKit/537.36 (KHTML, like Gecko) Chrome/133.0.6943.141 Mobile Safari/537.36 (compatible; Googlebot/2.1; +http://www.google.com/bot.html)"
66.249.68.38 - - [15/Mar/2025:12:02:58 +0000] "GET /robots.txt HTTP/1.1" 200 70 "-" "Mozilla/5.0 (compatible; Googlebot/2.1; +http://www.google.com/bot.html)"
66.249.68.38 - - [15/Mar/2025:12:03:22 +0000] "GET /?shopdetail/25715805 HTTP/1.1" 200 19099 "-" "Mozilla/5.0 (Linux; Android 6.0.1; Nexus 5X Build/MMB29P) AppleWebKit/537.36 (KHTML, like Gecko) Chrome/133.0.6943.141 Mobile Safari/537.36 (compatible; Googlebot/2.1; +http://www.google.com/bot.html)"
66.249.68.4 - - [15/Mar/2025:12:03:32 +0000] "GET /?product/edit/55682941 HTTP/1.1" 200 18324 "-" "Mozilla/5.0 (compatible; Googlebot/2.1; +http://www.google.com/bot.html)"
66.249.68.37 - - [15/Mar/2025:12:03:41 +0000] "GET /?pcmypage?callback=/product%2Fdetail%2F83743112 HTTP/1.1" 200 18223 "-" "Mozilla/5.0 (compatible; Googlebot/2.1; +http://www.google.com/bot.html)"
66.249.68.4 - - [15/Mar/2025:12:05:00 +0000] "GET /?shopdetail/29381605 HTTP/1.1" 200 18532 "-" "Mozilla/5.0 (Linux; Android 6.0.1; Nexus 5X Build/MMB29P) AppleWebKit/537.36 (KHTML, like Gecko) Chrome/133.0.6943.141 Mobile Safari/537.36 (compatible; Googlebot/2.1; +http://www.google.com/bot.html)"
66.249.68.39 - - [15/Mar/2025:12:06:10 +0000] "GET /?pcmypage?callback=product/detail/98420721 HTTP/1.1" 200 18432 "-" "Mozilla/5.0 (Linux; Android 6.0.1; Nexus 5X Build/MMB29P) AppleWebKit/537.36 (KHTML, like Gecko) Chrome/133.0.6943.141 Mobile Safari/537.36 (compatible; Googlebot/2.1; +http://www.google.com/bot.html)"
66.249.68.38 - - [15/Mar/2025:12:06:18 +0000] "GET /robots.txt HTTP/1.1" 200 70 "-" "Mozilla/5.0 (compatible; Googlebot/2.1; +http://www.google.com/bot.html)"
66.249.68.37 - - [15/Mar/2025:12:06:18 +0000] "GET /?pcmypage?callback=product/detail/75112157 HTTP/1.1" 200 18832 "-" "Mozilla/5.0 (Linux; Android 6.0.1; Nexus 5X Build/MMB29P) AppleWebKit/537.36 (KHTML, like Gecko) Chrome/133.0.6943.141 Mobile Safari/537.36 (compatible; Googlebot/2.1; +http://www.google.com/bot.html)"
66.249.68.38 - - [15/Mar/2025:12:06:21 +0000] "GET /?pcmypage?callback=/product/detail/90688454 HTTP/1.1" 200 20748 "-" "Mozilla/5.0 (Linux; Android 6.0.1; Nexus 5X Build/MMB29P) AppleWebKit/537.36 (KHTML, like Gecko) Chrome/133.0.6943.141 Mobile Safari/537.36 (compatible; Googlebot/2.1; +http://www.google.com/bot.html)"
66.249.68.37 - - [15/Mar/2025:12:06:23 +0000] "GET /?shopdetail/30478138 HTTP/1.1" 200 18804 "-" "Mozilla/5.0 (compatible; Googlebot/2.1; +http://www.google.com/bot.html)"
66.249.68.37 - - [15/Mar/2025:12:07:23 +0000] "GET /robots.txt HTTP/1.1" 200 70 "-" "Mozilla/5.0 (compatible; Googlebot/2.1; +http://www.google.com/bot.html)"
66.249.68.37 - - [15/Mar/2025:12:07:23 +0000] "GET /?safe_search/config?return_url=/product/detail/43010363 HTTP/1.1" 200 19086 "-" "Mozilla/5.0 (Linux; Android 6.0.1; Nexus 5X Build/MMB29P) AppleWebKit/537.36 (KHTML, like Gecko) Chrome/133.0.6943.141 Mobile Safari/537.36 (compatible; Googlebot/2.1; +http://www.google.com/bot.html)"
193.203.10.234 - - [15/Mar/2025:12:02:27 +0000] "POST /login/?login_only=1 HTTP/1.1" 500 1216 "https://pulsehost.co.uk/webmail" "Mozilla/5.0 (Windows NT 10.0; Win64; x64) AppleWebKit/537.36 (KHTML, like Gecko) Chrome/90.0.4430.212 Safari/537.36 OPR/76.0.4017.177"
66.249.68.4 - - [15/Mar/2025:12:02:43 +0000] "GET /?pcmypage?callback=product%2Fdetail%2F31785223 HTTP/1.1" 200 17935 "-" "Mozilla/5.0 (Linux; Android 6.0.1; Nexus 5X Build/MMB29P) AppleWebKit/537.36 (KHTML, like Gecko) Chrome/133.0.6943.141 Mobile Safari/537.36 (compatible; GoogleOther)"
66.249.68.37 - - [15/Mar/2025:12:02:58 +0000] "GET /?product/edit/77827762 HTTP/1.1" 200 18061 "-" "Mozilla/5.0 (Linux; Android 6.0.1; Nexus 5X Build/MMB29P) AppleWebKit/537.36 (KHTML, like Gecko) Chrome/133.0.6943.141 Mobile Safari/537.36 (compatible; Googlebot/2.1; +http://www.google.com/bot.html)"
66.249.68.38 - - [15/Mar/2025:12:03:14 +0000] "GET /?pcmypage?callback=/product%2Fdetail%2F16313307 HTTP/1.1" 200 18876 "-" "Mozilla/5.0 (Linux; Android 6.0.1; Nexus 5X Build/MMB29P) AppleWebKit/537.36 (KHTML, like Gecko) Chrome/133.0.6943.141 Mobile Safari/537.36 (compatible; Googlebot/2.1; +http://www.google.com/bot.html)"
66.249.68.5 - - [15/Mar/2025:12:03:55 +0000] "GET /?product/edit/80146975 HTTP/1.1" 200 19781 "-" "Mozilla/5.0 (Linux; Android 6.0.1; Nexus 5X Build/MMB29P) AppleWebKit/537.36 (KHTML, like Gecko) Chrome/133.0.6943.141 Mobile Safari/537.36 (compatible; GoogleOther)"
66.249.68.38 - - [15/Mar/2025:12:04:03 +0000] "GET /robots.txt HTTP/1.1" 200 70 "-" "Mozilla/5.0 (compatible; Googlebot/2.1; +http://www.google.com/bot.html)"
66.249.68.38 - - [15/Mar/2025:12:04:03 +0000] "GET /?pcmypage?callback=product/review/35201229 HTTP/1.1" 200 20247 "-" "Mozilla/5.0 (Linux; Android 6.0.1; Nexus 5X Build/MMB29P) AppleWebKit/537.36 (KHTML, like Gecko) Chrome/133.0.6943.141 Mobile Safari/537.36 (compatible; Googlebot/2.1; +http://www.google.com/bot.html)"
66.249.68.38 - - [15/Mar/2025:12:05:02 +0000] "GET /?shopdetail/23438572 HTTP/1.1" 200 19901 "-" "Mozilla/5.0 (Linux; Android 6.0.1; Nexus 5X Build/MMB29P) AppleWebKit/537.36 (KHTML, like Gecko) Chrome/133.0.6943.141 Mobile Safari/537.36 (compatible; GoogleOther)"
66.249.68.37 - - [15/Mar/2025:12:05:14 +0000] "GET /robots.txt HTTP/1.1" 200 70 "-" "Mozilla/5.0 (compatible; Googlebot/2.1; +http://www.google.com/bot.html)"
66.249.68.38 - - [15/Mar/2025:12:05:14 +0000] "GET /?shopdetail/6781061 HTTP/1.1" 200 19083 "-" "Mozilla/5.0 (Linux; Android 6.0.1; Nexus 5X Build/MMB29P) AppleWebKit/537.36 (KHTML, like Gecko) Chrome/133.0.6943.141 Mobile Safari/537.36 (compatible; Googlebot/2.1; +http://www.google.com/bot.html)"
66.249.68.37 - - [15/Mar/2025:12:05:15 +0000] "GET /?pcmypage?callback=/product/detail/68544943 HTTP/1.1" 200 18810 "-" "Mozilla/5.0 (Linux; Android 6.0.1; Nexus 5X Build/MMB29P) AppleWebKit/537.36 (KHTML, like Gecko) Chrome/133.0.6943.141 Mobile Safari/537.36 (compatible; Googlebot/2.1; +http://www.google.com/bot.html)"
66.249.68.4 - - [15/Mar/2025:12:05:57 +0000] "GET /?pcmypage?callback=product/review/45968958 HTTP/1.1" 200 18574 "-" "Mozilla/5.0 (Linux; Android 6.0.1; Nexus 5X Build/MMB29P) AppleWebKit/537.36 (KHTML, like Gecko) Chrome/133.0.6943.141 Mobile Safari/537.36 (compatible; GoogleOther)"
66.249.68.39 - - [15/Mar/2025:12:07:04 +0000] "GET /?shopdetail/28185516 HTTP/1.1" 200 18153 "-" "Mozilla/5.0 (compatible; Googlebot/2.1; +http://www.google.com/bot.html)"
66.249.68.6 - - [15/Mar/2025:12:08:59 +0000] "GET /?shopdetail/16487972 HTTP/1.1" 200 18724 "-" "Mozilla/5.0 (Linux; Android 6.0.1; Nexus 5X Build/MMB29P) AppleWebKit/537.36 (KHTML, like Gecko) Chrome/133.0.6943.141 Mobile Safari/537.36 (compatible; Googlebot/2.1; +http://www.google.com/bot.html)"
66.249.68.5 - - [15/Mar/2025:12:11:15 +0000] "GET /?pcmypage?callback=product/review/79596820 HTTP/1.1" 200 19189 "-" "Mozilla/5.0 (Linux; Android 6.0.1; Nexus 5X Build/MMB29P) AppleWebKit/537.36 (KHTML, like Gecko) Chrome/133.0.6943.141 Mobile Safari/537.36 (compatible; Googlebot/2.1; +http://www.google.com/bot.html)"
66.249.68.37 - - [15/Mar/2025:12:07:46 +0000] "GET /?pcmypage?callback=/product/detail/93694637 HTTP/1.1" 200 20139 "-" "Mozilla/5.0 (Linux; Android 6.0.1; Nexus 5X Build/MMB29P) AppleWebKit/537.36 (KHTML, like Gecko) Chrome/133.0.6943.141 Mobile Safari/537.36 (compatible; Googlebot/2.1; +http://www.google.com/bot.html)"
66.249.68.37 - - [15/Mar/2025:12:07:48 +0000] "GET /?shopdetail/29835561 HTTP/1.1" 200 17876 "-" "Mozilla/5.0 (Linux; Android 6.0.1; Nexus 5X Build/MMB29P) AppleWebKit/537.36 (KHTML, like Gecko) Chrome/133.0.6943.141 Mobile Safari/537.36 (compatible; Googlebot/2.1; +http://www.google.com/bot.html)"
66.249.68.39 - - [15/Mar/2025:12:08:23 +0000] "GET /?pcmypage?callback=product%2Fdetail%2F69586565 HTTP/1.1" 200 18195 "-" "Mozilla/5.0 (Linux; Android 6.0.1; Nexus 5X Build/MMB29P) AppleWebKit/537.36 (KHTML, like Gecko) Chrome/133.0.6943.141 Mobile Safari/537.36 (compatible; Googlebot/2.1; +http://www.google.com/bot.html)"
66.249.68.37 - - [15/Mar/2025:12:08:57 +0000] "GET /robots.txt HTTP/1.1" 200 70 "-" "Mozilla/5.0 (compatible; Googlebot/2.1; +http://www.google.com/bot.html)"
66.249.68.37 - - [15/Mar/2025:12:08:57 +0000] "GET /?pcmypage?callback=product/detail/24504619 HTTP/1.1" 200 19232 "-" "Mozilla/5.0 (Linux; Android 6.0.1; Nexus 5X Build/MMB29P) AppleWebKit/537.36 (KHTML, like Gecko) Chrome/133.0.6943.141 Mobile Safari/537.36 (compatible; Googlebot/2.1; +http://www.google.com/bot.html)"
66.249.68.5 - - [15/Mar/2025:12:09:11 +0000] "GET /?zhHant/product/surugaya/42079290?campaign_uid=f64d716db5e979ed2f947dbaf4296895b951ae7f HTTP/1.1" 200 18005 "-" "Mozilla/5.0 (Linux; Android 6.0.1; Nexus 5X Build/MMB29P) AppleWebKit/537.36 (KHTML, like Gecko) Chrome/133.0.6943.141 Mobile Safari/537.36 (compatible; GoogleOther)"
66.249.68.4 - - [15/Mar/2025:12:09:49 +0000] "GET /?pcmypage?callback=/product%2Fdetail%2F35785105 HTTP/1.1" 200 17976 "-" "Mozilla/5.0 (compatible; Googlebot/2.1; +http://www.google.com/bot.html)"
66.249.68.38 - - [15/Mar/2025:12:10:14 +0000] "GET /robots.txt HTTP/1.1" 200 70 "-" "Mozilla/5.0 (compatible; Googlebot/2.1; +http://www.google.com/bot.html)"
66.249.68.38 - - [15/Mar/2025:12:10:14 +0000] "GET /?safe_search/config?return_url=%2Fproduct%2Fdetail%2F15720567 HTTP/1.1" 200 18301 "-" "Mozilla/5.0 (Linux; Android 6.0.1; Nexus 5X Build/MMB29P) AppleWebKit/537.36 (KHTML, like Gecko) Chrome/133.0.6943.141 Mobile Safari/537.36 (compatible; Googlebot/2.1; +http://www.google.com/bot.html)"
66.249.68.38 - - [15/Mar/2025:12:10:24 +0000] "GET /?pcmypage?callback=product/detail/51884125 HTTP/1.1" 200 18055 "-" "Mozilla/5.0 (Linux; Android 6.0.1; Nexus 5X Build/MMB29P) AppleWebKit/537.36 (KHTML, like Gecko) Chrome/133.0.6943.141 Mobile Safari/537.36 (compatible; Googlebot/2.1; +http://www.google.com/bot.html)"
66.249.68.37 - - [15/Mar/2025:12:10:48 +0000] "GET /?pcmypage?callback=product/detail/79706221 HTTP/1.1" 200 18334 "-" "Mozilla/5.0 (Linux; Android 6.0.1; Nexus 5X Build/MMB29P) AppleWebKit/537.36 (KHTML, like Gecko) Chrome/133.0.6943.141 Mobile Safari/537.36 (compatible; Googlebot/2.1; +http://www.google.com/bot.html)"
66.249.68.37 - - [15/Mar/2025:12:11:28 +0000] "GET /robots.txt HTTP/1.1" 200 70 "-" "Mozilla/5.0 (compatible; Googlebot/2.1; +http://www.google.com/bot.html)"
66.249.68.37 - - [15/Mar/2025:12:11:28 +0000] "GET /?safe_search/config?return_url=%2Fproduct%2Fdetail%2F55838825 HTTP/1.1" 200 19997 "-" "Mozilla/5.0 (Linux; Android 6.0.1; Nexus 5X Build/MMB29P) AppleWebKit/537.36 (KHTML, like Gecko) Chrome/133.0.6943.141 Mobile Safari/537.36 (compatible; Googlebot/2.1; +http://www.google.com/bot.html)"
66.249.68.4 - - [15/Mar/2025:12:11:49 +0000] "GET /?pcmypage?callback=/product%2Fdetail%2F37388776 HTTP/1.1" 200 19381 "-" "Mozilla/5.0 (Linux; Android 6.0.1; Nexus 5X Build/MMB29P) AppleWebKit/537.36 (KHTML, like Gecko) Chrome/133.0.6943.141 Mobile Safari/537.36 (compatible; Googlebot/2.1; +http://www.google.com/bot.html)"
66.249.68.6 - - [15/Mar/2025:12:12:00 +0000] "GET /?safe_search/config?return_url=/product/detail/79151708 HTTP/1.1" 200 18802 "-" "Mozilla/5.0 (Linux; Android 6.0.1; Nexus 5X Build/MMB29P) AppleWebKit/537.36 (KHTML, like Gecko) Chrome/133.0.6943.141 Mobile Safari/537.36 (compatible; Googlebot/2.1; +http://www.google.com/bot.html)"
66.249.68.4 - - [15/Mar/2025:12:12:25 +0000] "GET /?pcmypage?callback=product%2Fdetail%2F45968958 HTTP/1.1" 200 18854 "-" "Mozilla/5.0 (Linux; Android 6.0.1; Nexus 5X Build/MMB29P) AppleWebKit/537.36 (KHTML, like Gecko) Chrome/133.0.6943.141 Mobile Safari/537.36 (compatible; GoogleOther)"
66.249.68.38 - - [15/Mar/2025:12:12:55 +0000] "GET /?product/edit/23273928 HTTP/1.1" 200 18102 "-" "Mozilla/5.0 (compatible; Googlebot/2.1; +http://www.google.com/bot.html)"
5.255.231.30 - - [15/Mar/2025:12:13:27 +0000] "GET /robots.txt HTTP/1.1" 200 70 "-" "Mozilla/5.0 (compatible; YandexBot/3.0; +http://yandex.com/bots)"
66.249.68.39 - - [15/Mar/2025:12:13:33 +0000] "GET /?pcmypage?callback=/product/detail/55915226 HTTP/1.1" 200 18287 "-" "Mozilla/5.0 (Linux; Android 6.0.1; Nexus 5X Build/MMB29P) AppleWebKit/537.36 (KHTML, like Gecko) Chrome/133.0.6943.141 Mobile Safari/537.36 (compatible; Googlebot/2.1; +http://www.google.com/bot.html)"
66.249.68.4 - - [15/Mar/2025:12:14:18 +0000] "GET /?shopdetail/1338205 HTTP/1.1" 200 19760 "-" "Mozilla/5.0 (Linux; Android 6.0.1; Nexus 5X Build/MMB29P) AppleWebKit/537.36 (KHTML, like Gecko) Chrome/133.0.6943.141 Mobile Safari/537.36 (compatible; Googlebot/2.1; +http://www.google.com/bot.html)"
66.249.68.37 - - [15/Mar/2025:12:14:33 +0000] "GET /?pcmypage?callback=product/detail/17061044 HTTP/1.1" 200 19175 "-" "Mozilla/5.0 (Linux; Android 6.0.1; Nexus 5X Build/MMB29P) AppleWebKit/537.36 (KHTML, like Gecko) Chrome/133.0.6943.141 Mobile Safari/537.36 (compatible; Googlebot/2.1; +http://www.google.com/bot.html)"
66.249.68.37 - - [15/Mar/2025:12:14:35 +0000] "GET /?shopdetail/24575472 HTTP/1.1" 200 19891 "-" "Mozilla/5.0 (Linux; Android 6.0.1; Nexus 5X Build/MMB29P) AppleWebKit/537.36 (KHTML, like Gecko) Chrome/133.0.6943.141 Mobile Safari/537.36 (compatible; Googlebot/2.1; +http://www.google.com/bot.html)"
66.249.68.38 - - [15/Mar/2025:12:15:39 +0000] "GET /?shopdetail/22667716 HTTP/1.1" 200 98 "-" "Mozilla/5.0 (Linux; Android 6.0.1; Nexus 5X Build/MMB29P) AppleWebKit/537.36 (KHTML, like Gecko) Chrome/133.0.6943.141 Mobile Safari/537.36 (compatible; GoogleOther)"
66.249.68.5 - - [15/Mar/2025:12:16:39 +0000] "GET /?product/edit/54917554 HTTP/1.1" 200 18607 "-" "Mozilla/5.0 (Linux; Android 6.0.1; Nexus 5X Build/MMB29P) AppleWebKit/537.36 (KHTML, like Gecko) Chrome/133.0.6943.141 Mobile Safari/537.36 (compatible; Googlebot/2.1; +http://www.google.com/bot.html)"
66.249.68.38 - - [15/Mar/2025:12:16:48 +0000] "GET /?pcmypage?callback=product%2Fdetail%2F18149536 HTTP/1.1" 200 19478 "-" "Mozilla/5.0 (compatible; Googlebot/2.1; +http://www.google.com/bot.html)"
66.249.68.38 - - [15/Mar/2025:12:16:50 +0000] "GET /?pcmypage?callback=product%2Fdetail%2F97036842 HTTP/1.1" 200 19808 "-" "Mozilla/5.0 (compatible; Googlebot/2.1; +http://www.google.com/bot.html)"
66.249.68.37 - - [15/Mar/2025:12:17:18 +0000] "GET /?pcmypage?callback=product/detail/35153406 HTTP/1.1" 200 18336 "-" "Mozilla/5.0 (Linux; Android 6.0.1; Nexus 5X Build/MMB29P) AppleWebKit/537.36 (KHTML, like Gecko) Chrome/133.0.6943.141 Mobile Safari/537.36 (compatible; Googlebot/2.1; +http://www.google.com/bot.html)"
66.249.68.5 - - [15/Mar/2025:12:17:41 +0000] "GET /?pcmypage?callback=/product/detail/79295326 HTTP/1.1" 200 18315 "-" "Mozilla/5.0 (Linux; Android 6.0.1; Nexus 5X Build/MMB29P) AppleWebKit/537.36 (KHTML, like Gecko) Chrome/133.0.6943.141 Mobile Safari/537.36 (compatible; Googlebot/2.1; +http://www.google.com/bot.html)"
66.249.68.38 - - [15/Mar/2025:12:17:47 +0000] "GET /?pcmypage?callback=product%2Fdetail%2F17655606 HTTP/1.1" 200 18868 "-" "Mozilla/5.0 (compatible; Googlebot/2.1; +http://www.google.com/bot.html)"
66.249.68.37 - - [15/Mar/2025:12:11:39 +0000] "GET /?shopdetail/19262094 HTTP/1.1" 200 19104 "-" "Mozilla/5.0 (Linux; Android 6.0.1; Nexus 5X Build/MMB29P) AppleWebKit/537.36 (KHTML, like Gecko) Chrome/133.0.6943.141 Mobile Safari/537.36 (compatible; GoogleOther)"
66.249.68.39 - - [15/Mar/2025:12:12:02 +0000] "GET / HTTP/1.1" 200 18158 "-" "Mozilla/5.0 (Linux; Android 6.0.1; Nexus 5X Build/MMB29P) AppleWebKit/537.36 (KHTML, like Gecko) Chrome/133.0.6943.141 Mobile Safari/537.36 (compatible; Googlebot/2.1; +http://www.google.com/bot.html)"
66.249.68.38 - - [15/Mar/2025:12:12:55 +0000] "GET /robots.txt HTTP/1.1" 200 70 "-" "Mozilla/5.0 (compatible; Googlebot/2.1; +http://www.google.com/bot.html)"
5.255.231.199 - - [15/Mar/2025:12:13:28 +0000] "GET /tag/trends/ HTTP/1.1" 403 0 "-" "Mozilla/5.0 (compatible; YandexBot/3.0; +http://yandex.com/bots)"
66.249.68.37 - - [15/Mar/2025:12:14:00 +0000] "GET /robots.txt HTTP/1.1" 200 70 "-" "Mozilla/5.0 (compatible; Googlebot/2.1; +http://www.google.com/bot.html)"
66.249.68.38 - - [15/Mar/2025:12:14:00 +0000] "POST /get-message-notify HTTP/1.1" 200 18663 "https://pulsehost.co.uk/?shopdetail/18851261" "Mozilla/5.0 (Linux; Android 6.0.1; Nexus 5X Build/MMB29P) AppleWebKit/537.36 (KHTML, like Gecko) Chrome/133.0.6943.141 Mobile Safari/537.36 (compatible; Googlebot/2.1; +http://www.google.com/bot.html)"
66.249.68.5 - - [15/Mar/2025:12:14:38 +0000] "GET /?product/edit/84873261 HTTP/1.1" 200 18434 "-" "Mozilla/5.0 (Linux; Android 6.0.1; Nexus 5X Build/MMB29P) AppleWebKit/537.36 (KHTML, like Gecko) Chrome/133.0.6943.141 Mobile Safari/537.36 (compatible; Googlebot/2.1; +http://www.google.com/bot.html)"
66.249.68.37 - - [15/Mar/2025:12:15:22 +0000] "GET /?product/edit/99742275 HTTP/1.1" 200 18471 "-" "Mozilla/5.0 (Linux; Android 6.0.1; Nexus 5X Build/MMB29P) AppleWebKit/537.36 (KHTML, like Gecko) Chrome/133.0.6943.141 Mobile Safari/537.36 (compatible; Googlebot/2.1; +http://www.google.com/bot.html)"
66.249.68.4 - - [15/Mar/2025:12:17:35 +0000] "GET /?product/edit/89797303 HTTP/1.1" 200 18464 "-" "Mozilla/5.0 (Linux; Android 6.0.1; Nexus 5X Build/MMB29P) AppleWebKit/537.36 (KHTML, like Gecko) Chrome/133.0.6943.141 Mobile Safari/537.36 (compatible; Googlebot/2.1; +http://www.google.com/bot.html)"
66.249.68.39 - - [15/Mar/2025:12:18:15 +0000] "GET /?shopdetail/15382127 HTTP/1.1" 200 19906 "-" "Mozilla/5.0 (Linux; Android 6.0.1; Nexus 5X Build/MMB29P) AppleWebKit/537.36 (KHTML, like Gecko) Chrome/133.0.6943.141 Mobile Safari/537.36 (compatible; GoogleOther)"
66.249.68.37 - - [15/Mar/2025:12:18:35 +0000] "GET /?pcmypage?callback=/product%2Fdetail%2F87171888 HTTP/1.1" 200 18601 "-" "Mozilla/5.0 (compatible; Googlebot/2.1; +http://www.google.com/bot.html)"
66.249.68.5 - - [15/Mar/2025:12:18:53 +0000] "GET /?zhHant/product/surugaya/86673981?campaign_uid=f64d716db5e979ed2f947dbaf4296895b951ae7f HTTP/1.1" 200 19094 "-" "Mozilla/5.0 (Linux; Android 6.0.1; Nexus 5X Build/MMB29P) AppleWebKit/537.36 (KHTML, like Gecko) Chrome/133.0.6943.141 Mobile Safari/537.36 (compatible; GoogleOther)"
66.249.68.38 - - [15/Mar/2025:12:19:35 +0000] "GET /?safe_search/config?return_url=%2Fproduct%2Fdetail%2F42791306 HTTP/1.1" 200 19856 "-" "Mozilla/5.0 (compatible; Googlebot/2.1; +http://www.google.com/bot.html)"
66.249.68.37 - - [15/Mar/2025:12:19:44 +0000] "GET /?pcmypage?callback=product/review/89218624 HTTP/1.1" 200 18262 "-" "Mozilla/5.0 (compatible; Googlebot/2.1; +http://www.google.com/bot.html)"
66.249.68.37 - - [15/Mar/2025:12:21:43 +0000] "GET /?safe_search/config?return_url=/product/detail/46393281 HTTP/1.1" 200 19996 "-" "Mozilla/5.0 (Linux; Android 6.0.1; Nexus 5X Build/MMB29P) AppleWebKit/537.36 (KHTML, like Gecko) Chrome/133.0.6943.141 Mobile Safari/537.36 (compatible; Googlebot/2.1; +http://www.google.com/bot.html)"
66.249.68.6 - - [15/Mar/2025:12:22:07 +0000] "GET /?pcmypage?callback=product/review/56053554 HTTP/1.1" 200 19695 "-" "Mozilla/5.0 (Linux; Android 6.0.1; Nexus 5X Build/MMB29P) AppleWebKit/537.36 (KHTML, like Gecko) Chrome/133.0.6943.141 Mobile Safari/537.36 (compatible; GoogleOther)"
66.249.68.5 - - [15/Mar/2025:12:22:31 +0000] "GET /?pcmypage?callback=/product%2Fdetail%2F77621802 HTTP/1.1" 200 18884 "-" "Mozilla/5.0 (compatible; Googlebot/2.1; +http://www.google.com/bot.html)"
66.249.68.39 - - [15/Mar/2025:12:23:40 +0000] "GET /?safe_search/config?return_url=%2Fproduct%2Fdetail%2F12637527 HTTP/1.1" 200 18818 "-" "Mozilla/5.0 (compatible; Googlebot/2.1; +http://www.google.com/bot.html)"
66.249.68.4 - - [15/Mar/2025:12:23:42 +0000] "GET /?safe_search/config?return_url=%2Fproduct%2Fdetail%2F22841110 HTTP/1.1" 200 18476 "-" "Mozilla/5.0 (Linux; Android 6.0.1; Nexus 5X Build/MMB29P) AppleWebKit/537.36 (KHTML, like Gecko) Chrome/133.0.6943.141 Mobile Safari/537.36 (compatible; Googlebot/2.1; +http://www.google.com/bot.html)"
66.249.68.6 - - [15/Mar/2025:12:24:04 +0000] "GET /?pcmypage?callback=product%2Fdetail%2F88604724 HTTP/1.1" 200 18014 "-" "Mozilla/5.0 (Linux; Android 6.0.1; Nexus 5X Build/MMB29P) AppleWebKit/537.36 (KHTML, like Gecko) Chrome/133.0.6943.141 Mobile Safari/537.36 (compatible; Googlebot/2.1; +http://www.google.com/bot.html)"
66.249.68.4 - - [15/Mar/2025:12:25:10 +0000] "GET /?shopdetail/20009472 HTTP/1.1" 200 19235 "-" "Mozilla/5.0 (Linux; Android 6.0.1; Nexus 5X Build/MMB29P) AppleWebKit/537.36 (KHTML, like Gecko) Chrome/133.0.6943.141 Mobile Safari/537.36 (compatible; Googlebot/2.1; +http://www.google.com/bot.html)"
66.249.68.39 - - [15/Mar/2025:12:25:18 +0000] "GET /?pcmypage?callback=/product/detail/11909593 HTTP/1.1" 200 18305 "-" "Mozilla/5.0 (Linux; Android 6.0.1; Nexus 5X Build/MMB29P) AppleWebKit/537.36 (KHTML, like Gecko) Chrome/133.0.6943.141 Mobile Safari/537.36 (compatible; Googlebot/2.1; +http://www.google.com/bot.html)"
66.249.68.5 - - [15/Mar/2025:12:25:21 +0000] "GET /?pcmypage?callback=product%2Fdetail%2F56053554 HTTP/1.1" 200 20265 "-" "Mozilla/5.0 (Linux; Android 6.0.1; Nexus 5X Build/MMB29P) AppleWebKit/537.36 (KHTML, like Gecko) Chrome/133.0.6943.141 Mobile Safari/537.36 (compatible; GoogleOther)"
66.249.68.37 - - [15/Mar/2025:12:27:17 +0000] "GET /?pcmypage?callback=product/detail/95252366 HTTP/1.1" 200 18880 "-" "Mozilla/5.0 (Linux; Android 6.0.1; Nexus 5X Build/MMB29P) AppleWebKit/537.36 (KHTML, like Gecko) Chrome/133.0.6943.141 Mobile Safari/537.36 (compatible; Googlebot/2.1; +http://www.google.com/bot.html)"
66.249.68.37 - - [15/Mar/2025:12:27:59 +0000] "GET /?pcmypage?callback=product/detail/30849455 HTTP/1.1" 200 18344 "-" "Mozilla/5.0 (Linux; Android 6.0.1; Nexus 5X Build/MMB29P) AppleWebKit/537.36 (KHTML, like Gecko) Chrome/133.0.6943.141 Mobile Safari/537.36 (compatible; Googlebot/2.1; +http://www.google.com/bot.html)"
66.249.68.39 - - [15/Mar/2025:12:29:09 +0000] "GET /?product/edit/96171640 HTTP/1.1" 200 19486 "-" "Mozilla/5.0 (Linux; Android 6.0.1; Nexus 5X Build/MMB29P) AppleWebKit/537.36 (KHTML, like Gecko) Chrome/133.0.6943.141 Mobile Safari/537.36 (compatible; Googlebot/2.1; +http://www.google.com/bot.html)"
66.249.68.38 - - [15/Mar/2025:12:19:06 +0000] "GET /?pcmypage?callback=/product/detail/46648016 HTTP/1.1" 200 18765 "-" "Mozilla/5.0 (Linux; Android 6.0.1; Nexus 5X Build/MMB29P) AppleWebKit/537.36 (KHTML, like Gecko) Chrome/133.0.6943.141 Mobile Safari/537.36 (compatible; Googlebot/2.1; +http://www.google.com/bot.html)"
66.249.68.5 - - [15/Mar/2025:12:20:14 +0000] "GET /?pcmypage?callback=product/review/32716443 HTTP/1.1" 200 18535 "-" "Mozilla/5.0 (Linux; Android 6.0.1; Nexus 5X Build/MMB29P) AppleWebKit/537.36 (KHTML, like Gecko) Chrome/133.0.6943.141 Mobile Safari/537.36 (compatible; GoogleOther)"
66.249.68.38 - - [15/Mar/2025:12:21:23 +0000] "GET /?pcmypage?callback=/product%2Fdetail%2F13025199 HTTP/1.1" 200 19319 "-" "Mozilla/5.0 (compatible; Googlebot/2.1; +http://www.google.com/bot.html)"
66.249.68.4 - - [15/Mar/2025:12:22:41 +0000] "POST /get-message-notify HTTP/1.1" 200 18692 "https://www.pulsehost.co.uk/?safe_search/config?return_url=%2Fproduct%2Fdetail%2F19475550" "Mozilla/5.0 (Linux; Android 6.0.1; Nexus 5X Build/MMB29P) AppleWebKit/537.36 (KHTML, like Gecko) Chrome/133.0.6943.141 Mobile Safari/537.36 (compatible; Googlebot/2.1; +http://www.google.com/bot.html)"
66.249.68.38 - - [15/Mar/2025:12:23:51 +0000] "GET /?product/edit/34166464 HTTP/1.1" 200 19739 "-" "Mozilla/5.0 (Linux; Android 6.0.1; Nexus 5X Build/MMB29P) AppleWebKit/537.36 (KHTML, like Gecko) Chrome/133.0.6943.141 Mobile Safari/537.36 (compatible; Googlebot/2.1; +http://www.google.com/bot.html)"
66.249.68.4 - - [15/Mar/2025:12:24:15 +0000] "GET /?pcmypage?callback=product%2Fdetail%2F45876822 HTTP/1.1" 200 18642 "-" "Mozilla/5.0 (Linux; Android 6.0.1; Nexus 5X Build/MMB29P) AppleWebKit/537.36 (KHTML, like Gecko) Chrome/133.0.6943.141 Mobile Safari/537.36 (compatible; Googlebot/2.1; +http://www.google.com/bot.html)"
66.249.68.4 - - [15/Mar/2025:12:24:52 +0000] "GET /?shopdetail/18922005 HTTP/1.1" 200 19144 "-" "Mozilla/5.0 (Linux; Android 6.0.1; Nexus 5X Build/MMB29P) AppleWebKit/537.36 (KHTML, like Gecko) Chrome/133.0.6943.141 Mobile Safari/537.36 (compatible; GoogleOther)"
66.249.68.38 - - [15/Mar/2025:12:26:40 +0000] "GET /?pcmypage?callback=product/review/24431924 HTTP/1.1" 200 18730 "-" "Mozilla/5.0 (Linux; Android 6.0.1; Nexus 5X Build/MMB29P) AppleWebKit/537.36 (KHTML, like Gecko) Chrome/133.0.6943.141 Mobile Safari/537.36 (compatible; Googlebot/2.1; +http://www.google.com/bot.html)"
66.249.68.38 - - [15/Mar/2025:12:27:44 +0000] "GET /?product/edit/27504807 HTTP/1.1" 200 18827 "-" "Mozilla/5.0 (Linux; Android 6.0.1; Nexus 5X Build/MMB29P) AppleWebKit/537.36 (KHTML, like Gecko) Chrome/133.0.6943.141 Mobile Safari/537.36 (compatible; Googlebot/2.1; +http://www.google.com/bot.html)"
66.249.68.4 - - [15/Mar/2025:12:29:38 +0000] "GET /?shopdetail/30524716 HTTP/1.1" 200 19362 "-" "Mozilla/5.0 (Linux; Android 6.0.1; Nexus 5X Build/MMB29P) AppleWebKit/537.36 (KHTML, like Gecko) Chrome/133.0.6943.141 Mobile Safari/537.36 (compatible; GoogleOther)"
66.249.68.38 - - [15/Mar/2025:12:30:30 +0000] "GET /?pcmypage?callback=/product%2Fdetail%2F22875173 HTTP/1.1" 200 18414 "-" "Mozilla/5.0 (compatible; Googlebot/2.1; +http://www.google.com/bot.html)"
66.249.68.4 - - [15/Mar/2025:12:31:32 +0000] "GET /?pcmypage?callback=product%2Fdetail%2F34700910 HTTP/1.1" 200 19004 "-" "Mozilla/5.0 (compatible; Googlebot/2.1; +http://www.google.com/bot.html)"
66.249.68.4 - - [15/Mar/2025:12:31:48 +0000] "GET /?shopdetail/17067350 HTTP/1.1" 200 20221 "-" "Mozilla/5.0 (Linux; Android 6.0.1; Nexus 5X Build/MMB29P) AppleWebKit/537.36 (KHTML, like Gecko) Chrome/133.0.6943.141 Mobile Safari/537.36 (compatible; Googlebot/2.1; +http://www.google.com/bot.html)"
66.249.68.4 - - [15/Mar/2025:12:31:52 +0000] "GET /?pcmypage?callback=product/review/25794854 HTTP/1.1" 200 19169 "-" "Mozilla/5.0 (Linux; Android 6.0.1; Nexus 5X Build/MMB29P) AppleWebKit/537.36 (KHTML, like Gecko) Chrome/133.0.6943.141 Mobile Safari/537.36 (compatible; Googlebot/2.1; +http://www.google.com/bot.html)"
66.249.68.5 - - [15/Mar/2025:12:29:11 +0000] "GET /?pcmypage?callback=/product%2Fdetail%2F96242113 HTTP/1.1" 200 17980 "-" "Mozilla/5.0 (Linux; Android 6.0.1; Nexus 5X Build/MMB29P) AppleWebKit/537.36 (KHTML, like Gecko) Chrome/133.0.6943.141 Mobile Safari/537.36 (compatible; Googlebot/2.1; +http://www.google.com/bot.html)"
66.249.68.39 - - [15/Mar/2025:12:30:24 +0000] "GET /?shopdetail/8322250 HTTP/1.1" 200 18746 "-" "Mozilla/5.0 (Linux; Android 6.0.1; Nexus 5X Build/MMB29P) AppleWebKit/537.36 (KHTML, like Gecko) Chrome/133.0.6943.141 Mobile Safari/537.36 (compatible; GoogleOther)"
66.249.68.38 - - [15/Mar/2025:12:31:14 +0000] "GET /?pcmypage?callback=product/detail/62239916 HTTP/1.1" 200 18583 "-" "Mozilla/5.0 (Linux; Android 6.0.1; Nexus 5X Build/MMB29P) AppleWebKit/537.36 (KHTML, like Gecko) Chrome/133.0.6943.141 Mobile Safari/537.36 (compatible; Googlebot/2.1; +http://www.google.com/bot.html)"
66.249.68.39 - - [15/Mar/2025:12:33:01 +0000] "GET /?product/edit/44446976 HTTP/1.1" 200 19879 "-" "Mozilla/5.0 (Linux; Android 6.0.1; Nexus 5X Build/MMB29P) AppleWebKit/537.36 (KHTML, like Gecko) Chrome/133.0.6943.141 Mobile Safari/537.36 (compatible; Googlebot/2.1; +http://www.google.com/bot.html)"
66.249.68.38 - - [15/Mar/2025:12:33:32 +0000] "GET /?pcmypage?callback=/product/detail/36535611 HTTP/1.1" 200 18363 "-" "Mozilla/5.0 (Linux; Android 6.0.1; Nexus 5X Build/MMB29P) AppleWebKit/537.36 (KHTML, like Gecko) Chrome/133.0.6943.141 Mobile Safari/537.36 (compatible; Googlebot/2.1; +http://www.google.com/bot.html)"
66.249.68.5 - - [15/Mar/2025:12:34:15 +0000] "GET /?shopdetail/21115838 HTTP/1.1" 200 19089 "-" "Mozilla/5.0 (Linux; Android 6.0.1; Nexus 5X Build/MMB29P) AppleWebKit/537.36 (KHTML, like Gecko) Chrome/133.0.6943.141 Mobile Safari/537.36 (compatible; Googlebot/2.1; +http://www.google.com/bot.html)"
66.249.68.37 - - [15/Mar/2025:12:35:32 +0000] "GET /?pcmypage?callback=product/review/96582946 HTTP/1.1" 200 19154 "-" "Mozilla/5.0 (compatible; Googlebot/2.1; +http://www.google.com/bot.html)"
66.249.68.38 - - [15/Mar/2025:12:32:17 +0000] "GET /?pcmypage?callback=product/detail/13574514 HTTP/1.1" 200 18280 "-" "Mozilla/5.0 (Linux; Android 6.0.1; Nexus 5X Build/MMB29P) AppleWebKit/537.36 (KHTML, like Gecko) Chrome/133.0.6943.141 Mobile Safari/537.36 (compatible; Googlebot/2.1; +http://www.google.com/bot.html)"
66.249.68.37 - - [15/Mar/2025:12:32:19 +0000] "GET /?pcmypage?callback=product/detail/54488370 HTTP/1.1" 200 18773 "-" "Mozilla/5.0 (Linux; Android 6.0.1; Nexus 5X Build/MMB29P) AppleWebKit/537.36 (KHTML, like Gecko) Chrome/133.0.6943.141 Mobile Safari/537.36 (compatible; Googlebot/2.1; +http://www.google.com/bot.html)"
66.249.68.37 - - [15/Mar/2025:12:32:23 +0000] "GET /?pcmypage?callback=/product%2Fdetail%2F77451682 HTTP/1.1" 200 19107 "-" "Mozilla/5.0 (compatible; Googlebot/2.1; +http://www.google.com/bot.html)"
66.249.68.5 - - [15/Mar/2025:12:33:55 +0000] "GET /?pcmypage?callback=product%2Fdetail%2F88614072 HTTP/1.1" 200 17941 "-" "Mozilla/5.0 (Linux; Android 6.0.1; Nexus 5X Build/MMB29P) AppleWebKit/537.36 (KHTML, like Gecko) Chrome/133.0.6943.141 Mobile Safari/537.36 (compatible; GoogleOther)"
66.249.68.37 - - [15/Mar/2025:12:34:24 +0000] "GET /?pcmypage?callback=/product/detail/45340733 HTTP/1.1" 200 19302 "-" "Mozilla/5.0 (Linux; Android 6.0.1; Nexus 5X Build/MMB29P) AppleWebKit/537.36 (KHTML, like Gecko) Chrome/133.0.6943.141 Mobile Safari/537.36 (compatible; Googlebot/2.1; +http://www.google.com/bot.html)"
66.249.68.37 - - [15/Mar/2025:12:34:31 +0000] "GET /?shopdetail/26729927 HTTP/1.1" 200 18869 "-" "Mozilla/5.0 (compatible; Googlebot/2.1; +http://www.google.com/bot.html)"
66.249.68.5 - - [15/Mar/2025:12:34:51 +0000] "GET /?pcmypage?callback=product%2Fdetail%2F69071844 HTTP/1.1" 200 98 "-" "Mozilla/5.0 (Linux; Android 6.0.1; Nexus 5X Build/MMB29P) AppleWebKit/537.36 (KHTML, like Gecko) Chrome/133.0.6943.141 Mobile Safari/537.36 (compatible; Googlebot/2.1; +http://www.google.com/bot.html)"
66.249.68.6 - - [15/Mar/2025:12:35:36 +0000] "GET /?pcmypage?callback=product/review/40728814 HTTP/1.1" 200 18051 "-" "Mozilla/5.0 (Linux; Android 6.0.1; Nexus 5X Build/MMB29P) AppleWebKit/537.36 (KHTML, like Gecko) Chrome/133.0.6943.141 Mobile Safari/537.36 (compatible; Googlebot/2.1; +http://www.google.com/bot.html)"
66.249.68.6 - - [15/Mar/2025:12:36:32 +0000] "GET /?pcmypage?callback=/product%2Fdetail%2F99700867 HTTP/1.1" 200 19177 "-" "Mozilla/5.0 (compatible; Googlebot/2.1; +http://www.google.com/bot.html)"
66.249.68.4 - - [15/Mar/2025:12:36:57 +0000] "GET /?product/edit/94103434 HTTP/1.1" 200 18747 "-" "Mozilla/5.0 (Linux; Android 6.0.1; Nexus 5X Build/MMB29P) AppleWebKit/537.36 (KHTML, like Gecko) Chrome/133.0.6943.141 Mobile Safari/537.36 (compatible; GoogleOther)"
66.249.68.39 - - [15/Mar/2025:12:37:01 +0000] "GET /?pcmypage?callback=/product/detail/43448045 HTTP/1.1" 200 18082 "-" "Mozilla/5.0 (Linux; Android 6.0.1; Nexus 5X Build/MMB29P) AppleWebKit/537.36 (KHTML, like Gecko) Chrome/133.0.6943.141 Mobile Safari/537.36 (compatible; Googlebot/2.1; +http://www.google.com/bot.html)"
66.249.68.38 - - [15/Mar/2025:12:37:10 +0000] "GET /?pcmypage?callback=/product%2Fdetail%2F74373441 HTTP/1.1" 200 19803 "-" "Mozilla/5.0 (Linux; Android 6.0.1; Nexus 5X Build/MMB29P) AppleWebKit/537.36 (KHTML, like Gecko) Chrome/133.0.6943.141 Mobile Safari/537.36 (compatible; Googlebot/2.1; +http://www.google.com/bot.html)"
66.249.68.5 - - [15/Mar/2025:12:37:16 +0000] "POST /get-message-notify HTTP/1.1" 200 18692 "https://www.pulsehost.co.uk/?shopdetail/19633427" "Mozilla/5.0 (Linux; Android 6.0.1; Nexus 5X Build/MMB29P) AppleWebKit/537.36 (KHTML, like Gecko) Chrome/133.0.6943.141 Mobile Safari/537.36 (compatible; Googlebot/2.1; +http://www.google.com/bot.html)"
66.249.68.38 - - [15/Mar/2025:12:38:13 +0000] "GET /?pcmypage?callback=/product/detail/69243819 HTTP/1.1" 200 18774 "-" "Mozilla/5.0 (Linux; Android 6.0.1; Nexus 5X Build/MMB29P) AppleWebKit/537.36 (KHTML, like Gecko) Chrome/133.0.6943.141 Mobile Safari/537.36 (compatible; Googlebot/2.1; +http://www.google.com/bot.html)"
66.249.68.37 - - [15/Mar/2025:12:38:17 +0000] "GET /?shopdetail/3307938 HTTP/1.1" 200 18243 "-" "Mozilla/5.0 (Linux; Android 6.0.1; Nexus 5X Build/MMB29P) AppleWebKit/537.36 (KHTML, like Gecko) Chrome/133.0.6943.141 Mobile Safari/537.36 (compatible; Googlebot/2.1; +http://www.google.com/bot.html)"
66.249.68.39 - - [15/Mar/2025:12:39:00 +0000] "GET /?pcmypage?callback=/product/detail/62867182 HTTP/1.1" 200 19498 "-" "Mozilla/5.0 (Linux; Android 6.0.1; Nexus 5X Build/MMB29P) AppleWebKit/537.36 (KHTML, like Gecko) Chrome/133.0.6943.141 Mobile Safari/537.36 (compatible; Googlebot/2.1; +http://www.google.com/bot.html)"
66.249.68.37 - - [15/Mar/2025:12:39:58 +0000] "GET /?shopdetail/19056938 HTTP/1.1" 200 18899 "-" "Mozilla/5.0 (Linux; Android 6.0.1; Nexus 5X Build/MMB29P) AppleWebKit/537.36 (KHTML, like Gecko) Chrome/133.0.6943.141 Mobile Safari/537.36 (compatible; Googlebot/2.1; +http://www.google.com/bot.html)"
66.249.68.37 - - [15/Mar/2025:12:41:23 +0000] "GET /?pcmypage?callback=/product%2Fdetail%2F34122558 HTTP/1.1" 200 18505 "-" "Mozilla/5.0 (Linux; Android 6.0.1; Nexus 5X Build/MMB29P) AppleWebKit/537.36 (KHTML, like Gecko) Chrome/133.0.6943.141 Mobile Safari/537.36 (compatible; Googlebot/2.1; +http://www.google.com/bot.html)"
66.249.68.39 - - [15/Mar/2025:12:41:25 +0000] "GET /?pcmypage?callback=product/review/57756663 HTTP/1.1" 200 20030 "-" "Mozilla/5.0 (Linux; Android 6.0.1; Nexus 5X Build/MMB29P) AppleWebKit/537.36 (KHTML, like Gecko) Chrome/133.0.6943.141 Mobile Safari/537.36 (compatible; Googlebot/2.1; +http://www.google.com/bot.html)"
66.249.68.6 - - [15/Mar/2025:12:42:29 +0000] "GET /?pcmypage?callback=product%2Fdetail%2F17470968 HTTP/1.1" 200 18367 "-" "Mozilla/5.0 (Linux; Android 6.0.1; Nexus 5X Build/MMB29P) AppleWebKit/537.36 (KHTML, like Gecko) Chrome/133.0.6943.141 Mobile Safari/537.36 (compatible; GoogleOther)"
66.249.68.6 - - [15/Mar/2025:12:43:58 +0000] "GET /?product/edit/42627726 HTTP/1.1" 200 18573 "-" "Mozilla/5.0 (Linux; Android 6.0.1; Nexus 5X Build/MMB29P) AppleWebKit/537.36 (KHTML, like Gecko) Chrome/133.0.6943.141 Mobile Safari/537.36 (compatible; Googlebot/2.1; +http://www.google.com/bot.html)"
66.249.68.6 - - [15/Mar/2025:12:37:04 +0000] "GET /?shopdetail/19633427 HTTP/1.1" 200 18595 "-" "Mozilla/5.0 (Linux; Android 6.0.1; Nexus 5X Build/MMB29P) AppleWebKit/537.36 (KHTML, like Gecko) Chrome/133.0.6943.141 Mobile Safari/537.36 (compatible; GoogleOther)"
66.249.68.5 - - [15/Mar/2025:12:38:01 +0000] "GET /?shopdetail/20641827 HTTP/1.1" 200 19396 "-" "Mozilla/5.0 (Linux; Android 6.0.1; Nexus 5X Build/MMB29P) AppleWebKit/537.36 (KHTML, like Gecko) Chrome/133.0.6943.141 Mobile Safari/537.36 (compatible; Googlebot/2.1; +http://www.google.com/bot.html)"
66.249.68.37 - - [15/Mar/2025:12:38:08 +0000] "GET /?pcmypage?callback=/product%2Fdetail%2F92923304 HTTP/1.1" 200 18038 "-" "Mozilla/5.0 (compatible; Googlebot/2.1; +http://www.google.com/bot.html)"
66.249.68.37 - - [15/Mar/2025:12:38:11 +0000] "GET /?pcmypage?callback=product/review/34945246 HTTP/1.1" 200 18501 "-" "Mozilla/5.0 (compatible; Googlebot/2.1; +http://www.google.com/bot.html)"
66.249.68.5 - - [15/Mar/2025:12:38:15 +0000] "GET /?zhHant/product/surugaya/73546743?campaign_uid=f64d716db5e979ed2f947dbaf4296895b951ae7f HTTP/1.1" 200 20172 "-" "Mozilla/5.0 (Linux; Android 6.0.1; Nexus 5X Build/MMB29P) AppleWebKit/537.36 (KHTML, like Gecko) Chrome/133.0.6943.141 Mobile Safari/537.36 (compatible; GoogleOther)"
66.249.68.37 - - [15/Mar/2025:12:38:33 +0000] "GET /?pcmypage?callback=product/detail/74078088 HTTP/1.1" 200 18460 "-" "Mozilla/5.0 (Linux; Android 6.0.1; Nexus 5X Build/MMB29P) AppleWebKit/537.36 (KHTML, like Gecko) Chrome/133.0.6943.141 Mobile Safari/537.36 (compatible; Googlebot/2.1; +http://www.google.com/bot.html)"
66.249.68.37 - - [15/Mar/2025:12:39:20 +0000] "GET /?shopdetail/2766216 HTTP/1.1" 200 19387 "-" "Mozilla/5.0 (compatible; Googlebot/2.1; +http://www.google.com/bot.html)"
66.249.68.6 - - [15/Mar/2025:12:41:29 +0000] "GET /?shopdetail/1722649 HTTP/1.1" 200 20101 "-" "Mozilla/5.0 (Linux; Android 6.0.1; Nexus 5X Build/MMB29P) AppleWebKit/537.36 (KHTML, like Gecko) Chrome/133.0.6943.141 Mobile Safari/537.36 (compatible; GoogleOther)"
172.172.244.163 - - [15/Mar/2025:12:41:33 +0000] "GET /autodiscover/autodiscover.json?@zdi/Powershell HTTP/1.1" 200 2399 "-" "Mozilla/5.0 zgrab/0.x"
66.249.68.38 - - [15/Mar/2025:12:44:24 +0000] "GET /?shopdetail/28127738 HTTP/1.1" 200 18071 "-" "Mozilla/5.0 (Linux; Android 6.0.1; Nexus 5X Build/MMB29P) AppleWebKit/537.36 (KHTML, like Gecko) Chrome/133.0.6943.141 Mobile Safari/537.36 (compatible; Googlebot/2.1; +http://www.google.com/bot.html)"
66.249.68.4 - - [15/Mar/2025:12:44:46 +0000] "GET /?pcmypage?callback=product/detail/85438789 HTTP/1.1" 200 98 "-" "Mozilla/5.0 (compatible; Googlebot/2.1; +http://www.google.com/bot.html)"
66.249.68.38 - - [15/Mar/2025:12:45:15 +0000] "GET /?safe_search/config?return_url=%2Fproduct%2Fdetail%2F17561145 HTTP/1.1" 200 18490 "-" "Mozilla/5.0 (compatible; Googlebot/2.1; +http://www.google.com/bot.html)"
66.249.68.37 - - [15/Mar/2025:12:45:34 +0000] "GET /?product/edit/44289930 HTTP/1.1" 200 18804 "-" "Mozilla/5.0 (Linux; Android 6.0.1; Nexus 5X Build/MMB29P) AppleWebKit/537.36 (KHTML, like Gecko) Chrome/133.0.6943.141 Mobile Safari/537.36 (compatible; Googlebot/2.1; +http://www.google.com/bot.html)"
66.249.68.37 - - [15/Mar/2025:12:46:34 +0000] "GET /?shopdetail/1437105 HTTP/1.1" 200 18955 "-" "Mozilla/5.0 (compatible; Googlebot/2.1; +http://www.google.com/bot.html)"
66.249.68.6 - - [15/Mar/2025:12:46:45 +0000] "GET /?pcmypage?callback=product%2Fdetail%2F47024367 HTTP/1.1" 200 18589 "-" "Mozilla/5.0 (compatible; Googlebot/2.1; +http://www.google.com/bot.html)"
66.249.68.4 - - [15/Mar/2025:12:48:01 +0000] "GET /?pcmypage?callback=/product%2Fdetail%2F64046460 HTTP/1.1" 200 18124 "-" "Mozilla/5.0 (Linux; Android 6.0.1; Nexus 5X Build/MMB29P) AppleWebKit/537.36 (KHTML, like Gecko) Chrome/133.0.6943.141 Mobile Safari/537.36 (compatible; GoogleOther)"
134.122.102.20 - - [15/Mar/2025:12:48:05 +0000] "GET / HTTP/1.1" 200 2399 "-" "Mozilla/5.0 (compatible)"
66.249.68.6 - - [15/Mar/2025:12:46:47 +0000] "GET /?shopdetail/4062138 HTTP/1.1" 200 18735 "-" "Mozilla/5.0 (Linux; Android 6.0.1; Nexus 5X Build/MMB29P) AppleWebKit/537.36 (KHTML, like Gecko) Chrome/133.0.6943.141 Mobile Safari/537.36 (compatible; GoogleOther)"
66.249.68.6 - - [15/Mar/2025:12:49:12 +0000] "POST /get-message-notify HTTP/1.1" 200 18692 "https://www.pulsehost.co.uk/?pcmypage?callback=/product%2Fdetail%2F64046460" "Mozilla/5.0 (Linux; Android 6.0.1; Nexus 5X Build/MMB29P) AppleWebKit/537.36 (KHTML, like Gecko) Chrome/133.0.6943.141 Mobile Safari/537.36 (compatible; Googlebot/2.1; +http://www.google.com/bot.html)"
66.249.68.6 - - [15/Mar/2025:12:51:04 +0000] "GET /?pcmypage?callback=product/review/55426375 HTTP/1.1" 200 18369 "-" "Mozilla/5.0 (Linux; Android 6.0.1; Nexus 5X Build/MMB29P) AppleWebKit/537.36 (KHTML, like Gecko) Chrome/133.0.6943.141 Mobile Safari/537.36 (compatible; GoogleOther)"
66.249.68.4 - - [15/Mar/2025:12:51:26 +0000] "GET /?pcmypage?callback=/product%2Fdetail%2F53979421 HTTP/1.1" 200 18396 "-" "Mozilla/5.0 (compatible; Googlebot/2.1; +http://www.google.com/bot.html)"
66.249.68.5 - - [15/Mar/2025:12:48:06 +0000] "GET /?shopdetail/15513561 HTTP/1.1" 200 18325 "-" "Mozilla/5.0 (Linux; Android 6.0.1; Nexus 5X Build/MMB29P) AppleWebKit/537.36 (KHTML, like Gecko) Chrome/133.0.6943.141 Mobile Safari/537.36 (compatible; Googlebot/2.1; +http://www.google.com/bot.html)"
66.249.68.39 - - [15/Mar/2025:12:48:11 +0000] "GET /?pcmypage?callback=product/detail/20560797 HTTP/1.1" 200 18534 "-" "Mozilla/5.0 (Linux; Android 6.0.1; Nexus 5X Build/MMB29P) AppleWebKit/537.36 (KHTML, like Gecko) Chrome/133.0.6943.141 Mobile Safari/537.36 (compatible; Googlebot/2.1; +http://www.google.com/bot.html)"
66.249.68.4 - - [15/Mar/2025:12:48:13 +0000] "GET /?shopdetail/15935661 HTTP/1.1" 200 18724 "-" "Mozilla/5.0 (Linux; Android 6.0.1; Nexus 5X Build/MMB29P) AppleWebKit/537.36 (KHTML, like Gecko) Chrome/133.0.6943.141 Mobile Safari/537.36 (compatible; Googlebot/2.1; +http://www.google.com/bot.html)"
66.249.68.37 - - [15/Mar/2025:12:48:19 +0000] "GET /?pcmypage?callback=/product/detail/87107320 HTTP/1.1" 200 18581 "-" "Mozilla/5.0 (Linux; Android 6.0.1; Nexus 5X Build/MMB29P) AppleWebKit/537.36 (KHTML, like Gecko) Chrome/133.0.6943.141 Mobile Safari/537.36 (compatible; Googlebot/2.1; +http://www.google.com/bot.html)"
66.249.68.4 - - [15/Mar/2025:12:50:35 +0000] "GET /?product/edit/50063542 HTTP/1.1" 200 18127 "-" "Mozilla/5.0 (compatible; Googlebot/2.1; +http://www.google.com/bot.html)"
66.249.68.5 - - [15/Mar/2025:12:51:16 +0000] "GET /?shopdetail/12028516 HTTP/1.1" 200 18105 "-" "Mozilla/5.0 (compatible; Googlebot/2.1; +http://www.google.com/bot.html)"
66.249.68.37 - - [15/Mar/2025:12:51:30 +0000] "GET /?product/edit/69409044 HTTP/1.1" 200 18368 "-" "Mozilla/5.0 (compatible; Googlebot/2.1; +http://www.google.com/bot.html)"
66.249.79.202 - - [15/Mar/2025:12:52:20 +0000] "GET /p=1105465 HTTP/1.1" 200 17886 "-" "Mozilla/5.0 (Linux; Android 6.0.1; Nexus 5X Build/MMB29P) AppleWebKit/537.36 (KHTML, like Gecko) Chrome/133.0.6943.141 Mobile Safari/537.36 (compatible; Googlebot/2.1; +http://www.google.com/bot.html)"
66.249.68.38 - - [15/Mar/2025:12:52:24 +0000] "GET /?shopdetail/22132172 HTTP/1.1" 200 17975 "-" "Mozilla/5.0 (Linux; Android 6.0.1; Nexus 5X Build/MMB29P) AppleWebKit/537.36 (KHTML, like Gecko) Chrome/133.0.6943.141 Mobile Safari/537.36 (compatible; Googlebot/2.1; +http://www.google.com/bot.html)"
66.249.68.38 - - [15/Mar/2025:12:52:26 +0000] "GET /?pcmypage?callback=product/review/63417383 HTTP/1.1" 200 17933 "-" "Mozilla/5.0 (compatible; Googlebot/2.1; +http://www.google.com/bot.html)"
66.249.68.6 - - [15/Mar/2025:12:52:34 +0000] "GET /?shopdetail/2056983 HTTP/1.1" 200 18992 "-" "Mozilla/5.0 (Linux; Android 6.0.1; Nexus 5X Build/MMB29P) AppleWebKit/537.36 (KHTML, like Gecko) Chrome/133.0.6943.141 Mobile Safari/537.36 (compatible; GoogleOther)"
45.85.88.115 - - [15/Mar/2025:12:52:54 +0000] "POST /wp-cron.php?doing_wp_cron=1742043174.2743968963623046875000 HTTP/1.1" 200 0 "-" "WordPress/6.7.2; https://pulsehost.co.uk"
81.88.53.92 - - [15/Mar/2025:12:52:54 +0000] "POST /wp-login.php HTTP/1.1" 200 9605 "https://mail.pulsehost.co.uk/wp-login.php" "Mozilla/5.0 (Windows NT 10.0; WOW64) AppleWebKit/537.36 (KHTML, like Gecko) Chrome/72.0.3626.121 Safari/537.36"
20.237.29.81 - - [15/Mar/2025:12:53:07 +0000] "GET /wp-login.php HTTP/1.1" 200 9223 "-" "Mozilla/5.0 (Windows NT 6.1; WOW64; rv:52.0) Gecko/20100101 Firefox/52.0"
20.237.29.81 - - [15/Mar/2025:12:53:07 +0000] "POST /wp-login.php HTTP/1.1" 200 9605 "https://mail.pulsehost.co.uk/wp-login.php" "Mozilla/5.0 (Windows NT 6.1; WOW64; rv:52.0) Gecko/20100101 Firefox/52.0"
158.180.238.53 - - [15/Mar/2025:12:53:12 +0000] "POST /wp-login.php HTTP/1.1" 200 9605 "https://mail.pulsehost.co.uk/wp-login.php" "Mozilla/5.0 (Windows NT 6.1; WOW64; rv:45.0) Gecko/20100101 Firefox/45.0"
89.238.179.12 - - [15/Mar/2025:12:53:16 +0000] "GET /wp-login.php HTTP/1.1" 200 9223 "-" "Mozilla/5.0 (Windows NT 10.0; Win64; x64; rv:57.0) Gecko/20100101 Firefox/57.0"
139.162.226.228 - - [15/Mar/2025:12:53:18 +0000] "POST /wp-login.php HTTP/1.1" 200 9605 "https://mail.pulsehost.co.uk/wp-login.php" "Mozilla/5.0 (Windows; U; Windows NT 5.1; en-US; rv:1.7.12) Gecko/20050915 Firefox/1.0.7"
167.114.67.233 - - [15/Mar/2025:12:53:23 +0000] "POST /wp-login.php HTTP/1.1" 200 9605 "https://mail.pulsehost.co.uk/wp-login.php" "Mozilla/5.0 (iPod; CPU iPhone OS 14_6 like Mac OS X) AppleWebKit/605.1.15 (KHTML, like Gecko) CriOS/91.0.4472.80 Mobile/15E148 Safari/604.1"
108.167.189.22 - - [15/Mar/2025:12:53:24 +0000] "GET /wp-login.php HTTP/1.1" 200 9223 "-" "Mozilla/5.0 (Windows NT 6.1; WOW64; rv:42.0) Gecko/20100101 Firefox/42.0"
108.167.189.22 - - [15/Mar/2025:12:53:25 +0000] "POST /wp-login.php HTTP/1.1" 200 9605 "https://mail.pulsehost.co.uk/wp-login.php" "Mozilla/5.0 (Windows NT 6.1; WOW64; rv:42.0) Gecko/20100101 Firefox/42.0"
46.28.106.190 - - [15/Mar/2025:12:53:27 +0000] "GET /wp-login.php HTTP/1.1" 200 9223 "-" "Mozilla/5.0 (Windows NT 6.1; Win64; x64) AppleWebKit/537.36 (KHTML, like Gecko) Chrome/69.0.3497.100 Safari/537.36"
68.183.82.182 - - [15/Mar/2025:12:53:27 +0000] "GET /wp-login.php HTTP/1.1" 200 9223 "-" "Mozilla/5.0 (Windows NT 10.0; Win64; x64) AppleWebKit/537.36 (KHTML, like Gecko) Chrome/63.0.3239.132 Safari/537.36"
68.183.82.182 - - [15/Mar/2025:12:53:28 +0000] "POST /wp-login.php HTTP/1.1" 200 9605 "https://mail.pulsehost.co.uk/wp-login.php" "Mozilla/5.0 (Windows NT 10.0; Win64; x64) AppleWebKit/537.36 (KHTML, like Gecko) Chrome/63.0.3239.132 Safari/537.36"
157.7.188.163 - - [15/Mar/2025:12:53:34 +0000] "GET /wp-login.php HTTP/1.1" 200 9223 "-" "Mozilla/5.0 (Windows NT 10.0; Win64; x64) AppleWebKit/537.36 (KHTML, like Gecko) Chrome/87.0.4280.88 Safari/537.36"
157.7.188.163 - - [15/Mar/2025:12:53:35 +0000] "POST /wp-login.php HTTP/1.1" 200 9605 "https://mail.pulsehost.co.uk/wp-login.php" "Mozilla/5.0 (Windows NT 10.0; Win64; x64) AppleWebKit/537.36 (KHTML, like Gecko) Chrome/87.0.4280.88 Safari/537.36"
212.80.19.3 - - [15/Mar/2025:12:53:37 +0000] "GET /wp-login.php HTTP/1.1" 200 9223 "-" "Mozilla/5.0 (Windows NT 6.1; Win64; x64) AppleWebKit/537.36 (KHTML, like Gecko) Chrome/63.0.3239.132 Safari/537.36"
66.249.79.106 - - [15/Mar/2025:12:53:54 +0000] "GET /?pcmypage?callback=product%2Fdetail%2F65475524 HTTP/1.1" 200 18844 "-" "Mozilla/5.0 (Linux; Android 6.0.1; Nexus 5X Build/MMB29P) AppleWebKit/537.36 (KHTML, like Gecko) Chrome/133.0.6943.141 Mobile Safari/537.36 (compatible; Googlebot/2.1; +http://www.google.com/bot.html)"
66.249.68.37 - - [15/Mar/2025:12:54:01 +0000] "POST /get-message-notify HTTP/1.1" 200 18663 "https://pulsehost.co.uk/p=1105465" "Mozilla/5.0 (Linux; Android 6.0.1; Nexus 5X Build/MMB29P) AppleWebKit/537.36 (KHTML, like Gecko) Chrome/133.0.6943.141 Mobile Safari/537.36 (compatible; Googlebot/2.1; +http://www.google.com/bot.html)"
66.249.68.39 - - [15/Mar/2025:12:55:24 +0000] "GET /?product/edit/93110394 HTTP/1.1" 200 18592 "-" "Mozilla/5.0 (Linux; Android 6.0.1; Nexus 5X Build/MMB29P) AppleWebKit/537.36 (KHTML, like Gecko) Chrome/133.0.6943.141 Mobile Safari/537.36 (compatible; Googlebot/2.1; +http://www.google.com/bot.html)"
66.249.68.4 - - [15/Mar/2025:12:57:56 +0000] "POST /get-message-notify HTTP/1.1" 200 18692 "https://www.pulsehost.co.uk/?pcmypage?callback=product%2Fdetail%2F91324662" "Mozilla/5.0 (Linux; Android 6.0.1; Nexus 5X Build/MMB29P) AppleWebKit/537.36 (KHTML, like Gecko) Chrome/133.0.6943.141 Mobile Safari/537.36 (compatible; Googlebot/2.1; +http://www.google.com/bot.html)"
66.249.79.165 - - [15/Mar/2025:12:57:58 +0000] "GET /?shopdetail/22790849 HTTP/1.1" 200 18755 "-" "Mozilla/5.0 (Linux; Android 6.0.1; Nexus 5X Build/MMB29P) AppleWebKit/537.36 (KHTML, like Gecko) Chrome/133.0.6943.141 Mobile Safari/537.36 (compatible; Googlebot/2.1; +http://www.google.com/bot.html)"
66.249.68.5 - - [15/Mar/2025:12:58:06 +0000] "GET /?shopdetail/20648327 HTTP/1.1" 200 98 "-" "Mozilla/5.0 (Linux; Android 6.0.1; Nexus 5X Build/MMB29P) AppleWebKit/537.36 (KHTML, like Gecko) Chrome/133.0.6943.141 Mobile Safari/537.36 (compatible; GoogleOther)"
66.249.68.38 - - [15/Mar/2025:12:58:23 +0000] "GET /?shopdetail/26949261 HTTP/1.1" 200 18525 "-" "Mozilla/5.0 (Linux; Android 6.0.1; Nexus 5X Build/MMB29P) AppleWebKit/537.36 (KHTML, like Gecko) Chrome/133.0.6943.141 Mobile Safari/537.36 (compatible; Googlebot/2.1; +http://www.google.com/bot.html)"
66.249.79.166 - - [15/Mar/2025:12:58:24 +0000] "GET /?pcmypage?callback=product/detail/24006907 HTTP/1.1" 200 18857 "-" "Mozilla/5.0 (Linux; Android 6.0.1; Nexus 5X Build/MMB29P) AppleWebKit/537.36 (KHTML, like Gecko) Chrome/133.0.6943.141 Mobile Safari/537.36 (compatible; Googlebot/2.1; +http://www.google.com/bot.html)"
66.249.68.38 - - [15/Mar/2025:12:58:26 +0000] "GET /?pcmypage?callback=product%2Fdetail%2F64911767 HTTP/1.1" 200 18406 "-" "Mozilla/5.0 (Linux; Android 6.0.1; Nexus 5X Build/MMB29P) AppleWebKit/537.36 (KHTML, like Gecko) Chrome/133.0.6943.141 Mobile Safari/537.36 (compatible; Googlebot/2.1; +http://www.google.com/bot.html)"
66.249.68.38 - - [15/Mar/2025:12:59:26 +0000] "GET /?shopdetail/12510472 HTTP/1.1" 200 18778 "-" "Mozilla/5.0 (Linux; Android 6.0.1; Nexus 5X Build/MMB29P) AppleWebKit/537.36 (KHTML, like Gecko) Chrome/133.0.6943.141 Mobile Safari/537.36 (compatible; Googlebot/2.1; +http://www.google.com/bot.html)"
66.249.68.4 - - [15/Mar/2025:12:59:29 +0000] "GET /?product/edit/96110499 HTTP/1.1" 200 18846 "-" "Mozilla/5.0 (Linux; Android 6.0.1; Nexus 5X Build/MMB29P) AppleWebKit/537.36 (KHTML, like Gecko) Chrome/133.0.6943.141 Mobile Safari/537.36 (compatible; Googlebot/2.1; +http://www.google.com/bot.html)"
