57.141.6.60 - - [09/Sep/2025:18:15:33 +0000] "GET /?pflqt/r1904518.html HTTP/2" 301 0 "-" "meta-externalagent/1.1 (+https://developers.facebook.com/docs/sharing/webmasters/crawler)"
57.141.6.12 - - [09/Sep/2025:18:15:49 +0000] "GET /?pflqt%2Fr1904518_html HTTP/2" 200 150389 "-" "meta-externalagent/1.1 (+https://developers.facebook.com/docs/sharing/webmasters/crawler)"
66.249.66.165 - - [09/Sep/2025:18:16:08 +0000] "GET /?zhHant/product/surugaya/42983358?campaign_uid=f64d716db5e979ed2f947dbaf4296895b951ae7f HTTP/1.1" 200 24645 "-" "Mozilla/5.0 (Linux; Android 6.0.1; Nexus 5X Build/MMB29P) AppleWebKit/537.36 (KHTML, like Gecko) Chrome/139.0.7258.154 Mobile Safari/537.36 (compatible; GoogleOther)"
57.141.6.53 - - [09/Sep/2025:18:17:34 +0000] "GET /?yhcms/w1600583.html HTTP/2" 301 0 "-" "meta-externalagent/1.1 (+https://developers.facebook.com/docs/sharing/webmasters/crawler)"
66.249.66.164 - - [09/Sep/2025:18:17:39 +0000] "GET /?product/edit/19605016 HTTP/1.1" 200 25338 "-" "Mozilla/5.0 (Linux; Android 6.0.1; Nexus 5X Build/MMB29P) AppleWebKit/537.36 (KHTML, like Gecko) Chrome/139.0.7258.154 Mobile Safari/537.36 (compatible; GoogleOther)"
66.249.66.164 - - [09/Sep/2025:18:15:31 +0000] "GET /?zhHant/product/surugaya/17965174?campaign_uid=f64d716db5e979ed2f947dbaf4296895b951ae7f HTTP/1.1" 200 25338 "-" "Mozilla/5.0 (Linux; Android 6.0.1; Nexus 5X Build/MMB29P) AppleWebKit/537.36 (KHTML, like Gecko) Chrome/139.0.7258.154 Mobile Safari/537.36 (compatible; GoogleOther)"
57.141.6.10 - - [09/Sep/2025:18:15:44 +0000] "GET /?tvyav/p326290.html HTTP/2" 301 0 "-" "meta-externalagent/1.1 (+https://developers.facebook.com/docs/sharing/webmasters/crawler)"
66.249.66.164 - - [09/Sep/2025:18:15:49 +0000] "GET /?zhHant/product/surugaya/63632858?campaign_uid=f64d716db5e979ed2f947dbaf4296895b951ae7f HTTP/1.1" 200 24199 "-" "Mozilla/5.0 (Linux; Android 6.0.1; Nexus 5X Build/MMB29P) AppleWebKit/537.36 (KHTML, like Gecko) Chrome/139.0.7258.154 Mobile Safari/537.36 (compatible; GoogleOther)"
57.141.6.7 - - [09/Sep/2025:18:15:56 +0000] "GET /?tvyav%2Fp326290_html HTTP/2" 200 150388 "-" "meta-externalagent/1.1 (+https://developers.facebook.com/docs/sharing/webmasters/crawler)"
66.249.66.193 - - [09/Sep/2025:18:16:16 +0000] "GET /?shopdetail/18860027 HTTP/1.1" 200 26440 "-" "Mozilla/5.0 (Linux; Android 6.0.1; Nexus 5X Build/MMB29P) AppleWebKit/537.36 (KHTML, like Gecko) Chrome/139.0.7258.154 Mobile Safari/537.36 (compatible; Googlebot/2.1; +http://www.google.com/bot.html)"
66.249.66.192 - - [09/Sep/2025:18:16:17 +0000] "GET /?shopdetail/1952672 HTTP/1.1" 200 26394 "-" "Mozilla/5.0 (Linux; Android 6.0.1; Nexus 5X Build/MMB29P) AppleWebKit/537.36 (KHTML, like Gecko) Chrome/139.0.7258.154 Mobile Safari/537.36 (compatible; Googlebot/2.1; +http://www.google.com/bot.html)"
66.249.66.164 - - [09/Sep/2025:18:16:26 +0000] "GET /?zhHant/product/surugaya/25149903?campaign_uid=f64d716db5e979ed2f947dbaf4296895b951ae7f HTTP/1.1" 200 24802 "-" "Mozilla/5.0 (Linux; Android 6.0.1; Nexus 5X Build/MMB29P) AppleWebKit/537.36 (KHTML, like Gecko) Chrome/139.0.7258.154 Mobile Safari/537.36 (compatible; GoogleOther)"
66.249.66.164 - - [09/Sep/2025:18:16:44 +0000] "GET /?zhHant/product/surugaya/30298091?campaign_uid=f64d716db5e979ed2f947dbaf4296895b951ae7f HTTP/1.1" 200 24336 "-" "Mozilla/5.0 (Linux; Android 6.0.1; Nexus 5X Build/MMB29P) AppleWebKit/537.36 (KHTML, like Gecko) Chrome/139.0.7258.154 Mobile Safari/537.36 (compatible; GoogleOther)"
66.249.66.165 - - [09/Sep/2025:18:17:02 +0000] "GET /?cjxjb/g1791253.html HTTP/1.1" 200 25276 "-" "Mozilla/5.0 (Linux; Android 6.0.1; Nexus 5X Build/MMB29P) AppleWebKit/537.36 (KHTML, like Gecko) Chrome/139.0.7258.154 Mobile Safari/537.36 (compatible; GoogleOther)"
66.249.66.164 - - [09/Sep/2025:18:17:21 +0000] "GET /?product/edit/13455997 HTTP/1.1" 200 24454 "-" "Mozilla/5.0 (Linux; Android 6.0.1; Nexus 5X Build/MMB29P) AppleWebKit/537.36 (KHTML, like Gecko) Chrome/139.0.7258.154 Mobile Safari/537.36 (compatible; GoogleOther)"
57.141.6.75 - - [09/Sep/2025:18:17:39 +0000] "GET /?yhcms%2Fw1600583_html HTTP/2" 200 150389 "-" "meta-externalagent/1.1 (+https://developers.facebook.com/docs/sharing/webmasters/crawler)"
66.249.66.164 - - [09/Sep/2025:18:17:57 +0000] "GET /?zhHant/product/surugaya/18941702?campaign_uid=f64d716db5e979ed2f947dbaf4296895b951ae7f HTTP/1.1" 200 24326 "-" "Mozilla/5.0 (Linux; Android 6.0.1; Nexus 5X Build/MMB29P) AppleWebKit/537.36 (KHTML, like Gecko) Chrome/139.0.7258.154 Mobile Safari/537.36 (compatible; GoogleOther)"
66.249.66.164 - - [09/Sep/2025:18:18:52 +0000] "GET /?zhHant/product/surugaya/96026545?campaign_uid=f64d716db5e979ed2f947dbaf4296895b951ae7f HTTP/1.1" 200 24433 "-" "Mozilla/5.0 (Linux; Android 6.0.1; Nexus 5X Build/MMB29P) AppleWebKit/537.36 (KHTML, like Gecko) Chrome/139.0.7258.154 Mobile Safari/537.36 (compatible; GoogleOther)"
66.249.66.166 - - [09/Sep/2025:18:19:10 +0000] "GET /?hrglb/j2878342.html HTTP/1.1" 200 24378 "-" "Mozilla/5.0 (Linux; Android 6.0.1; Nexus 5X Build/MMB29P) AppleWebKit/537.36 (KHTML, like Gecko) Chrome/139.0.7258.154 Mobile Safari/537.36 (compatible; GoogleOther)"
66.249.66.165 - - [09/Sep/2025:18:18:15 +0000] "GET /?uawjf/h456804.html HTTP/1.1" 200 25272 "-" "Mozilla/5.0 (Linux; Android 6.0.1; Nexus 5X Build/MMB29P) AppleWebKit/537.36 (KHTML, like Gecko) Chrome/139.0.7258.154 Mobile Safari/537.36 (compatible; GoogleOther)"
66.249.66.164 - - [09/Sep/2025:18:18:34 +0000] "GET /?zhHant/product/surugaya/91926475?campaign_uid=f64d716db5e979ed2f947dbaf4296895b951ae7f HTTP/1.1" 200 25353 "-" "Mozilla/5.0 (Linux; Android 6.0.1; Nexus 5X Build/MMB29P) AppleWebKit/537.36 (KHTML, like Gecko) Chrome/139.0.7258.154 Mobile Safari/537.36 (compatible; GoogleOther)"
45.85.88.115 - - [09/Sep/2025:18:18:48 +0000] "POST /wp-cron.php?doing_wp_cron=1757441928.7375509738922119140625 HTTP/1.1" 200 0 "-" "WordPress/6.8.2; https://pulsehost.co.uk"
57.141.6.73 - - [09/Sep/2025:18:18:48 +0000] "GET /?nfuka/s693933.html HTTP/2" 301 0 "-" "meta-externalagent/1.1 (+https://developers.facebook.com/docs/sharing/webmasters/crawler)"
57.141.6.66 - - [09/Sep/2025:18:18:59 +0000] "GET /?nfuka%2Fs693933_html HTTP/2" 200 150388 "-" "meta-externalagent/1.1 (+https://developers.facebook.com/docs/sharing/webmasters/crawler)"
57.141.6.23 - - [09/Sep/2025:18:19:05 +0000] "GET /?mxylp/j1670510.html HTTP/2" 301 0 "-" "meta-externalagent/1.1 (+https://developers.facebook.com/docs/sharing/webmasters/crawler)"
57.141.6.17 - - [09/Sep/2025:18:19:11 +0000] "GET /?mxylp%2Fj1670510_html HTTP/2" 200 150389 "-" "meta-externalagent/1.1 (+https://developers.facebook.com/docs/sharing/webmasters/crawler)"
89.46.109.92 - - [09/Sep/2025:18:19:24 +0000] "POST /xmlrpc.php HTTP/2" 403 1242 "https://pulsehost.co.uk" "Mozilla/5.0 (Macintosh; Intel Mac OS X 10_15_7; rv:127.0) Gecko/20100101 Firefox/127.0"
66.249.66.165 - - [09/Sep/2025:18:19:29 +0000] "GET /?zhHant/product/surugaya/59993059?campaign_uid=f64d716db5e979ed2f947dbaf4296895b951ae7f HTTP/1.1" 200 27077 "-" "Mozilla/5.0 (Linux; Android 6.0.1; Nexus 5X Build/MMB29P) AppleWebKit/537.36 (KHTML, like Gecko) Chrome/139.0.7258.154 Mobile Safari/537.36 (compatible; GoogleOther)"
66.249.66.164 - - [09/Sep/2025:18:19:47 +0000] "GET /?zhHant/product/surugaya/41085769?campaign_uid=f64d716db5e979ed2f947dbaf4296895b951ae7f HTTP/1.1" 200 25201 "-" "Mozilla/5.0 (Linux; Android 6.0.1; Nexus 5X Build/MMB29P) AppleWebKit/537.36 (KHTML, like Gecko) Chrome/139.0.7258.154 Mobile Safari/537.36 (compatible; GoogleOther)"
66.249.66.164 - - [09/Sep/2025:18:20:05 +0000] "GET /?jjzgl/g2327815.html HTTP/1.1" 200 24443 "-" "Mozilla/5.0 (Linux; Android 6.0.1; Nexus 5X Build/MMB29P) AppleWebKit/537.36 (KHTML, like Gecko) Chrome/139.0.7258.154 Mobile Safari/537.36 (compatible; GoogleOther)"
66.249.66.164 - - [09/Sep/2025:18:20:23 +0000] "GET /?zhHant/product/surugaya/82097093?campaign_uid=f64d716db5e979ed2f947dbaf4296895b951ae7f HTTP/1.1" 200 25143 "-" "Mozilla/5.0 (Linux; Android 6.0.1; Nexus 5X Build/MMB29P) AppleWebKit/537.36 (KHTML, like Gecko) Chrome/139.0.7258.154 Mobile Safari/537.36 (compatible; GoogleOther)"
66.249.66.164 - - [09/Sep/2025:18:20:42 +0000] "GET /?zhHant/product/surugaya/52431382?campaign_uid=f64d716db5e979ed2f947dbaf4296895b951ae7f HTTP/1.1" 200 25694 "-" "Mozilla/5.0 (Linux; Android 6.0.1; Nexus 5X Build/MMB29P) AppleWebKit/537.36 (KHTML, like Gecko) Chrome/139.0.7258.154 Mobile Safari/537.36 (compatible; GoogleOther)"
57.141.6.75 - - [09/Sep/2025:18:20:49 +0000] "GET /?vwqsj/q2100635.html HTTP/2" 301 0 "-" "meta-externalagent/1.1 (+https://developers.facebook.com/docs/sharing/webmasters/crawler)"
162.254.38.211 - - [09/Sep/2025:18:21:03 +0000] "POST /xmlrpc.php HTTP/2" 403 1242 "-" "Mozilla/4.0 (compatible; MSIE 7.0; Windows NT 6.1; Win64; x64; Trident/7.0; .NET CLR 2.0.50727; SLCC2; .NET CLR 3.5.30729; .NET CLR 3.0.30729; Media Center PC 6.0; .NET4.0C; .NET4.0E; GWX:QUALIFIED)"
57.141.6.69 - - [09/Sep/2025:18:21:13 +0000] "GET /?iyfee%2Fm1308749_html HTTP/2" 200 150389 "-" "meta-externalagent/1.1 (+https://developers.facebook.com/docs/sharing/webmasters/crawler)"
162.254.38.211 - - [09/Sep/2025:18:21:26 +0000] "POST /xmlrpc.php HTTP/2" 403 1242 "-" "Mozilla/4.0 (compatible; MSIE 7.0; Windows NT 6.1; Win64; x64; Trident/7.0; .NET CLR 2.0.50727; SLCC2; .NET CLR 3.5.30729; .NET CLR 3.0.30729; Media Center PC 6.0; .NET4.0C; .NET4.0E; GWX:QUALIFIED)"
57.141.6.69 - - [09/Sep/2025:18:21:46 +0000] "GET /?wikwe/a751765.html HTTP/2" 301 0 "-" "meta-externalagent/1.1 (+https://developers.facebook.com/docs/sharing/webmasters/crawler)"
66.249.66.164 - - [09/Sep/2025:18:21:55 +0000] "GET /?zhHant/product/surugaya/81160521?campaign_uid=f64d716db5e979ed2f947dbaf4296895b951ae7f HTTP/1.1" 200 25048 "-" "Mozilla/5.0 (Linux; Android 6.0.1; Nexus 5X Build/MMB29P) AppleWebKit/537.36 (KHTML, like Gecko) Chrome/139.0.7258.154 Mobile Safari/537.36 (compatible; GoogleOther)"
57.141.6.30 - - [09/Sep/2025:18:22:17 +0000] "GET /?wumhf%2Fk644681_html HTTP/2" 200 150388 "-" "meta-externalagent/1.1 (+https://developers.facebook.com/docs/sharing/webmasters/crawler)"
66.249.66.165 - - [09/Sep/2025:18:22:31 +0000] "GET /?product/edit/64018849 HTTP/1.1" 200 25357 "-" "Mozilla/5.0 (Linux; Android 6.0.1; Nexus 5X Build/MMB29P) AppleWebKit/537.36 (KHTML, like Gecko) Chrome/139.0.7258.154 Mobile Safari/537.36 (compatible; GoogleOther)"
177.92.52.209 - - [09/Sep/2025:18:22:49 +0000] "GET /?shopdetail/8363650 HTTP/1.1" 301 0 "https://pulsehost.co.uk/" "Mozilla/5.0 (Macintosh; Intel Mac OS X 10_15_7) AppleWebKit/537.36 (KHTML, like Gecko) Chrome/134.0.0.0 Safari/537.36"
66.249.66.164 - - [09/Sep/2025:18:22:50 +0000] "GET /?product/edit/26296640 HTTP/1.1" 200 26116 "-" "Mozilla/5.0 (Linux; Android 6.0.1; Nexus 5X Build/MMB29P) AppleWebKit/537.36 (KHTML, like Gecko) Chrome/139.0.7258.154 Mobile Safari/537.36 (compatible; GoogleOther)"
66.249.66.164 - - [09/Sep/2025:18:23:08 +0000] "GET /?zhHant/product/surugaya/66690919?campaign_uid=f64d716db5e979ed2f947dbaf4296895b951ae7f HTTP/1.1" 200 29337 "-" "Mozilla/5.0 (Linux; Android 6.0.1; Nexus 5X Build/MMB29P) AppleWebKit/537.36 (KHTML, like Gecko) Chrome/139.0.7258.154 Mobile Safari/537.36 (compatible; GoogleOther)"
89.46.109.92 - - [09/Sep/2025:18:19:24 +0000] "POST /wp-login.php HTTP/2" 200 3751 "https://pulsehost.co.uk" "Mozilla/5.0 (Windows NT 11.0; Win64; x64) AppleWebKit/537.36 (KHTML, like Gecko) Chrome/126.0.0.0 Safari/537.36 Edg/126.0.0.0"
57.141.6.72 - - [09/Sep/2025:18:20:07 +0000] "GET /?yopkf/v1990868.html HTTP/2" 301 0 "-" "meta-externalagent/1.1 (+https://developers.facebook.com/docs/sharing/webmasters/crawler)"
57.141.6.71 - - [09/Sep/2025:18:20:18 +0000] "GET /?yopkf%2Fv1990868_html HTTP/2" 200 150389 "-" "meta-externalagent/1.1 (+https://developers.facebook.com/docs/sharing/webmasters/crawler)"
57.141.6.48 - - [09/Sep/2025:18:20:59 +0000] "GET /?vwqsj%2Fq2100635_html HTTP/2" 200 150389 "-" "meta-externalagent/1.1 (+https://developers.facebook.com/docs/sharing/webmasters/crawler)"
66.249.66.165 - - [09/Sep/2025:18:21:00 +0000] "GET /?product/edit/45202510 HTTP/1.1" 200 24360 "-" "Mozilla/5.0 (Linux; Android 6.0.1; Nexus 5X Build/MMB29P) AppleWebKit/537.36 (KHTML, like Gecko) Chrome/139.0.7258.154 Mobile Safari/537.36 (compatible; GoogleOther)"
57.141.6.72 - - [09/Sep/2025:18:21:01 +0000] "GET /?iyfee/m1308749.html HTTP/2" 301 0 "-" "meta-externalagent/1.1 (+https://developers.facebook.com/docs/sharing/webmasters/crawler)"
57.141.6.27 - - [09/Sep/2025:18:21:06 +0000] "GET /?fmzwd/u694949.html HTTP/2" 301 0 "-" "meta-externalagent/1.1 (+https://developers.facebook.com/docs/sharing/webmasters/crawler)"
57.141.6.75 - - [09/Sep/2025:18:21:15 +0000] "GET /?fmzwd%2Fu694949_html HTTP/2" 200 150388 "-" "meta-externalagent/1.1 (+https://developers.facebook.com/docs/sharing/webmasters/crawler)"
66.249.66.164 - - [09/Sep/2025:18:21:18 +0000] "GET /?zhHant/product/surugaya/32785014?campaign_uid=f64d716db5e979ed2f947dbaf4296895b951ae7f HTTP/1.1" 200 25590 "-" "Mozilla/5.0 (Linux; Android 6.0.1; Nexus 5X Build/MMB29P) AppleWebKit/537.36 (KHTML, like Gecko) Chrome/139.0.7258.154 Mobile Safari/537.36 (compatible; GoogleOther)"
66.249.66.164 - - [09/Sep/2025:18:21:36 +0000] "GET /?uoeew/a311197.html HTTP/1.1" 200 24287 "-" "Mozilla/5.0 (Linux; Android 6.0.1; Nexus 5X Build/MMB29P) AppleWebKit/537.36 (KHTML, like Gecko) Chrome/139.0.7258.154 Mobile Safari/537.36 (compatible; GoogleOther)"
57.141.6.43 - - [09/Sep/2025:18:21:54 +0000] "GET /?wikwe%2Fa751765_html HTTP/2" 200 150388 "-" "meta-externalagent/1.1 (+https://developers.facebook.com/docs/sharing/webmasters/crawler)"
57.141.6.44 - - [09/Sep/2025:18:21:55 +0000] "GET /?dwrca/t865690.html HTTP/2" 301 0 "-" "meta-externalagent/1.1 (+https://developers.facebook.com/docs/sharing/webmasters/crawler)"
57.141.6.53 - - [09/Sep/2025:18:22:04 +0000] "GET /?dwrca%2Ft865690_html HTTP/2" 200 150388 "-" "meta-externalagent/1.1 (+https://developers.facebook.com/docs/sharing/webmasters/crawler)"
57.141.6.17 - - [09/Sep/2025:18:22:08 +0000] "GET /?wumhf/k644681.html HTTP/2" 301 0 "-" "meta-externalagent/1.1 (+https://developers.facebook.com/docs/sharing/webmasters/crawler)"
66.249.66.165 - - [09/Sep/2025:18:22:13 +0000] "GET /?zhHant/product/surugaya/21206312?campaign_uid=f64d716db5e979ed2f947dbaf4296895b951ae7f HTTP/1.1" 200 26464 "-" "Mozilla/5.0 (Linux; Android 6.0.1; Nexus 5X Build/MMB29P) AppleWebKit/537.36 (KHTML, like Gecko) Chrome/139.0.7258.154 Mobile Safari/537.36 (compatible; GoogleOther)"
138.117.119.171 - - [09/Sep/2025:18:22:52 +0000] "GET /?shopdetail/8363650 HTTP/1.1" 301 0 "https://pulsehost.co.uk/" "Mozilla/5.0 (Macintosh; Intel Mac OS X 10_15_7) AppleWebKit/537.36 (KHTML, like Gecko) Chrome/134.0.0.0 Safari/537.36"
57.141.6.58 - - [09/Sep/2025:18:22:54 +0000] "GET /?rxzxy/b123008.html HTTP/2" 301 0 "-" "meta-externalagent/1.1 (+https://developers.facebook.com/docs/sharing/webmasters/crawler)"
57.141.6.6 - - [09/Sep/2025:18:23:03 +0000] "GET /?rxzxy%2Fb123008_html HTTP/2" 200 150388 "-" "meta-externalagent/1.1 (+https://developers.facebook.com/docs/sharing/webmasters/crawler)"
57.141.6.73 - - [09/Sep/2025:18:23:12 +0000] "GET /?fyrsq/m1090661.html HTTP/2" 301 0 "-" "meta-externalagent/1.1 (+https://developers.facebook.com/docs/sharing/webmasters/crawler)"
57.141.6.10 - - [09/Sep/2025:18:23:20 +0000] "GET /?fyrsq%2Fm1090661_html HTTP/2" 200 150389 "-" "meta-externalagent/1.1 (+https://developers.facebook.com/docs/sharing/webmasters/crawler)"
66.249.66.164 - - [09/Sep/2025:18:23:26 +0000] "GET /?zhHant/product/surugaya/22363917?campaign_uid=f64d716db5e979ed2f947dbaf4296895b951ae7f HTTP/1.1" 200 25331 "-" "Mozilla/5.0 (Linux; Android 6.0.1; Nexus 5X Build/MMB29P) AppleWebKit/537.36 (KHTML, like Gecko) Chrome/139.0.7258.154 Mobile Safari/537.36 (compatible; GoogleOther)"
66.249.66.164 - - [09/Sep/2025:18:23:44 +0000] "GET /?kzpmi/w146041.html HTTP/1.1" 200 26963 "-" "Mozilla/5.0 (Linux; Android 6.0.1; Nexus 5X Build/MMB29P) AppleWebKit/537.36 (KHTML, like Gecko) Chrome/139.0.7258.154 Mobile Safari/537.36 (compatible; GoogleOther)"
57.141.6.22 - - [09/Sep/2025:18:23:45 +0000] "GET /?rwoub/p665486.html HTTP/2" 301 0 "-" "meta-externalagent/1.1 (+https://developers.facebook.com/docs/sharing/webmasters/crawler)"
57.141.6.8 - - [09/Sep/2025:18:23:46 +0000] "GET /?tbocc/f2898356.html HTTP/2" 301 0 "-" "meta-externalagent/1.1 (+https://developers.facebook.com/docs/sharing/webmasters/crawler)"
190.106.145.111 - - [09/Sep/2025:18:23:55 +0000] "POST /xmlrpc.php HTTP/2" 403 1242 "https://pulsehost.co.uk" "Mozilla/5.0 (Windows NT 10.0; Win64; x64) AppleWebKit/537.36 (KHTML, like Gecko) Chrome/115.0.5790.102 Safari/537.36"
66.249.66.165 - - [09/Sep/2025:18:24:03 +0000] "GET /?zhHant/product/surugaya/19848319?campaign_uid=f64d716db5e979ed2f947dbaf4296895b951ae7f HTTP/1.1" 200 26866 "-" "Mozilla/5.0 (Linux; Android 6.0.1; Nexus 5X Build/MMB29P) AppleWebKit/537.36 (KHTML, like Gecko) Chrome/139.0.7258.154 Mobile Safari/537.36 (compatible; GoogleOther)"
57.141.6.31 - - [09/Sep/2025:18:24:11 +0000] "GET /?qawxp/a3025985.html HTTP/2" 301 0 "-" "meta-externalagent/1.1 (+https://developers.facebook.com/docs/sharing/webmasters/crawler)"
57.141.6.66 - - [09/Sep/2025:18:24:14 +0000] "GET /?zrqgl/y2301987.html HTTP/2" 301 0 "-" "meta-externalagent/1.1 (+https://developers.facebook.com/docs/sharing/webmasters/crawler)"
66.249.66.164 - - [09/Sep/2025:18:24:21 +0000] "GET /?zhHant/product/surugaya/36402727?campaign_uid=f64d716db5e979ed2f947dbaf4296895b951ae7f HTTP/1.1" 200 25598 "-" "Mozilla/5.0 (Linux; Android 6.0.1; Nexus 5X Build/MMB29P) AppleWebKit/537.36 (KHTML, like Gecko) Chrome/139.0.7258.154 Mobile Safari/537.36 (compatible; GoogleOther)"
57.141.6.8 - - [09/Sep/2025:18:24:21 +0000] "GET /?qawxp%2Fa3025985_html HTTP/2" 200 150389 "-" "meta-externalagent/1.1 (+https://developers.facebook.com/docs/sharing/webmasters/crawler)"
66.249.66.164 - - [09/Sep/2025:18:24:39 +0000] "GET /?zhHant/product/surugaya/59890209?campaign_uid=f64d716db5e979ed2f947dbaf4296895b951ae7f HTTP/1.1" 200 24307 "-" "Mozilla/5.0 (Linux; Android 6.0.1; Nexus 5X Build/MMB29P) AppleWebKit/537.36 (KHTML, like Gecko) Chrome/139.0.7258.154 Mobile Safari/537.36 (compatible; GoogleOther)"
57.141.6.22 - - [09/Sep/2025:18:24:42 +0000] "GET /?iifup/m2369419.html HTTP/2" 301 0 "-" "meta-externalagent/1.1 (+https://developers.facebook.com/docs/sharing/webmasters/crawler)"
57.141.6.59 - - [09/Sep/2025:18:24:53 +0000] "GET /?qifrs%2Fh2692594_html HTTP/2" 200 150389 "-" "meta-externalagent/1.1 (+https://developers.facebook.com/docs/sharing/webmasters/crawler)"
66.249.66.165 - - [09/Sep/2025:18:25:16 +0000] "GET /?pscml/p1302228.html HTTP/1.1" 200 24660 "-" "Mozilla/5.0 (Linux; Android 6.0.1; Nexus 5X Build/MMB29P) AppleWebKit/537.36 (KHTML, like Gecko) Chrome/139.0.7258.154 Mobile Safari/537.36 (compatible; GoogleOther)"
66.249.66.165 - - [09/Sep/2025:18:25:18 +0000] "GET /?bevkh/v1513692.html HTTP/1.1" 200 26691 "-" "Mozilla/5.0 (Linux; Android 6.0.1; Nexus 5X Build/MMB29P) AppleWebKit/537.36 (KHTML, like Gecko) Chrome/139.0.7258.154 Mobile Safari/537.36 (compatible; Googlebot/2.1; +http://www.google.com/bot.html)"
57.141.6.9 - - [09/Sep/2025:18:25:23 +0000] "GET /?wjunb%2Fl3028310_html HTTP/2" 200 150389 "-" "meta-externalagent/1.1 (+https://developers.facebook.com/docs/sharing/webmasters/crawler)"
57.141.6.40 - - [09/Sep/2025:18:25:27 +0000] "GET /?hpbaz/f442916.html HTTP/2" 301 0 "-" "meta-externalagent/1.1 (+https://developers.facebook.com/docs/sharing/webmasters/crawler)"
52.87.164.129 - - [09/Sep/2025:18:25:27 +0000] "GET / HTTP/2" 200 23812 "-" "okhttp/4.9.2"
52.87.164.129 - - [09/Sep/2025:18:25:27 +0000] "GET /favicon.ico HTTP/2" 404 1251 "-" "okhttp/4.9.2"
52.87.164.129 - - [09/Sep/2025:18:25:27 +0000] "GET /favicon.png HTTP/2" 404 12917 "-" "okhttp/4.9.2"
57.141.6.11 - - [09/Sep/2025:18:25:29 +0000] "GET /?ohqpr/w2569369.html HTTP/2" 301 0 "-" "meta-externalagent/1.1 (+https://developers.facebook.com/docs/sharing/webmasters/crawler)"
57.141.6.60 - - [09/Sep/2025:18:25:39 +0000] "GET /?ohqpr%2Fw2569369_html HTTP/2" 200 150389 "-" "meta-externalagent/1.1 (+https://developers.facebook.com/docs/sharing/webmasters/crawler)"
57.141.6.76 - - [09/Sep/2025:18:25:45 +0000] "GET /?hpbaz%2Ff442916_html HTTP/2" 200 150388 "-" "meta-externalagent/1.1 (+https://developers.facebook.com/docs/sharing/webmasters/crawler)"
52.87.164.129 - - [09/Sep/2025:18:25:49 +0000] "GET / HTTP/2" 301 0 "-" "Mozilla/5.0 (X11; Linux x86_64) AppleWebKit/537.36 (KHTML, like Gecko) HeadlessChrome/138.0.7204.23 Safari/537.36"
52.87.164.129 - - [09/Sep/2025:18:25:50 +0000] "GET / HTTP/2" 200 19056 "-" "Mozilla/5.0 (X11; Linux x86_64) AppleWebKit/537.36 (KHTML, like Gecko) HeadlessChrome/138.0.7204.23 Safari/537.36"
52.87.164.129 - - [09/Sep/2025:18:25:50 +0000] "GET /wp-content/plugins/contact-form-7/includes/css/styles.css?ver=6.0.6 HTTP/2" 200 890 "https://pulsehost.co.uk/" "Mozilla/5.0 (X11; Linux x86_64) AppleWebKit/537.36 (KHTML, like Gecko) HeadlessChrome/138.0.7204.23 Safari/537.36"
52.87.164.129 - - [09/Sep/2025:18:25:50 +0000] "GET /wp-content/plugins/dexolix-core/elementor/assets/css/dexolix-elementor.css?ver=1.1 HTTP/2" 200 7438 "https://pulsehost.co.uk/" "Mozilla/5.0 (X11; Linux x86_64) AppleWebKit/537.36 (KHTML, like Gecko) HeadlessChrome/138.0.7204.23 Safari/537.36"
52.87.164.129 - - [09/Sep/2025:18:25:50 +0000] "GET /wp-content/plugins/dexolix-core/library/extension/mega-menu/assets/css/teconce-mega-menu.css?ver=6.8.2 HTTP/2" 200 2250 "https://pulsehost.co.uk/" "Mozilla/5.0 (X11; Linux x86_64) AppleWebKit/537.36 (KHTML, like Gecko) HeadlessChrome/138.0.7204.23 Safari/537.36"
52.87.164.129 - - [09/Sep/2025:18:25:50 +0000] "GET /wp-content/plugins/dexolix-core/public/css/dexolix-core-public.css?ver=1.0.0 HTTP/2" 200 98 "https://pulsehost.co.uk/" "Mozilla/5.0 (X11; Linux x86_64) AppleWebKit/537.36 (KHTML, like Gecko) HeadlessChrome/138.0.7204.23 Safari/537.36"
52.87.164.129 - - [09/Sep/2025:18:25:50 +0000] "GET /wp-content/themes/dexolix/style.css?ver=6.8.2 HTTP/2" 200 348 "https://pulsehost.co.uk/" "Mozilla/5.0 (X11; Linux x86_64) AppleWebKit/537.36 (KHTML, like Gecko) HeadlessChrome/138.0.7204.23 Safari/537.36"
52.87.164.129 - - [09/Sep/2025:18:25:50 +0000] "GET /wp-content/plugins/dexolix-core/elementor/assets/css/dexolix-icon.css?ver=1.0.0 HTTP/2" 200 1087 "https://pulsehost.co.uk/" "Mozilla/5.0 (X11; Linux x86_64) AppleWebKit/537.36 (KHTML, like Gecko) HeadlessChrome/138.0.7204.23 Safari/537.36"
52.87.164.129 - - [09/Sep/2025:18:25:50 +0000] "GET /wp-content/plugins/elementor/assets/css/frontend.min.css?ver=3.29.2 HTTP/2" 200 6472 "https://pulsehost.co.uk/" "Mozilla/5.0 (X11; Linux x86_64) AppleWebKit/537.36 (KHTML, like Gecko) HeadlessChrome/138.0.7204.23 Safari/537.36"
52.87.164.129 - - [09/Sep/2025:18:25:50 +0000] "GET /wp-content/uploads/elementor/css/post-695.css?ver=1750404280 HTTP/2" 200 1248 "https://pulsehost.co.uk/" "Mozilla/5.0 (X11; Linux x86_64) AppleWebKit/537.36 (KHTML, like Gecko) HeadlessChrome/138.0.7204.23 Safari/537.36"
52.87.164.129 - - [09/Sep/2025:18:25:50 +0000] "GET /wp-content/plugins/elementor/assets/lib/eicons/css/elementor-icons.min.css?ver=5.40.0 HTTP/2" 200 3983 "https://pulsehost.co.uk/" "Mozilla/5.0 (X11; Linux x86_64) AppleWebKit/537.36 (KHTML, like Gecko) HeadlessChrome/138.0.7204.23 Safari/537.36"
52.87.164.129 - - [09/Sep/2025:18:25:50 +0000] "GET /wp-content/uploads/elementor/css/post-6.css?ver=1750404281 HTTP/2" 200 323 "https://pulsehost.co.uk/" "Mozilla/5.0 (X11; Linux x86_64) AppleWebKit/537.36 (KHTML, like Gecko) HeadlessChrome/138.0.7204.23 Safari/537.36"
52.87.164.129 - - [09/Sep/2025:18:25:50 +0000] "GET /wp-content/plugins/elementor/assets/css/widget-heading.min.css?ver=3.29.2 HTTP/2" 200 154 "https://pulsehost.co.uk/" "Mozilla/5.0 (X11; Linux x86_64) AppleWebKit/537.36 (KHTML, like Gecko) HeadlessChrome/138.0.7204.23 Safari/537.36"
52.87.164.129 - - [09/Sep/2025:18:25:50 +0000] "GET /wp-content/plugins/elementor/assets/css/widget-image.min.css?ver=3.29.2 HTTP/2" 200 119 "https://pulsehost.co.uk/" "Mozilla/5.0 (X11; Linux x86_64) AppleWebKit/537.36 (KHTML, like Gecko) HeadlessChrome/138.0.7204.23 Safari/537.36"
52.87.164.129 - - [09/Sep/2025:18:25:50 +0000] "GET /wp-content/uploads/elementor/css/post-86.css?ver=1750404318 HTTP/2" 200 2251 "https://pulsehost.co.uk/" "Mozilla/5.0 (X11; Linux x86_64) AppleWebKit/537.36 (KHTML, like Gecko) HeadlessChrome/138.0.7204.23 Safari/537.36"
52.87.164.129 - - [09/Sep/2025:18:25:50 +0000] "GET /wp-content/themes/dexolix/assets/css/theme-default-css/bootstrap.min.css?ver=1.0.0 HTTP/2" 200 28321 "https://pulsehost.co.uk/" "Mozilla/5.0 (X11; Linux x86_64) AppleWebKit/537.36 (KHTML, like Gecko) HeadlessChrome/138.0.7204.23 Safari/537.36"
52.87.164.129 - - [09/Sep/2025:18:25:50 +0000] "GET /wp-content/themes/dexolix/assets/css/theme-default-css/all.min.css?ver=1.0.0 HTTP/2" 200 20965 "https://pulsehost.co.uk/" "Mozilla/5.0 (X11; Linux x86_64) AppleWebKit/537.36 (KHTML, like Gecko) HeadlessChrome/138.0.7204.23 Safari/537.36"
52.87.164.129 - - [09/Sep/2025:18:25:50 +0000] "GET /wp-content/themes/dexolix-child/style.css?ver=1.0.0 HTTP/2" 200 195 "https://pulsehost.co.uk/" "Mozilla/5.0 (X11; Linux x86_64) AppleWebKit/537.36 (KHTML, like Gecko) HeadlessChrome/138.0.7204.23 Safari/537.36"
52.87.164.129 - - [09/Sep/2025:18:25:50 +0000] "GET /wp-content/themes/dexolix/assets/css/theme-default-css/lity.min.css?ver=1.0.0 HTTP/2" 200 956 "https://pulsehost.co.uk/" "Mozilla/5.0 (X11; Linux x86_64) AppleWebKit/537.36 (KHTML, like Gecko) HeadlessChrome/138.0.7204.23 Safari/537.36"
52.87.164.129 - - [09/Sep/2025:18:25:50 +0000] "GET /wp-content/themes/dexolix/assets/css/theme-default-css/theme-default-style.css?ver=1.0.0 HTTP/2" 200 9518 "https://pulsehost.co.uk/" "Mozilla/5.0 (X11; Linux x86_64) AppleWebKit/537.36 (KHTML, like Gecko) HeadlessChrome/138.0.7204.23 Safari/537.36"
52.87.164.129 - - [09/Sep/2025:18:25:50 +0000] "GET /wp-content/themes/dexolix/assets/css/theme-default-css/iconsax-icons.css?ver=1.0.0 HTTP/2" 200 7133 "https://pulsehost.co.uk/" "Mozilla/5.0 (X11; Linux x86_64) AppleWebKit/537.36 (KHTML, like Gecko) HeadlessChrome/138.0.7204.23 Safari/537.36"
52.87.164.129 - - [09/Sep/2025:18:25:50 +0000] "GET /wp-content/themes/dexolix/assets/css/iconly.min.css?ver=1.0.0 HTTP/2" 200 421 "https://pulsehost.co.uk/" "Mozilla/5.0 (X11; Linux x86_64) AppleWebKit/537.36 (KHTML, like Gecko) HeadlessChrome/138.0.7204.23 Safari/537.36"
52.87.164.129 - - [09/Sep/2025:18:25:50 +0000] "GET /wp-content/plugins/elementor/assets/lib/swiper/v8/css/swiper.min.css?ver=8.4.5 HTTP/2" 200 4248 "https://pulsehost.co.uk/" "Mozilla/5.0 (X11; Linux x86_64) AppleWebKit/537.36 (KHTML, like Gecko) HeadlessChrome/138.0.7204.23 Safari/537.36"
52.87.164.129 - - [09/Sep/2025:18:25:50 +0000] "GET /wp-content/themes/dexolix/assets/css/aos.css?ver=1.0.0 HTTP/2" 200 1539 "https://pulsehost.co.uk/" "Mozilla/5.0 (X11; Linux x86_64) AppleWebKit/537.36 (KHTML, like Gecko) HeadlessChrome/138.0.7204.23 Safari/537.36"
52.87.164.129 - - [09/Sep/2025:18:25:50 +0000] "GET /wp-content/themes/dexolix/assets/css/jquery-accordion-menu.css?ver=1.0.0 HTTP/2" 200 1061 "https://pulsehost.co.uk/" "Mozilla/5.0 (X11; Linux x86_64) AppleWebKit/537.36 (KHTML, like Gecko) HeadlessChrome/138.0.7204.23 Safari/537.36"
52.87.164.129 - - [09/Sep/2025:18:25:50 +0000] "GET /wp-content/themes/dexolix/assets/css/style.css?ver=1.0.0 HTTP/2" 200 14045 "https://pulsehost.co.uk/" "Mozilla/5.0 (X11; Linux x86_64) AppleWebKit/537.36 (KHTML, like Gecko) HeadlessChrome/138.0.7204.23 Safari/537.36"
52.87.164.129 - - [09/Sep/2025:18:25:50 +0000] "GET /wp-content/themes/dexolix/assets/css/responsive.css?ver=1.0.0 HTTP/2" 200 6525 "https://pulsehost.co.uk/" "Mozilla/5.0 (X11; Linux x86_64) AppleWebKit/537.36 (KHTML, like Gecko) HeadlessChrome/138.0.7204.23 Safari/537.36"
52.87.164.129 - - [09/Sep/2025:18:25:50 +0000] "GET /wp-content/uploads/elementor/google-fonts/css/anton.css?ver=1750404280 HTTP/2" 200 404 "https://pulsehost.co.uk/" "Mozilla/5.0 (X11; Linux x86_64) AppleWebKit/537.36 (KHTML, like Gecko) HeadlessChrome/138.0.7204.23 Safari/537.36"
52.87.164.129 - - [09/Sep/2025:18:25:50 +0000] "GET /wp-content/uploads/elementor/css/post-635.css?ver=1754063001 HTTP/2" 200 706 "https://pulsehost.co.uk/" "Mozilla/5.0 (X11; Linux x86_64) AppleWebKit/537.36 (KHTML, like Gecko) HeadlessChrome/138.0.7204.23 Safari/537.36"
52.87.164.129 - - [09/Sep/2025:18:25:50 +0000] "GET /wp-content/uploads/elementor/google-fonts/css/instrumentsans.css?ver=1750404281 HTTP/2" 200 479 "https://pulsehost.co.uk/" "Mozilla/5.0 (X11; Linux x86_64) AppleWebKit/537.36 (KHTML, like Gecko) HeadlessChrome/138.0.7204.23 Safari/537.36"
52.87.164.129 - - [09/Sep/2025:18:25:50 +0000] "GET /wp-content/uploads/elementor/google-fonts/css/roboto.css?ver=1750403939 HTTP/2" 200 1880 "https://pulsehost.co.uk/" "Mozilla/5.0 (X11; Linux x86_64) AppleWebKit/537.36 (KHTML, like Gecko) HeadlessChrome/138.0.7204.23 Safari/537.36"
52.87.164.129 - - [09/Sep/2025:18:25:50 +0000] "GET /wp-content/plugins/dexolix-core/elementor/assets/css/iconly.css?ver=1 HTTP/2" 200 420 "https://pulsehost.co.uk/" "Mozilla/5.0 (X11; Linux x86_64) AppleWebKit/537.36 (KHTML, like Gecko) HeadlessChrome/138.0.7204.23 Safari/537.36"
52.87.164.129 - - [09/Sep/2025:18:25:50 +0000] "GET /wp-content/uploads/elementor/google-fonts/css/robotoslab.css?ver=1750403942 HTTP/2" 200 713 "https://pulsehost.co.uk/" "Mozilla/5.0 (X11; Linux x86_64) AppleWebKit/537.36 (KHTML, like Gecko) HeadlessChrome/138.0.7204.23 Safari/537.36"
52.87.164.129 - - [09/Sep/2025:18:25:50 +0000] "GET /wp-includes/js/jquery/jquery-migrate.min.js?ver=3.4.1 HTTP/2" 200 4678 "https://pulsehost.co.uk/" "Mozilla/5.0 (X11; Linux x86_64) AppleWebKit/537.36 (KHTML, like Gecko) HeadlessChrome/138.0.7204.23 Safari/537.36"
52.87.164.129 - - [09/Sep/2025:18:25:50 +0000] "GET /wp-includes/js/jquery/jquery.min.js?ver=3.7.1 HTTP/2" 200 29744 "https://pulsehost.co.uk/" "Mozilla/5.0 (X11; Linux x86_64) AppleWebKit/537.36 (KHTML, like Gecko) HeadlessChrome/138.0.7204.23 Safari/537.36"
52.87.164.129 - - [09/Sep/2025:18:25:50 +0000] "GET /wp-content/plugins/dexolix-core/elementor/assets/js/dexolix-elementor.js?ver=1.1 HTTP/2" 200 3246 "https://pulsehost.co.uk/" "Mozilla/5.0 (X11; Linux x86_64) AppleWebKit/537.36 (KHTML, like Gecko) HeadlessChrome/138.0.7204.23 Safari/537.36"
52.87.164.129 - - [09/Sep/2025:18:25:50 +0000] "GET /wp-content/plugins/dexolix-core/elementor/assets/js/dexolix-editor-flickcity.js?ver=1.1 HTTP/2" 200 13888 "https://pulsehost.co.uk/" "Mozilla/5.0 (X11; Linux x86_64) AppleWebKit/537.36 (KHTML, like Gecko) HeadlessChrome/138.0.7204.23 Safari/537.36"
52.87.164.129 - - [09/Sep/2025:18:25:50 +0000] "GET /wp-content/plugins/dexolix-core/elementor/assets/js/dexolix-parallax.js?ver=1.1 HTTP/2" 200 6129 "https://pulsehost.co.uk/" "Mozilla/5.0 (X11; Linux x86_64) AppleWebKit/537.36 (KHTML, like Gecko) HeadlessChrome/138.0.7204.23 Safari/537.36"
52.87.164.129 - - [09/Sep/2025:18:25:50 +0000] "GET /wp-content/plugins/dexolix-core/public/js/dexolix-core-public.js?ver=1.0.0 HTTP/2" 200 413 "https://pulsehost.co.uk/" "Mozilla/5.0 (X11; Linux x86_64) AppleWebKit/537.36 (KHTML, like Gecko) HeadlessChrome/138.0.7204.23 Safari/537.36"
66.249.66.192 - - [09/Sep/2025:18:23:18 +0000] "GET /?shopdetail/1531994 HTTP/1.1" 200 24287 "-" "Mozilla/5.0 (Linux; Android 6.0.1; Nexus 5X Build/MMB29P) AppleWebKit/537.36 (KHTML, like Gecko) Chrome/139.0.7258.154 Mobile Safari/537.36 (compatible; Googlebot/2.1; +http://www.google.com/bot.html)"
57.141.6.35 - - [09/Sep/2025:18:23:55 +0000] "GET /?rwoub%2Fp665486_html HTTP/2" 200 150388 "-" "meta-externalagent/1.1 (+https://developers.facebook.com/docs/sharing/webmasters/crawler)"
190.106.145.111 - - [09/Sep/2025:18:23:56 +0000] "POST /wp-login.php HTTP/2" 200 3751 "https://pulsehost.co.uk" "Mozilla/5.0 (Windows NT 10.0; Win64; x64) AppleWebKit/537.36 (KHTML, like Gecko) Chrome/112.0.5615.138 Safari/537.36"
57.141.6.52 - - [09/Sep/2025:18:23:57 +0000] "GET /?tbocc%2Ff2898356_html HTTP/2" 200 150389 "-" "meta-externalagent/1.1 (+https://developers.facebook.com/docs/sharing/webmasters/crawler)"
57.141.6.53 - - [09/Sep/2025:18:24:25 +0000] "GET /?zrqgl%2Fy2301987_html HTTP/2" 200 150389 "-" "meta-externalagent/1.1 (+https://developers.facebook.com/docs/sharing/webmasters/crawler)"
57.141.6.32 - - [09/Sep/2025:18:24:43 +0000] "GET /?qifrs/h2692594.html HTTP/2" 301 0 "-" "meta-externalagent/1.1 (+https://developers.facebook.com/docs/sharing/webmasters/crawler)"
57.141.6.60 - - [09/Sep/2025:18:24:53 +0000] "GET /?iifup%2Fm2369419_html HTTP/2" 200 150389 "-" "meta-externalagent/1.1 (+https://developers.facebook.com/docs/sharing/webmasters/crawler)"
66.249.66.164 - - [09/Sep/2025:18:24:57 +0000] "GET /?product/edit/87386365 HTTP/1.1" 200 25078 "-" "Mozilla/5.0 (Linux; Android 6.0.1; Nexus 5X Build/MMB29P) AppleWebKit/537.36 (KHTML, like Gecko) Chrome/139.0.7258.154 Mobile Safari/537.36 (compatible; GoogleOther)"
57.141.6.52 - - [09/Sep/2025:18:25:12 +0000] "GET /?wjunb/l3028310.html HTTP/2" 301 0 "-" "meta-externalagent/1.1 (+https://developers.facebook.com/docs/sharing/webmasters/crawler)"
52.87.164.129 - - [09/Sep/2025:18:25:26 +0000] "GET / HTTP/2" 301 0 "-" "okhttp/4.9.2"
66.249.66.164 - - [09/Sep/2025:18:25:34 +0000] "GET /?product/edit/28532459 HTTP/1.1" 200 27439 "-" "Mozilla/5.0 (Linux; Android 6.0.1; Nexus 5X Build/MMB29P) AppleWebKit/537.36 (KHTML, like Gecko) Chrome/139.0.7258.154 Mobile Safari/537.36 (compatible; GoogleOther)"
57.141.6.44 - - [09/Sep/2025:18:25:47 +0000] "GET /?hwnuj/v2229912.html HTTP/2" 301 0 "-" "meta-externalagent/1.1 (+https://developers.facebook.com/docs/sharing/webmasters/crawler)"
52.87.164.129 - - [09/Sep/2025:18:25:51 +0000] "GET /wp-includes/js/dist/hooks.min.js?ver=4d63a3d491d11ffd8ac6 HTTP/3" 200 1571 "https://pulsehost.co.uk/" "Mozilla/5.0 (X11; Linux x86_64) AppleWebKit/537.36 (KHTML, like Gecko) HeadlessChrome/138.0.7204.23 Safari/537.36"
52.87.164.129 - - [09/Sep/2025:18:25:51 +0000] "GET /wp-includes/js/dist/i18n.min.js?ver=5e580eb46a90c2b997e6 HTTP/3" 200 3542 "https://pulsehost.co.uk/" "Mozilla/5.0 (X11; Linux x86_64) AppleWebKit/537.36 (KHTML, like Gecko) HeadlessChrome/138.0.7204.23 Safari/537.36"
52.87.164.129 - - [09/Sep/2025:18:25:51 +0000] "GET /wp-content/plugins/contact-form-7/includes/swv/js/index.js?ver=6.0.6 HTTP/3" 200 3369 "https://pulsehost.co.uk/" "Mozilla/5.0 (X11; Linux x86_64) AppleWebKit/537.36 (KHTML, like Gecko) HeadlessChrome/138.0.7204.23 Safari/537.36"
52.87.164.129 - - [09/Sep/2025:18:25:51 +0000] "GET /wp-content/plugins/contact-form-7/includes/js/index.js?ver=6.0.6 HTTP/3" 200 4008 "https://pulsehost.co.uk/" "Mozilla/5.0 (X11; Linux x86_64) AppleWebKit/537.36 (KHTML, like Gecko) HeadlessChrome/138.0.7204.23 Safari/537.36"
52.87.164.129 - - [09/Sep/2025:18:25:51 +0000] "GET /wp-content/plugins/elementor/assets/js/webpack.runtime.min.js?ver=3.29.2 HTTP/3" 200 2319 "https://pulsehost.co.uk/" "Mozilla/5.0 (X11; Linux x86_64) AppleWebKit/537.36 (KHTML, like Gecko) HeadlessChrome/138.0.7204.23 Safari/537.36"
52.87.164.129 - - [09/Sep/2025:18:25:51 +0000] "GET /wp-content/themes/dexolix/js/navigation.js?ver=1.0.0 HTTP/3" 200 923 "https://pulsehost.co.uk/" "Mozilla/5.0 (X11; Linux x86_64) AppleWebKit/537.36 (KHTML, like Gecko) HeadlessChrome/138.0.7204.23 Safari/537.36"
52.87.164.129 - - [09/Sep/2025:18:25:51 +0000] "GET /wp-content/themes/dexolix/assets/js/theme-default-js/theme-default.js?ver=1.0.0 HTTP/3" 200 634 "https://pulsehost.co.uk/" "Mozilla/5.0 (X11; Linux x86_64) AppleWebKit/537.36 (KHTML, like Gecko) HeadlessChrome/138.0.7204.23 Safari/537.36"
52.87.164.129 - - [09/Sep/2025:18:25:51 +0000] "GET /wp-content/themes/dexolix/assets/js/jquery-accordion-menu.js?ver=1.0.0 HTTP/3" 200 937 "https://pulsehost.co.uk/" "Mozilla/5.0 (X11; Linux x86_64) AppleWebKit/537.36 (KHTML, like Gecko) HeadlessChrome/138.0.7204.23 Safari/537.36"
52.87.164.129 - - [09/Sep/2025:18:25:51 +0000] "GET /wp-content/themes/dexolix/assets/js/counterup2.js?ver=1.0.0 HTTP/3" 200 830 "https://pulsehost.co.uk/" "Mozilla/5.0 (X11; Linux x86_64) AppleWebKit/537.36 (KHTML, like Gecko) HeadlessChrome/138.0.7204.23 Safari/537.36"
52.87.164.129 - - [09/Sep/2025:18:25:51 +0000] "GET /wp-content/plugins/elementor/assets/js/frontend-modules.min.js?ver=3.29.2 HTTP/3" 200 14423 "https://pulsehost.co.uk/" "Mozilla/5.0 (X11; Linux x86_64) AppleWebKit/537.36 (KHTML, like Gecko) HeadlessChrome/138.0.7204.23 Safari/537.36"
52.87.164.129 - - [09/Sep/2025:18:25:51 +0000] "GET /wp-includes/js/jquery/ui/core.min.js?ver=1.13.3 HTTP/3" 200 6812 "https://pulsehost.co.uk/" "Mozilla/5.0 (X11; Linux x86_64) AppleWebKit/537.36 (KHTML, like Gecko) HeadlessChrome/138.0.7204.23 Safari/537.36"
52.87.164.129 - - [09/Sep/2025:18:25:51 +0000] "GET /wp-content/plugins/elementor/assets/js/frontend.min.js?ver=3.29.2 HTTP/3" 200 10288 "https://pulsehost.co.uk/" "Mozilla/5.0 (X11; Linux x86_64) AppleWebKit/537.36 (KHTML, like Gecko) HeadlessChrome/138.0.7204.23 Safari/537.36"
52.87.164.129 - - [09/Sep/2025:18:25:51 +0000] "GET /wp-content/plugins/dexolix-core/elementor/assets/fonts/dexolix-icon.ttf?1684303465367 HTTP/3" 200 22709 "https://pulsehost.co.uk/wp-content/plugins/dexolix-core/elementor/assets/css/dexolix-icon.css?ver=1.0.0" "Mozilla/5.0 (X11; Linux x86_64) AppleWebKit/537.36 (KHTML, like Gecko) HeadlessChrome/138.0.7204.23 Safari/537.36"
52.87.164.129 - - [09/Sep/2025:18:25:51 +0000] "GET /wp-content/plugins/dexolix-core/elementor/assets/fonts/iconly.ttf HTTP/3" 200 3440 "https://pulsehost.co.uk/wp-content/plugins/dexolix-core/elementor/assets/css/iconly.css?ver=1" "Mozilla/5.0 (X11; Linux x86_64) AppleWebKit/537.36 (KHTML, like Gecko) HeadlessChrome/138.0.7204.23 Safari/537.36"
52.87.164.129 - - [09/Sep/2025:18:25:51 +0000] "GET /wp-content/uploads/elementor/google-fonts/fonts/anton-1ptgg87lroyam3kz-c8.woff2 HTTP/3" 200 18672 "https://pulsehost.co.uk/wp-content/uploads/elementor/google-fonts/css/anton.css?ver=1750404280" "Mozilla/5.0 (X11; Linux x86_64) AppleWebKit/537.36 (KHTML, like Gecko) HeadlessChrome/138.0.7204.23 Safari/537.36"
52.87.164.129 - - [09/Sep/2025:18:25:51 +0000] "GET /wp-content/themes/dexolix/assets/js/theme-default-js/bootstrap.bundle.min.js?ver=1.0.0 HTTP/3" 200 22922 "https://pulsehost.co.uk/" "Mozilla/5.0 (X11; Linux x86_64) AppleWebKit/537.36 (KHTML, like Gecko) HeadlessChrome/138.0.7204.23 Safari/537.36"
52.87.164.129 - - [09/Sep/2025:18:25:51 +0000] "GET /wp-content/themes/dexolix/assets/js/theme-default-js/lity.min.js?ver=1.0.0 HTTP/3" 200 2713 "https://pulsehost.co.uk/" "Mozilla/5.0 (X11; Linux x86_64) AppleWebKit/537.36 (KHTML, like Gecko) HeadlessChrome/138.0.7204.23 Safari/537.36"
52.87.164.129 - - [09/Sep/2025:18:25:51 +0000] "GET /wp-content/plugins/elementor/assets/lib/swiper/v8/swiper.min.js?ver=8.4.5 HTTP/3" 200 38152 "https://pulsehost.co.uk/" "Mozilla/5.0 (X11; Linux x86_64) AppleWebKit/537.36 (KHTML, like Gecko) HeadlessChrome/138.0.7204.23 Safari/537.36"
52.87.164.129 - - [09/Sep/2025:18:25:51 +0000] "GET /wp-content/themes/dexolix/assets/js/aos.js?ver=1.0.0 HTTP/3" 200 4194 "https://pulsehost.co.uk/" "Mozilla/5.0 (X11; Linux x86_64) AppleWebKit/537.36 (KHTML, like Gecko) HeadlessChrome/138.0.7204.23 Safari/537.36"
52.87.164.129 - - [09/Sep/2025:18:25:51 +0000] "GET /wp-content/themes/dexolix/assets/js/gsap.min.js?ver=1.0.0 HTTP/3" 200 27203 "https://pulsehost.co.uk/" "Mozilla/5.0 (X11; Linux x86_64) AppleWebKit/537.36 (KHTML, like Gecko) HeadlessChrome/138.0.7204.23 Safari/537.36"
52.87.164.129 - - [09/Sep/2025:18:25:51 +0000] "GET /wp-content/themes/dexolix/assets/js/ScrollTrigger.min.js?ver=1.0.0 HTTP/3" 200 16429 "https://pulsehost.co.uk/" "Mozilla/5.0 (X11; Linux x86_64) AppleWebKit/537.36 (KHTML, like Gecko) HeadlessChrome/138.0.7204.23 Safari/537.36"
52.87.164.129 - - [09/Sep/2025:18:25:51 +0000] "GET /wp-content/themes/dexolix/assets/js/custom-script-file.js?ver=1.0.0 HTTP/3" 200 1946 "https://pulsehost.co.uk/" "Mozilla/5.0 (X11; Linux x86_64) AppleWebKit/537.36 (KHTML, like Gecko) HeadlessChrome/138.0.7204.23 Safari/537.36"
52.87.164.129 - - [09/Sep/2025:18:25:51 +0000] "GET /wp-content/uploads/2025/05/dot-1.png HTTP/3" 200 62287 "https://pulsehost.co.uk/wp-content/uploads/elementor/css/post-86.css?ver=1750404318" "Mozilla/5.0 (X11; Linux x86_64) AppleWebKit/537.36 (KHTML, like Gecko) HeadlessChrome/138.0.7204.23 Safari/537.36"
52.87.164.129 - - [09/Sep/2025:18:25:51 +0000] "GET /wp-content/uploads/2025/05/dream-2-1.jpg HTTP/3" 200 72599 "https://pulsehost.co.uk/wp-content/uploads/elementor/css/post-86.css?ver=1750404318" "Mozilla/5.0 (X11; Linux x86_64) AppleWebKit/537.36 (KHTML, like Gecko) HeadlessChrome/138.0.7204.23 Safari/537.36"
52.87.164.129 - - [09/Sep/2025:18:25:51 +0000] "GET /wp-content/uploads/2025/05/Vector-2.png HTTP/3" 200 114433 "https://pulsehost.co.uk/" "Mozilla/5.0 (X11; Linux x86_64) AppleWebKit/537.36 (KHTML, like Gecko) HeadlessChrome/138.0.7204.23 Safari/537.36"
52.87.164.129 - - [09/Sep/2025:18:25:51 +0000] "GET /wp-content/uploads/2025/05/Vector-3.png HTTP/3" 200 102061 "https://pulsehost.co.uk/" "Mozilla/5.0 (X11; Linux x86_64) AppleWebKit/537.36 (KHTML, like Gecko) HeadlessChrome/138.0.7204.23 Safari/537.36"
52.87.164.129 - - [09/Sep/2025:18:25:51 +0000] "GET /wp-content/plugins/elementor/assets/js/shared-frontend-handlers.30dc2f9c080845a413a6.bundle.min.js HTTP/3" 200 2546 "https://pulsehost.co.uk/" "Mozilla/5.0 (X11; Linux x86_64) AppleWebKit/537.36 (KHTML, like Gecko) HeadlessChrome/138.0.7204.23 Safari/537.36"
52.87.164.129 - - [09/Sep/2025:18:25:51 +0000] "GET /wp-content/plugins/elementor/assets/js/text-editor.c084ef86600b6f11690d.bundle.min.js HTTP/3" 200 621 "https://pulsehost.co.uk/" "Mozilla/5.0 (X11; Linux x86_64) AppleWebKit/537.36 (KHTML, like Gecko) HeadlessChrome/138.0.7204.23 Safari/537.36"
52.87.164.129 - - [09/Sep/2025:18:25:51 +0000] "GET /wp-json/contact-form-7/v1/contact-forms/709/feedback/schema HTTP/3" 200 187 "https://pulsehost.co.uk/" "Mozilla/5.0 (X11; Linux x86_64) AppleWebKit/537.36 (KHTML, like Gecko) HeadlessChrome/138.0.7204.23 Safari/537.36"
66.249.66.164 - - [09/Sep/2025:18:25:52 +0000] "GET /?zhHant/product/surugaya/93008153?campaign_uid=f64d716db5e979ed2f947dbaf4296895b951ae7f HTTP/1.1" 200 25131 "-" "Mozilla/5.0 (Linux; Android 6.0.1; Nexus 5X Build/MMB29P) AppleWebKit/537.36 (KHTML, like Gecko) Chrome/139.0.7258.154 Mobile Safari/537.36 (compatible; GoogleOther)"
52.87.164.129 - - [09/Sep/2025:18:25:54 +0000] "GET /wp-content/uploads/2025/05/kelly-sikkema-io0ZLYbu31s-unsplash.jpg HTTP/3" 200 115886 "https://pulsehost.co.uk/" "Mozilla/5.0 (X11; Linux x86_64) AppleWebKit/537.36 (KHTML, like Gecko) HeadlessChrome/138.0.7204.23 Safari/537.36"
52.87.164.129 - - [09/Sep/2025:18:25:54 +0000] "GET /wp-content/uploads/2025/05/igor-miske-Px3iBXV-4TU-unsplash.jpg HTTP/3" 200 145087 "https://pulsehost.co.uk/" "Mozilla/5.0 (X11; Linux x86_64) AppleWebKit/537.36 (KHTML, like Gecko) HeadlessChrome/138.0.7204.23 Safari/537.36"
52.87.164.129 - - [09/Sep/2025:18:25:50 +0000] "GET /wp-content/uploads/2025/05/Artboard-1-768x226.webp HTTP/2" 200 4710 "https://pulsehost.co.uk/" "Mozilla/5.0 (X11; Linux x86_64) AppleWebKit/537.36 (KHTML, like Gecko) HeadlessChrome/138.0.7204.23 Safari/537.36"
57.141.6.21 - - [09/Sep/2025:18:26:03 +0000] "GET /?hwnuj%2Fv2229912_html HTTP/2" 200 150389 "-" "meta-externalagent/1.1 (+https://developers.facebook.com/docs/sharing/webmasters/crawler)"
57.141.6.31 - - [09/Sep/2025:18:26:06 +0000] "GET /?mvmoj/c156185.html HTTP/2" 301 0 "-" "meta-externalagent/1.1 (+https://developers.facebook.com/docs/sharing/webmasters/crawler)"
57.141.6.73 - - [09/Sep/2025:18:26:08 +0000] "GET /?afybl/r2276708.html HTTP/2" 301 0 "-" "meta-externalagent/1.1 (+https://developers.facebook.com/docs/sharing/webmasters/crawler)"
57.141.6.26 - - [09/Sep/2025:18:26:16 +0000] "GET /?mvmoj%2Fc156185_html HTTP/2" 200 150388 "-" "meta-externalagent/1.1 (+https://developers.facebook.com/docs/sharing/webmasters/crawler)"
57.141.6.28 - - [09/Sep/2025:18:26:17 +0000] "GET /?afybl%2Fr2276708_html HTTP/2" 200 150389 "-" "meta-externalagent/1.1 (+https://developers.facebook.com/docs/sharing/webmasters/crawler)"
66.249.66.164 - - [09/Sep/2025:18:26:53 +0000] "GET /?eolvi/r3045868.html HTTP/1.1" 200 24247 "-" "Mozilla/5.0 (Linux; Android 6.0.1; Nexus 5X Build/MMB29P) AppleWebKit/537.36 (KHTML, like Gecko) Chrome/139.0.7258.154 Mobile Safari/537.36 (compatible; GoogleOther)"
57.141.6.30 - - [09/Sep/2025:18:27:20 +0000] "GET /?kgaeq/b1460890.html HTTP/2" 301 0 "-" "meta-externalagent/1.1 (+https://developers.facebook.com/docs/sharing/webmasters/crawler)"
66.249.66.165 - - [09/Sep/2025:18:27:24 +0000] "GET /?rcxxc/k1880957.html HTTP/1.1" 200 26827 "-" "Mozilla/5.0 (Linux; Android 6.0.1; Nexus 5X Build/MMB29P) AppleWebKit/537.36 (KHTML, like Gecko) Chrome/139.0.7258.154 Mobile Safari/537.36 (compatible; GoogleOther)"
57.141.6.17 - - [09/Sep/2025:18:27:28 +0000] "GET /?kgaeq%2Fb1460890_html HTTP/2" 200 150389 "-" "meta-externalagent/1.1 (+https://developers.facebook.com/docs/sharing/webmasters/crawler)"
66.249.66.164 - - [09/Sep/2025:18:27:42 +0000] "GET /?zhHant/product/surugaya/51461094?campaign_uid=f64d716db5e979ed2f947dbaf4296895b951ae7f HTTP/1.1" 200 24757 "-" "Mozilla/5.0 (Linux; Android 6.0.1; Nexus 5X Build/MMB29P) AppleWebKit/537.36 (KHTML, like Gecko) Chrome/139.0.7258.154 Mobile Safari/537.36 (compatible; GoogleOther)"
66.249.66.164 - - [09/Sep/2025:18:28:18 +0000] "GET /?qloqf/q162779.html HTTP/1.1" 200 25976 "-" "Mozilla/5.0 (Linux; Android 6.0.1; Nexus 5X Build/MMB29P) AppleWebKit/537.36 (KHTML, like Gecko) Chrome/139.0.7258.154 Mobile Safari/537.36 (compatible; GoogleOther)"
57.141.6.29 - - [09/Sep/2025:18:28:27 +0000] "GET /?fsnqo%2Fr2892544_html HTTP/2" 200 150389 "-" "meta-externalagent/1.1 (+https://developers.facebook.com/docs/sharing/webmasters/crawler)"
66.249.66.164 - - [09/Sep/2025:18:28:37 +0000] "GET /?kvcsg/q2582365.html HTTP/1.1" 200 24931 "-" "Mozilla/5.0 (Linux; Android 6.0.1; Nexus 5X Build/MMB29P) AppleWebKit/537.36 (KHTML, like Gecko) Chrome/139.0.7258.154 Mobile Safari/537.36 (compatible; GoogleOther)"
114.23.54.133 - - [09/Sep/2025:18:28:39 +0000] "POST /xmlrpc.php HTTP/2" 403 1242 "https://pulsehost.co.uk" "Mozilla/5.0 (Macintosh; Intel Mac OS X 10_15_7) AppleWebKit/537.36 (KHTML, like Gecko) Chrome/126.0.0.0 Safari/537.36"
114.23.54.133 - - [09/Sep/2025:18:28:40 +0000] "POST /wp-login.php HTTP/2" 200 3751 "https://pulsehost.co.uk" "Mozilla/5.0 (Macintosh; Intel Mac OS X 13_3) AppleWebKit/537.36 (KHTML, like Gecko) Chrome/126.0.0.0 Safari/537.36 Edg/126.0.0.0"
57.141.6.23 - - [09/Sep/2025:18:28:56 +0000] "GET /?aaivo/w2682131.html HTTP/2" 301 0 "-" "meta-externalagent/1.1 (+https://developers.facebook.com/docs/sharing/webmasters/crawler)"
57.141.6.32 - - [09/Sep/2025:18:29:02 +0000] "GET /?aaivo%2Fw2682131_html HTTP/2" 200 150389 "-" "meta-externalagent/1.1 (+https://developers.facebook.com/docs/sharing/webmasters/crawler)"
52.87.164.129 - - [09/Sep/2025:18:25:54 +0000] "GET /wp-content/uploads/2025/05/austin-distel-744oGeqpxPQ-unsplash.jpg HTTP/3" 200 150861 "https://pulsehost.co.uk/" "Mozilla/5.0 (X11; Linux x86_64) AppleWebKit/537.36 (KHTML, like Gecko) HeadlessChrome/138.0.7204.23 Safari/537.36"
52.87.164.129 - - [09/Sep/2025:18:25:54 +0000] "GET /wp-content/uploads/2025/05/rumman-amin-qXZ7mSns_LM-unsplash.jpg HTTP/3" 200 197352 "https://pulsehost.co.uk/" "Mozilla/5.0 (X11; Linux x86_64) AppleWebKit/537.36 (KHTML, like Gecko) HeadlessChrome/138.0.7204.23 Safari/537.36"
52.87.164.129 - - [09/Sep/2025:18:25:54 +0000] "GET /wp-content/uploads/2025/05/ben-kolde-bs2Ba7t69mM-unsplash.jpg HTTP/3" 200 144079 "https://pulsehost.co.uk/" "Mozilla/5.0 (X11; Linux x86_64) AppleWebKit/537.36 (KHTML, like Gecko) HeadlessChrome/138.0.7204.23 Safari/537.36"
52.87.164.129 - - [09/Sep/2025:18:25:54 +0000] "GET /favicon.ico HTTP/3" 404 1251 "https://pulsehost.co.uk/" "Mozilla/5.0 (X11; Linux x86_64) AppleWebKit/537.36 (KHTML, like Gecko) HeadlessChrome/138.0.7204.23 Safari/537.36"
57.141.6.73 - - [09/Sep/2025:18:26:04 +0000] "GET /?eoyvo/u1645639.html HTTP/2" 301 0 "-" "meta-externalagent/1.1 (+https://developers.facebook.com/docs/sharing/webmasters/crawler)"
57.141.6.59 - - [09/Sep/2025:18:26:09 +0000] "GET /?eoyvo%2Fu1645639_html HTTP/2" 200 150389 "-" "meta-externalagent/1.1 (+https://developers.facebook.com/docs/sharing/webmasters/crawler)"
66.249.66.165 - - [09/Sep/2025:18:26:10 +0000] "GET /?product/edit/74950934 HTTP/1.1" 200 25142 "-" "Mozilla/5.0 (Linux; Android 6.0.1; Nexus 5X Build/MMB29P) AppleWebKit/537.36 (KHTML, like Gecko) Chrome/139.0.7258.154 Mobile Safari/537.36 (compatible; GoogleOther)"
66.249.66.165 - - [09/Sep/2025:18:26:29 +0000] "GET /?tfjtd/v2489160.html HTTP/1.1" 200 24549 "-" "Mozilla/5.0 (Linux; Android 6.0.1; Nexus 5X Build/MMB29P) AppleWebKit/537.36 (KHTML, like Gecko) Chrome/139.0.7258.154 Mobile Safari/537.36 (compatible; GoogleOther)"
66.249.66.164 - - [09/Sep/2025:18:26:47 +0000] "GET /?product/edit/63776937 HTTP/1.1" 200 24751 "-" "Mozilla/5.0 (Linux; Android 6.0.1; Nexus 5X Build/MMB29P) AppleWebKit/537.36 (KHTML, like Gecko) Chrome/139.0.7258.154 Mobile Safari/537.36 (compatible; GoogleOther)"
66.249.66.166 - - [09/Sep/2025:18:27:05 +0000] "GET /?qvnbf/c145839.html HTTP/1.1" 200 26516 "-" "Mozilla/5.0 (Linux; Android 6.0.1; Nexus 5X Build/MMB29P) AppleWebKit/537.36 (KHTML, like Gecko) Chrome/139.0.7258.154 Mobile Safari/537.36 (compatible; GoogleOther)"
216.73.216.149 - - [09/Sep/2025:18:27:44 +0000] "GET / HTTP/2" 403 0 "-" "Mozilla/5.0 AppleWebKit/537.36 (KHTML, like Gecko; compatible; ClaudeBot/1.0; +claudebot@anthropic.com)"
66.249.66.165 - - [09/Sep/2025:18:28:00 +0000] "GET /?product/edit/78817957 HTTP/1.1" 200 25236 "-" "Mozilla/5.0 (Linux; Android 6.0.1; Nexus 5X Build/MMB29P) AppleWebKit/537.36 (KHTML, like Gecko) Chrome/139.0.7258.154 Mobile Safari/537.36 (compatible; GoogleOther)"
