188.166.176.134 - - [08/Sep/2025:15:28:31 +0000] "POST //wp-login.php HTTP/1.1" 200 14935 "https://pulsehost.co.uk//wp-login.php" "Mozilla/5.0 (Windows NT 10.0; Win64; x64) AppleWebKit/537.36 (KHTML, like Gecko) Chrome/88.0.4240.193 Safari/537.36"
188.166.176.134 - - [08/Sep/2025:15:28:46 +0000] "POST //wp-login.php HTTP/1.1" 200 14935 "https://pulsehost.co.uk//wp-login.php" "Mozilla/5.0 (Windows NT 10.0; Win64; x64) AppleWebKit/537.36 (KHTML, like Gecko) Chrome/88.0.4240.193 Safari/537.36"
188.166.176.134 - - [08/Sep/2025:15:29:01 +0000] "POST //wp-login.php HTTP/1.1" 200 14935 "https://pulsehost.co.uk//wp-login.php" "Mozilla/5.0 (Windows NT 10.0; Win64; x64) AppleWebKit/537.36 (KHTML, like Gecko) Chrome/88.0.4240.193 Safari/537.36"
188.166.176.134 - - [08/Sep/2025:15:29:16 +0000] "POST //wp-login.php HTTP/1.1" 200 14935 "https://pulsehost.co.uk//wp-login.php" "Mozilla/5.0 (Windows NT 10.0; Win64; x64) AppleWebKit/537.36 (KHTML, like Gecko) Chrome/88.0.4240.193 Safari/537.36"
162.241.63.88 - - [08/Sep/2025:15:29:38 +0000] "POST /xmlrpc.php HTTP/2" 403 1242 "-" "Mozilla/5.0 (X11; Linux x86_64) AppleWebKit/537.36 (KHTML, like Gecko) Chrome/66.0.3359.158 Safari/537.36"
162.241.63.88 - - [08/Sep/2025:15:29:41 +0000] "POST /xmlrpc.php HTTP/2" 403 1242 "-" "Mozilla/5.0 (X11; Linux x86_64) AppleWebKit/537.36 (KHTML, like Gecko) Chrome/66.0.3359.158 Safari/537.36"
188.166.176.134 - - [08/Sep/2025:15:29:31 +0000] "POST //wp-login.php HTTP/1.1" 200 14935 "https://pulsehost.co.uk//wp-login.php" "Mozilla/5.0 (Windows NT 10.0; Win64; x64) AppleWebKit/537.36 (KHTML, like Gecko) Chrome/88.0.4240.193 Safari/537.36"
66.249.66.164 - - [08/Sep/2025:15:29:48 +0000] "GET /?zhHant/product/surugaya/89957193?campaign_uid=f64d716db5e979ed2f947dbaf4296895b951ae7f HTTP/1.1" 200 25522 "-" "Mozilla/5.0 (Linux; Android 6.0.1; Nexus 5X Build/MMB29P) AppleWebKit/537.36 (KHTML, like Gecko) Chrome/138.0.7204.183 Mobile Safari/537.36 (compatible; GoogleOther)"
66.249.66.70 - - [08/Sep/2025:15:26:41 +0000] "GET /?pcmypage?callback=product/detail/77405417 HTTP/1.1" 200 25347 "-" "Mozilla/5.0 (Linux; Android 6.0.1; Nexus 5X Build/MMB29P) AppleWebKit/537.36 (KHTML, like Gecko) Chrome/138.0.7204.183 Mobile Safari/537.36 (compatible; Googlebot/2.1; +http://www.google.com/bot.html)"
66.249.66.166 - - [08/Sep/2025:15:27:28 +0000] "GET /?zhHant/product/surugaya/52193755?campaign_uid=f64d716db5e979ed2f947dbaf4296895b951ae7f HTTP/1.1" 200 27349 "-" "Mozilla/5.0 (Linux; Android 6.0.1; Nexus 5X Build/MMB29P) AppleWebKit/537.36 (KHTML, like Gecko) Chrome/138.0.7204.183 Mobile Safari/537.36 (compatible; GoogleOther)"
57.141.6.27 - - [08/Sep/2025:15:28:05 +0000] "GET /?oudzc/y2174119.html HTTP/2" 301 0 "-" "meta-externalagent/1.1 (+https://developers.facebook.com/docs/sharing/webmasters/crawler)"
178.33.250.142 - - [08/Sep/2025:15:28:14 +0000] "GET /wp-login.php HTTP/2" 200 3630 "-" "Mozilla/5.0 (Windows NT 6.1; WOW64; Trident/7.0; EIE10;ENUSMCM; rv:11.0) like Gecko"
178.33.250.142 - - [08/Sep/2025:15:28:14 +0000] "POST /wp-login.php HTTP/2" 200 3767 "https://pulsehost.co.uk/wp-login.php" "Mozilla/5.0 (Windows NT 6.1; WOW64; Trident/7.0; EIE10;ENUSMCM; rv:11.0) like Gecko"
66.249.66.164 - - [08/Sep/2025:15:28:15 +0000] "GET /?zhHant/product/surugaya/44529822?campaign_uid=f64d716db5e979ed2f947dbaf4296895b951ae7f HTTP/1.1" 200 27181 "-" "Mozilla/5.0 (Linux; Android 6.0.1; Nexus 5X Build/MMB29P) AppleWebKit/537.36 (KHTML, like Gecko) Chrome/138.0.7204.183 Mobile Safari/537.36 (compatible; GoogleOther)"
66.249.66.68 - - [08/Sep/2025:15:28:32 +0000] "GET /?shopdetail/16835249 HTTP/1.1" 200 24866 "-" "Mozilla/5.0 (Linux; Android 6.0.1; Nexus 5X Build/MMB29P) AppleWebKit/537.36 (KHTML, like Gecko) Chrome/138.0.7204.183 Mobile Safari/537.36 (compatible; Googlebot/2.1; +http://www.google.com/bot.html)"
57.141.6.66 - - [08/Sep/2025:15:28:36 +0000] "GET /?nsxwm%2Fk1384043_html HTTP/2" 200 150389 "-" "meta-externalagent/1.1 (+https://developers.facebook.com/docs/sharing/webmasters/crawler)"
57.141.6.67 - - [08/Sep/2025:15:28:37 +0000] "GET /?ojkyu%2Fa3048319_html HTTP/2" 200 150389 "-" "meta-externalagent/1.1 (+https://developers.facebook.com/docs/sharing/webmasters/crawler)"
57.141.6.6 - - [08/Sep/2025:15:29:29 +0000] "GET /?nxfvu/u968183.html HTTP/2" 301 0 "-" "meta-externalagent/1.1 (+https://developers.facebook.com/docs/sharing/webmasters/crawler)"
57.141.6.61 - - [08/Sep/2025:15:29:33 +0000] "GET /?nxfvu%2Fu968183_html HTTP/2" 200 150388 "-" "meta-externalagent/1.1 (+https://developers.facebook.com/docs/sharing/webmasters/crawler)"
162.241.63.88 - - [08/Sep/2025:15:29:37 +0000] "POST /xmlrpc.php HTTP/2" 403 1242 "-" "Mozilla/5.0 (X11; Linux x86_64) AppleWebKit/537.36 (KHTML, like Gecko) Chrome/66.0.3359.158 Safari/537.36"
162.241.63.88 - - [08/Sep/2025:15:29:39 +0000] "POST /xmlrpc.php HTTP/2" 403 1242 "-" "Mozilla/5.0 (X11; Linux x86_64) AppleWebKit/537.36 (KHTML, like Gecko) Chrome/66.0.3359.158 Safari/537.36"
162.241.63.88 - - [08/Sep/2025:15:29:40 +0000] "POST /xmlrpc.php HTTP/2" 403 1242 "-" "Mozilla/5.0 (X11; Linux x86_64) AppleWebKit/537.36 (KHTML, like Gecko) Chrome/66.0.3359.158 Safari/537.36"
162.241.63.88 - - [08/Sep/2025:15:29:40 +0000] "POST /xmlrpc.php HTTP/2" 403 1242 "-" "Mozilla/5.0 (X11; Linux x86_64) AppleWebKit/537.36 (KHTML, like Gecko) Chrome/66.0.3359.158 Safari/537.36"
57.141.6.74 - - [08/Sep/2025:15:29:51 +0000] "GET /?dvnhk/p86024.html HTTP/2" 301 0 "-" "meta-externalagent/1.1 (+https://developers.facebook.com/docs/sharing/webmasters/crawler)"
57.141.6.56 - - [08/Sep/2025:15:29:56 +0000] "GET /?dvnhk%2Fp86024_html HTTP/2" 200 150387 "-" "meta-externalagent/1.1 (+https://developers.facebook.com/docs/sharing/webmasters/crawler)"
45.172.56.38 - - [08/Sep/2025:15:30:20 +0000] "GET /?shopdetail/1362438 HTTP/1.1" 301 0 "https://pulsehost.co.uk/" "Mozilla/5.0 (X11; CrOS x86_64 14541.0.0) AppleWebKit/537.36 (KHTML, like Gecko) Chrome/134.0.0.0 Safari/537.36"
188.166.176.134 - - [08/Sep/2025:15:29:46 +0000] "POST //wp-login.php HTTP/1.1" 200 14935 "https://pulsehost.co.uk//wp-login.php" "Mozilla/5.0 (Windows NT 10.0; Win64; x64) AppleWebKit/537.36 (KHTML, like Gecko) Chrome/88.0.4240.193 Safari/537.36"
188.166.176.134 - - [08/Sep/2025:15:30:01 +0000] "POST //wp-login.php HTTP/1.1" 200 14935 "https://pulsehost.co.uk//wp-login.php" "Mozilla/5.0 (Windows NT 10.0; Win64; x64) AppleWebKit/537.36 (KHTML, like Gecko) Chrome/88.0.4240.193 Safari/537.36"
66.249.66.70 - - [08/Sep/2025:15:30:23 +0000] "GET /?pcmypage?callback=/product/detail/54719990 HTTP/1.1" 200 25261 "-" "Mozilla/5.0 (Linux; Android 6.0.1; Nexus 5X Build/MMB29P) AppleWebKit/537.36 (KHTML, like Gecko) Chrome/138.0.7204.183 Mobile Safari/537.36 (compatible; Googlebot/2.1; +http://www.google.com/bot.html)"
188.166.176.134 - - [08/Sep/2025:15:30:17 +0000] "POST //wp-login.php HTTP/1.1" 200 14935 "https://pulsehost.co.uk//wp-login.php" "Mozilla/5.0 (Windows NT 10.0; Win64; x64) AppleWebKit/537.36 (KHTML, like Gecko) Chrome/88.0.4240.193 Safari/537.36"
177.22.160.178 - - [08/Sep/2025:15:30:37 +0000] "GET /?shopdetail/8262250 HTTP/1.1" 301 0 "https://pulsehost.co.uk/" "Mozilla/5.0 (X11; Linux x86_64) AppleWebKit/537.36 (KHTML, like Gecko) Chrome/114.0.0.0 Safari/537.36"
188.166.176.134 - - [08/Sep/2025:15:30:31 +0000] "POST //wp-login.php HTTP/1.1" 200 14935 "https://pulsehost.co.uk//wp-login.php" "Mozilla/5.0 (Windows NT 10.0; Win64; x64) AppleWebKit/537.36 (KHTML, like Gecko) Chrome/88.0.4240.193 Safari/537.36"
189.36.233.19 - - [08/Sep/2025:15:30:56 +0000] "GET /?shopdetail/25962183 HTTP/1.1" 301 0 "https://pulsehost.co.uk/" "Mozilla/5.0 (Windows NT 10.0; Win64; x64) AppleWebKit/537.36 (KHTML, like Gecko) Chrome/134.0.0.0 Safari/537.36 Edg/134.0.0.0"
188.166.176.134 - - [08/Sep/2025:15:30:46 +0000] "POST //wp-login.php HTTP/1.1" 200 14935 "https://pulsehost.co.uk//wp-login.php" "Mozilla/5.0 (Windows NT 10.0; Win64; x64) AppleWebKit/537.36 (KHTML, like Gecko) Chrome/88.0.4240.193 Safari/537.36"
188.166.176.134 - - [08/Sep/2025:15:31:01 +0000] "POST //wp-login.php HTTP/1.1" 200 14935 "https://pulsehost.co.uk//wp-login.php" "Mozilla/5.0 (Windows NT 10.0; Win64; x64) AppleWebKit/537.36 (KHTML, like Gecko) Chrome/88.0.4240.193 Safari/537.36"
190.24.40.200 - - [08/Sep/2025:15:31:18 +0000] "GET /?shopdetail/27564349 HTTP/1.1" 301 0 "https://pulsehost.co.uk/" "Mozilla/5.0 (Windows NT 10.0; Win64; x64) AppleWebKit/537.36 (KHTML, like Gecko) Chrome/135.0.0.0 Safari/537.36"
191.243.45.182 - - [08/Sep/2025:15:31:20 +0000] "GET /?shopdetail/27564349 HTTP/1.1" 301 0 "https://pulsehost.co.uk/" "Mozilla/5.0 (Windows NT 10.0; Win64; x64) AppleWebKit/537.36 (KHTML, like Gecko) Chrome/135.0.0.0 Safari/537.36"
188.166.176.134 - - [08/Sep/2025:15:31:16 +0000] "POST //wp-login.php HTTP/1.1" 200 14935 "https://pulsehost.co.uk//wp-login.php" "Mozilla/5.0 (Windows NT 10.0; Win64; x64) AppleWebKit/537.36 (KHTML, like Gecko) Chrome/88.0.4240.193 Safari/537.36"
188.166.176.134 - - [08/Sep/2025:15:31:31 +0000] "POST //wp-login.php HTTP/1.1" 200 14935 "https://pulsehost.co.uk//wp-login.php" "Mozilla/5.0 (Windows NT 10.0; Win64; x64) AppleWebKit/537.36 (KHTML, like Gecko) Chrome/88.0.4240.193 Safari/537.36"
188.166.176.134 - - [08/Sep/2025:15:31:46 +0000] "POST //wp-login.php HTTP/1.1" 200 14935 "https://pulsehost.co.uk//wp-login.php" "Mozilla/5.0 (Windows NT 10.0; Win64; x64) AppleWebKit/537.36 (KHTML, like Gecko) Chrome/88.0.4240.193 Safari/537.36"
186.189.73.221 - - [08/Sep/2025:15:32:11 +0000] "GET /?shopdetail/8482338 HTTP/1.1" 301 0 "https://pulsehost.co.uk/" "Mozilla/5.0 (Windows NT 10.0; Win64; x64) AppleWebKit/537.36 (KHTML, like Gecko) Chrome/135.0.0.0 Safari/537.36"
66.249.66.194 - - [08/Sep/2025:15:32:15 +0000] "GET /?zhHant/product/surugaya/26679940?campaign_uid=f64d716db5e979ed2f947dbaf4296895b951ae7f HTTP/1.1" 200 25019 "-" "Mozilla/5.0 (Linux; Android 6.0.1; Nexus 5X Build/MMB29P) AppleWebKit/537.36 (KHTML, like Gecko) Chrome/138.0.7204.183 Mobile Safari/537.36 (compatible; Googlebot/2.1; +http://www.google.com/bot.html)"
188.166.176.134 - - [08/Sep/2025:15:32:01 +0000] "POST //wp-login.php HTTP/1.1" 200 14935 "https://pulsehost.co.uk//wp-login.php" "Mozilla/5.0 (Windows NT 10.0; Win64; x64) AppleWebKit/537.36 (KHTML, like Gecko) Chrome/88.0.4240.193 Safari/537.36"
216.73.216.161 - - [08/Sep/2025:15:32:29 +0000] "GET /robots.txt HTTP/2" 200 140 "-" "Mozilla/5.0 AppleWebKit/537.36 (KHTML, like Gecko; compatible; ClaudeBot/1.0; +claudebot@anthropic.com)"
216.73.216.161 - - [08/Sep/2025:15:32:29 +0000] "GET / HTTP/2" 403 0 "-" "Mozilla/5.0 AppleWebKit/537.36 (KHTML, like Gecko; compatible; ClaudeBot/1.0; +claudebot@anthropic.com)"
188.166.176.134 - - [08/Sep/2025:15:32:16 +0000] "POST //wp-login.php HTTP/1.1" 200 14935 "https://pulsehost.co.uk//wp-login.php" "Mozilla/5.0 (Windows NT 10.0; Win64; x64) AppleWebKit/537.36 (KHTML, like Gecko) Chrome/88.0.4240.193 Safari/537.36"
188.166.176.134 - - [08/Sep/2025:15:32:31 +0000] "POST //wp-login.php HTTP/1.1" 200 14935 "https://pulsehost.co.uk//wp-login.php" "Mozilla/5.0 (Windows NT 10.0; Win64; x64) AppleWebKit/537.36 (KHTML, like Gecko) Chrome/88.0.4240.193 Safari/537.36"
188.166.176.134 - - [08/Sep/2025:15:32:46 +0000] "POST //wp-login.php HTTP/1.1" 200 14935 "https://pulsehost.co.uk//wp-login.php" "Mozilla/5.0 (Windows NT 10.0; Win64; x64) AppleWebKit/537.36 (KHTML, like Gecko) Chrome/88.0.4240.193 Safari/537.36"
188.166.176.134 - - [08/Sep/2025:15:33:01 +0000] "POST //wp-login.php HTTP/1.1" 200 14935 "https://pulsehost.co.uk//wp-login.php" "Mozilla/5.0 (Windows NT 10.0; Win64; x64) AppleWebKit/537.36 (KHTML, like Gecko) Chrome/88.0.4240.193 Safari/537.36"
188.166.176.134 - - [08/Sep/2025:15:33:16 +0000] "POST //wp-login.php HTTP/1.1" 200 14935 "https://pulsehost.co.uk//wp-login.php" "Mozilla/5.0 (Windows NT 10.0; Win64; x64) AppleWebKit/537.36 (KHTML, like Gecko) Chrome/88.0.4240.193 Safari/537.36"
188.166.176.134 - - [08/Sep/2025:15:33:31 +0000] "POST //wp-login.php HTTP/1.1" 200 14935 "https://pulsehost.co.uk//wp-login.php" "Mozilla/5.0 (Windows NT 10.0; Win64; x64) AppleWebKit/537.36 (KHTML, like Gecko) Chrome/88.0.4240.193 Safari/537.36"
188.166.176.134 - - [08/Sep/2025:15:33:46 +0000] "POST //wp-login.php HTTP/1.1" 200 14935 "https://pulsehost.co.uk//wp-login.php" "Mozilla/5.0 (Windows NT 10.0; Win64; x64) AppleWebKit/537.36 (KHTML, like Gecko) Chrome/88.0.4240.193 Safari/537.36"
188.166.176.134 - - [08/Sep/2025:15:34:01 +0000] "POST //wp-login.php HTTP/1.1" 200 14935 "https://pulsehost.co.uk//wp-login.php" "Mozilla/5.0 (Windows NT 10.0; Win64; x64) AppleWebKit/537.36 (KHTML, like Gecko) Chrome/88.0.4240.193 Safari/537.36"
188.166.176.134 - - [08/Sep/2025:15:34:16 +0000] "POST //wp-login.php HTTP/1.1" 200 14935 "https://pulsehost.co.uk//wp-login.php" "Mozilla/5.0 (Windows NT 10.0; Win64; x64) AppleWebKit/537.36 (KHTML, like Gecko) Chrome/88.0.4240.193 Safari/537.36"
66.249.66.164 - - [08/Sep/2025:15:34:34 +0000] "GET /?zhHant/product/surugaya/94353883?campaign_uid=f64d716db5e979ed2f947dbaf4296895b951ae7f HTTP/1.1" 200 26969 "-" "Mozilla/5.0 (Linux; Android 6.0.1; Nexus 5X Build/MMB29P) AppleWebKit/537.36 (KHTML, like Gecko) Chrome/138.0.7204.183 Mobile Safari/537.36 (compatible; GoogleOther)"
188.166.176.134 - - [08/Sep/2025:15:34:31 +0000] "POST //wp-login.php HTTP/1.1" 200 14935 "https://pulsehost.co.uk//wp-login.php" "Mozilla/5.0 (Windows NT 10.0; Win64; x64) AppleWebKit/537.36 (KHTML, like Gecko) Chrome/88.0.4240.193 Safari/537.36"
57.141.6.58 - - [08/Sep/2025:15:34:50 +0000] "GET /?gybkj/t746324.html HTTP/2" 301 0 "-" "meta-externalagent/1.1 (+https://developers.facebook.com/docs/sharing/webmasters/crawler)"
57.141.6.74 - - [08/Sep/2025:15:34:54 +0000] "GET /?gybkj%2Ft746324_html HTTP/2" 200 150388 "-" "meta-externalagent/1.1 (+https://developers.facebook.com/docs/sharing/webmasters/crawler)"
188.166.176.134 - - [08/Sep/2025:15:34:46 +0000] "POST //wp-login.php HTTP/1.1" 200 14935 "https://pulsehost.co.uk//wp-login.php" "Mozilla/5.0 (Windows NT 10.0; Win64; x64) AppleWebKit/537.36 (KHTML, like Gecko) Chrome/88.0.4240.193 Safari/537.36"
66.249.66.164 - - [08/Sep/2025:15:30:22 +0000] "GET /?rvpk/z3008488.html HTTP/1.1" 200 23964 "-" "Mozilla/5.0 (Linux; Android 6.0.1; Nexus 5X Build/MMB29P) AppleWebKit/537.36 (KHTML, like Gecko) Chrome/138.0.7204.183 Mobile Safari/537.36 (compatible; Googlebot/2.1; +http://www.google.com/bot.html)"
45.234.79.231 - - [08/Sep/2025:15:30:22 +0000] "GET /?shopdetail/1362438 HTTP/1.1" 301 0 "https://pulsehost.co.uk/" "Mozilla/5.0 (X11; CrOS x86_64 14541.0.0) AppleWebKit/537.36 (KHTML, like Gecko) Chrome/134.0.0.0 Safari/537.36"
66.249.66.69 - - [08/Sep/2025:15:30:23 +0000] "GET /?shopdetail/20850927 HTTP/1.1" 200 25603 "-" "Mozilla/5.0 (Linux; Android 6.0.1; Nexus 5X Build/MMB29P) AppleWebKit/537.36 (KHTML, like Gecko) Chrome/138.0.7204.183 Mobile Safari/537.36 (compatible; Googlebot/2.1; +http://www.google.com/bot.html)"
190.131.129.90 - - [08/Sep/2025:15:30:39 +0000] "GET /?shopdetail/8262250 HTTP/1.1" 301 0 "https://pulsehost.co.uk/" "Mozilla/5.0 (X11; Linux x86_64) AppleWebKit/537.36 (KHTML, like Gecko) Chrome/114.0.0.0 Safari/537.36"
128.201.194.70 - - [08/Sep/2025:15:30:45 +0000] "GET /?shopdetail/25962183 HTTP/1.1" 301 0 "https://pulsehost.co.uk/" "Mozilla/5.0 (Windows NT 10.0; Win64; x64) AppleWebKit/537.36 (KHTML, like Gecko) Chrome/134.0.0.0 Safari/537.36 Edg/134.0.0.0"
66.249.66.165 - - [08/Sep/2025:15:31:19 +0000] "GET /?zhHant/product/surugaya/17130813?campaign_uid=f64d716db5e979ed2f947dbaf4296895b951ae7f HTTP/1.1" 200 25742 "-" "Mozilla/5.0 (Linux; Android 6.0.1; Nexus 5X Build/MMB29P) AppleWebKit/537.36 (KHTML, like Gecko) Chrome/138.0.7204.183 Mobile Safari/537.36 (compatible; Googlebot/2.1; +http://www.google.com/bot.html)"
66.249.66.165 - - [08/Sep/2025:15:31:22 +0000] "GET /?zhHant/product/surugaya/89639742?campaign_uid=f64d716db5e979ed2f947dbaf4296895b951ae7f HTTP/1.1" 200 24643 "-" "Mozilla/5.0 (Linux; Android 6.0.1; Nexus 5X Build/MMB29P) AppleWebKit/537.36 (KHTML, like Gecko) Chrome/138.0.7204.183 Mobile Safari/537.36 (compatible; GoogleOther)"
66.249.66.70 - - [08/Sep/2025:15:32:14 +0000] "GET /?shopdetail/27243805 HTTP/1.1" 200 29038 "-" "Mozilla/5.0 (Linux; Android 6.0.1; Nexus 5X Build/MMB29P) AppleWebKit/537.36 (KHTML, like Gecko) Chrome/138.0.7204.183 Mobile Safari/537.36 (compatible; Googlebot/2.1; +http://www.google.com/bot.html)"
186.66.65.100 - - [08/Sep/2025:15:32:14 +0000] "GET /?shopdetail/8482338 HTTP/1.1" 301 0 "https://pulsehost.co.uk/" "Mozilla/5.0 (Windows NT 10.0; Win64; x64) AppleWebKit/537.36 (KHTML, like Gecko) Chrome/135.0.0.0 Safari/537.36"
66.249.66.165 - - [08/Sep/2025:15:32:56 +0000] "GET /?zhHant/product/surugaya/50944432?campaign_uid=f64d716db5e979ed2f947dbaf4296895b951ae7f HTTP/1.1" 200 24776 "-" "Mozilla/5.0 (Linux; Android 6.0.1; Nexus 5X Build/MMB29P) AppleWebKit/537.36 (KHTML, like Gecko) Chrome/138.0.7204.183 Mobile Safari/537.36 (compatible; GoogleOther)"
57.141.6.61 - - [08/Sep/2025:15:33:54 +0000] "GET /?mncqy/h1763510.html HTTP/2" 301 0 "-" "meta-externalagent/1.1 (+https://developers.facebook.com/docs/sharing/webmasters/crawler)"
57.141.6.20 - - [08/Sep/2025:15:33:58 +0000] "GET /?mncqy%2Fh1763510_html HTTP/2" 200 150389 "-" "meta-externalagent/1.1 (+https://developers.facebook.com/docs/sharing/webmasters/crawler)"
66.249.66.69 - - [08/Sep/2025:15:34:05 +0000] "GET /?shopdetail/27755472 HTTP/1.1" 200 25741 "-" "Mozilla/5.0 (Linux; Android 6.0.1; Nexus 5X Build/MMB29P) AppleWebKit/537.36 (KHTML, like Gecko) Chrome/138.0.7204.183 Mobile Safari/537.36 (compatible; Googlebot/2.1; +http://www.google.com/bot.html)"
57.141.6.17 - - [08/Sep/2025:15:35:47 +0000] "GET /?bqnvz%2Fc793991_html HTTP/2" 200 150388 "-" "meta-externalagent/1.1 (+https://developers.facebook.com/docs/sharing/webmasters/crawler)"
66.249.66.166 - - [08/Sep/2025:15:35:57 +0000] "GET /?product/edit/64384215 HTTP/1.1" 200 25600 "-" "Mozilla/5.0 (Linux; Android 6.0.1; Nexus 5X Build/MMB29P) AppleWebKit/537.36 (KHTML, like Gecko) Chrome/138.0.7204.183 Mobile Safari/537.36 (compatible; Googlebot/2.1; +http://www.google.com/bot.html)"
188.166.176.134 - - [08/Sep/2025:15:35:01 +0000] "POST //wp-login.php HTTP/1.1" 200 14935 "https://pulsehost.co.uk//wp-login.php" "Mozilla/5.0 (Windows NT 10.0; Win64; x64) AppleWebKit/537.36 (KHTML, like Gecko) Chrome/88.0.4240.193 Safari/537.36"
188.166.176.134 - - [08/Sep/2025:15:35:16 +0000] "POST //wp-login.php HTTP/1.1" 200 14935 "https://pulsehost.co.uk//wp-login.php" "Mozilla/5.0 (Windows NT 10.0; Win64; x64) AppleWebKit/537.36 (KHTML, like Gecko) Chrome/88.0.4240.193 Safari/537.36"
57.141.6.16 - - [08/Sep/2025:15:35:39 +0000] "GET /?bqnvz/c793991.html HTTP/2" 301 0 "-" "meta-externalagent/1.1 (+https://developers.facebook.com/docs/sharing/webmasters/crawler)"
188.166.176.134 - - [08/Sep/2025:15:35:31 +0000] "POST //wp-login.php HTTP/1.1" 200 14935 "https://pulsehost.co.uk//wp-login.php" "Mozilla/5.0 (Windows NT 10.0; Win64; x64) AppleWebKit/537.36 (KHTML, like Gecko) Chrome/88.0.4240.193 Safari/537.36"
66.249.66.68 - - [08/Sep/2025:15:35:58 +0000] "GET /?shopdetail/5311938 HTTP/1.1" 200 25455 "-" "Mozilla/5.0 (Linux; Android 6.0.1; Nexus 5X Build/MMB29P) AppleWebKit/537.36 (KHTML, like Gecko) Chrome/138.0.7204.183 Mobile Safari/537.36 (compatible; Googlebot/2.1; +http://www.google.com/bot.html)"
66.249.66.68 - - [08/Sep/2025:15:35:59 +0000] "GET /?pcmypage?callback=/product/detail/23495826 HTTP/1.1" 200 25491 "-" "Mozilla/5.0 (Linux; Android 6.0.1; Nexus 5X Build/MMB29P) AppleWebKit/537.36 (KHTML, like Gecko) Chrome/138.0.7204.183 Mobile Safari/537.36 (compatible; Googlebot/2.1; +http://www.google.com/bot.html)"
188.166.176.134 - - [08/Sep/2025:15:35:46 +0000] "POST //wp-login.php HTTP/1.1" 200 14935 "https://pulsehost.co.uk//wp-login.php" "Mozilla/5.0 (Windows NT 10.0; Win64; x64) AppleWebKit/537.36 (KHTML, like Gecko) Chrome/88.0.4240.193 Safari/537.36"
66.249.66.164 - - [08/Sep/2025:15:36:04 +0000] "GET /?zhHant/product/surugaya/83471312?campaign_uid=f64d716db5e979ed2f947dbaf4296895b951ae7f HTTP/1.1" 200 31009 "-" "Mozilla/5.0 (Linux; Android 6.0.1; Nexus 5X Build/MMB29P) AppleWebKit/537.36 (KHTML, like Gecko) Chrome/138.0.7204.183 Mobile Safari/537.36 (compatible; GoogleOther)"
188.166.176.134 - - [08/Sep/2025:15:36:01 +0000] "POST //wp-login.php HTTP/1.1" 200 14935 "https://pulsehost.co.uk//wp-login.php" "Mozilla/5.0 (Windows NT 10.0; Win64; x64) AppleWebKit/537.36 (KHTML, like Gecko) Chrome/88.0.4240.193 Safari/537.36"
188.166.176.134 - - [08/Sep/2025:15:36:18 +0000] "POST //wp-login.php HTTP/1.1" 200 14935 "https://pulsehost.co.uk//wp-login.php" "Mozilla/5.0 (Windows NT 10.0; Win64; x64) AppleWebKit/537.36 (KHTML, like Gecko) Chrome/88.0.4240.193 Safari/537.36"
57.141.6.73 - - [08/Sep/2025:15:36:32 +0000] "GET /?swpwx/h2897474.html HTTP/2" 301 0 "-" "meta-externalagent/1.1 (+https://developers.facebook.com/docs/sharing/webmasters/crawler)"
57.141.6.75 - - [08/Sep/2025:15:36:33 +0000] "GET /?enhyg/b2136214.html HTTP/2" 301 0 "-" "meta-externalagent/1.1 (+https://developers.facebook.com/docs/sharing/webmasters/crawler)"
57.141.6.31 - - [08/Sep/2025:15:36:36 +0000] "GET /?enhyg%2Fb2136214_html HTTP/2" 200 150389 "-" "meta-externalagent/1.1 (+https://developers.facebook.com/docs/sharing/webmasters/crawler)"
188.166.176.134 - - [08/Sep/2025:15:36:31 +0000] "POST //wp-login.php HTTP/1.1" 200 14935 "https://pulsehost.co.uk//wp-login.php" "Mozilla/5.0 (Windows NT 10.0; Win64; x64) AppleWebKit/537.36 (KHTML, like Gecko) Chrome/88.0.4240.193 Safari/537.36"
66.249.66.192 - - [08/Sep/2025:15:36:55 +0000] "GET /?shopdetail/7784983 HTTP/1.1" 200 25068 "-" "Mozilla/5.0 (Linux; Android 6.0.1; Nexus 5X Build/MMB29P) AppleWebKit/537.36 (KHTML, like Gecko) Chrome/138.0.7204.183 Mobile Safari/537.36 (compatible; Googlebot/2.1; +http://www.google.com/bot.html)"
188.166.176.134 - - [08/Sep/2025:15:36:46 +0000] "POST //wp-login.php HTTP/1.1" 200 14935 "https://pulsehost.co.uk//wp-login.php" "Mozilla/5.0 (Windows NT 10.0; Win64; x64) AppleWebKit/537.36 (KHTML, like Gecko) Chrome/88.0.4240.193 Safari/537.36"
66.249.66.166 - - [08/Sep/2025:15:35:58 +0000] "GET /?product/edit/33935953 HTTP/1.1" 200 24185 "-" "Mozilla/5.0 (Linux; Android 6.0.1; Nexus 5X Build/MMB29P) AppleWebKit/537.36 (KHTML, like Gecko) Chrome/138.0.7204.183 Mobile Safari/537.36 (compatible; Googlebot/2.1; +http://www.google.com/bot.html)"
57.141.6.63 - - [08/Sep/2025:15:36:36 +0000] "GET /?swpwx%2Fh2897474_html HTTP/2" 200 150389 "-" "meta-externalagent/1.1 (+https://developers.facebook.com/docs/sharing/webmasters/crawler)"
188.166.176.134 - - [08/Sep/2025:15:37:01 +0000] "POST //wp-login.php HTTP/1.1" 200 14935 "https://pulsehost.co.uk//wp-login.php" "Mozilla/5.0 (Windows NT 10.0; Win64; x64) AppleWebKit/537.36 (KHTML, like Gecko) Chrome/88.0.4240.193 Safari/537.36"
188.166.176.134 - - [08/Sep/2025:15:37:16 +0000] "POST //wp-login.php HTTP/1.1" 200 14935 "https://pulsehost.co.uk//wp-login.php" "Mozilla/5.0 (Windows NT 10.0; Win64; x64) AppleWebKit/537.36 (KHTML, like Gecko) Chrome/88.0.4240.193 Safari/537.36"
188.166.176.134 - - [08/Sep/2025:15:37:31 +0000] "POST //wp-login.php HTTP/1.1" 200 14935 "https://pulsehost.co.uk//wp-login.php" "Mozilla/5.0 (Windows NT 10.0; Win64; x64) AppleWebKit/537.36 (KHTML, like Gecko) Chrome/88.0.4240.193 Safari/537.36"
188.166.176.134 - - [08/Sep/2025:15:37:46 +0000] "POST //wp-login.php HTTP/1.1" 200 14935 "https://pulsehost.co.uk//wp-login.php" "Mozilla/5.0 (Windows NT 10.0; Win64; x64) AppleWebKit/537.36 (KHTML, like Gecko) Chrome/88.0.4240.193 Safari/537.36"
188.166.176.134 - - [08/Sep/2025:15:38:01 +0000] "POST //wp-login.php HTTP/1.1" 200 14935 "https://pulsehost.co.uk//wp-login.php" "Mozilla/5.0 (Windows NT 10.0; Win64; x64) AppleWebKit/537.36 (KHTML, like Gecko) Chrome/88.0.4240.193 Safari/537.36"
188.166.176.134 - - [08/Sep/2025:15:38:16 +0000] "POST //wp-login.php HTTP/1.1" 200 14935 "https://pulsehost.co.uk//wp-login.php" "Mozilla/5.0 (Windows NT 10.0; Win64; x64) AppleWebKit/537.36 (KHTML, like Gecko) Chrome/88.0.4240.193 Safari/537.36"
188.166.176.134 - - [08/Sep/2025:15:38:31 +0000] "POST //wp-login.php HTTP/1.1" 200 14935 "https://pulsehost.co.uk//wp-login.php" "Mozilla/5.0 (Windows NT 10.0; Win64; x64) AppleWebKit/537.36 (KHTML, like Gecko) Chrome/88.0.4240.193 Safari/537.36"
188.166.176.134 - - [08/Sep/2025:15:38:46 +0000] "POST //wp-login.php HTTP/1.1" 200 14935 "https://pulsehost.co.uk//wp-login.php" "Mozilla/5.0 (Windows NT 10.0; Win64; x64) AppleWebKit/537.36 (KHTML, like Gecko) Chrome/88.0.4240.193 Safari/537.36"
188.166.176.134 - - [08/Sep/2025:15:39:01 +0000] "POST //wp-login.php HTTP/1.1" 200 14935 "https://pulsehost.co.uk//wp-login.php" "Mozilla/5.0 (Windows NT 10.0; Win64; x64) AppleWebKit/537.36 (KHTML, like Gecko) Chrome/88.0.4240.193 Safari/537.36"
188.166.176.134 - - [08/Sep/2025:15:39:16 +0000] "POST //wp-login.php HTTP/1.1" 200 14935 "https://pulsehost.co.uk//wp-login.php" "Mozilla/5.0 (Windows NT 10.0; Win64; x64) AppleWebKit/537.36 (KHTML, like Gecko) Chrome/88.0.4240.193 Safari/537.36"
188.166.176.134 - - [08/Sep/2025:15:39:31 +0000] "POST //wp-login.php HTTP/1.1" 200 14935 "https://pulsehost.co.uk//wp-login.php" "Mozilla/5.0 (Windows NT 10.0; Win64; x64) AppleWebKit/537.36 (KHTML, like Gecko) Chrome/88.0.4240.193 Safari/537.36"
66.249.66.69 - - [08/Sep/2025:15:39:45 +0000] "GET /?shopdetail/18722716 HTTP/1.1" 200 24197 "-" "Mozilla/5.0 (Linux; Android 6.0.1; Nexus 5X Build/MMB29P) AppleWebKit/537.36 (KHTML, like Gecko) Chrome/138.0.7204.183 Mobile Safari/537.36 (compatible; Googlebot/2.1; +http://www.google.com/bot.html)"
57.141.6.41 - - [08/Sep/2025:15:39:56 +0000] "GET /?elljw/c2052677.html HTTP/2" 301 0 "-" "meta-externalagent/1.1 (+https://developers.facebook.com/docs/sharing/webmasters/crawler)"
188.166.176.134 - - [08/Sep/2025:15:39:46 +0000] "POST //wp-login.php HTTP/1.1" 200 14935 "https://pulsehost.co.uk//wp-login.php" "Mozilla/5.0 (Windows NT 10.0; Win64; x64) AppleWebKit/537.36 (KHTML, like Gecko) Chrome/88.0.4240.193 Safari/537.36"
57.141.6.5 - - [08/Sep/2025:15:40:03 +0000] "GET /?elljw%2Fc2052677_html HTTP/2" 200 150389 "-" "meta-externalagent/1.1 (+https://developers.facebook.com/docs/sharing/webmasters/crawler)"
57.141.6.16 - - [08/Sep/2025:15:40:04 +0000] "GET /?vdlvz/t2141562.html HTTP/2" 301 0 "-" "meta-externalagent/1.1 (+https://developers.facebook.com/docs/sharing/webmasters/crawler)"
57.141.6.40 - - [08/Sep/2025:15:40:08 +0000] "GET /?vdlvz%2Ft2141562_html HTTP/2" 200 150389 "-" "meta-externalagent/1.1 (+https://developers.facebook.com/docs/sharing/webmasters/crawler)"
188.166.176.134 - - [08/Sep/2025:15:40:01 +0000] "POST //wp-login.php HTTP/1.1" 200 14935 "https://pulsehost.co.uk//wp-login.php" "Mozilla/5.0 (Windows NT 10.0; Win64; x64) AppleWebKit/537.36 (KHTML, like Gecko) Chrome/88.0.4240.193 Safari/537.36"
162.241.63.88 - - [08/Sep/2025:15:40:15 +0000] "GET /wp-login.php HTTP/2" 200 3630 "-" "Mozilla/5.0 (SAP NetWeaverBusinessClient; Windows NT 6.2; WOW64; Trident/7.0; rv:11.0) like Gecko"
162.241.63.88 - - [08/Sep/2025:15:40:16 +0000] "POST /wp-login.php HTTP/2" 200 3767 "https://pulsehost.co.uk/wp-login.php" "Mozilla/5.0 (SAP NetWeaverBusinessClient; Windows NT 6.2; WOW64; Trident/7.0; rv:11.0) like Gecko"
188.166.176.134 - - [08/Sep/2025:15:40:16 +0000] "POST //wp-login.php HTTP/1.1" 200 14935 "https://pulsehost.co.uk//wp-login.php" "Mozilla/5.0 (Windows NT 10.0; Win64; x64) AppleWebKit/537.36 (KHTML, like Gecko) Chrome/88.0.4240.193 Safari/537.36"
66.249.66.164 - - [08/Sep/2025:15:40:41 +0000] "GET /?zhHant/product/surugaya/14197974?campaign_uid=f64d716db5e979ed2f947dbaf4296895b951ae7f HTTP/1.1" 200 26065 "-" "Mozilla/5.0 (Linux; Android 6.0.1; Nexus 5X Build/MMB29P) AppleWebKit/537.36 (KHTML, like Gecko) Chrome/138.0.7204.183 Mobile Safari/537.36 (compatible; Googlebot/2.1; +http://www.google.com/bot.html)"
188.166.176.134 - - [08/Sep/2025:15:40:31 +0000] "POST //wp-login.php HTTP/1.1" 200 14935 "https://pulsehost.co.uk//wp-login.php" "Mozilla/5.0 (Windows NT 10.0; Win64; x64) AppleWebKit/537.36 (KHTML, like Gecko) Chrome/88.0.4240.193 Safari/537.36"
66.249.66.164 - - [08/Sep/2025:15:40:46 +0000] "GET /?zhHant/product/surugaya/26806765?campaign_uid=f64d716db5e979ed2f947dbaf4296895b951ae7f HTTP/1.1" 200 25903 "-" "Mozilla/5.0 (Linux; Android 6.0.1; Nexus 5X Build/MMB29P) AppleWebKit/537.36 (KHTML, like Gecko) Chrome/138.0.7204.183 Mobile Safari/537.36 (compatible; GoogleOther)"
188.166.176.134 - - [08/Sep/2025:15:40:46 +0000] "POST //wp-login.php HTTP/1.1" 200 14935 "https://pulsehost.co.uk//wp-login.php" "Mozilla/5.0 (Windows NT 10.0; Win64; x64) AppleWebKit/537.36 (KHTML, like Gecko) Chrome/88.0.4240.193 Safari/537.36"
188.166.176.134 - - [08/Sep/2025:15:41:01 +0000] "POST //wp-login.php HTTP/1.1" 200 14935 "https://pulsehost.co.uk//wp-login.php" "Mozilla/5.0 (Windows NT 10.0; Win64; x64) AppleWebKit/537.36 (KHTML, like Gecko) Chrome/88.0.4240.193 Safari/537.36"
188.166.176.134 - - [08/Sep/2025:15:41:16 +0000] "POST //wp-login.php HTTP/1.1" 200 14935 "https://pulsehost.co.uk//wp-login.php" "Mozilla/5.0 (Windows NT 10.0; Win64; x64) AppleWebKit/537.36 (KHTML, like Gecko) Chrome/88.0.4240.193 Safari/537.36"
57.141.6.2 - - [08/Sep/2025:15:41:41 +0000] "GET /?ifcvb%2Fz1681212_html HTTP/2" 200 150389 "-" "meta-externalagent/1.1 (+https://developers.facebook.com/docs/sharing/webmasters/crawler)"
188.166.176.134 - - [08/Sep/2025:15:41:31 +0000] "POST //wp-login.php HTTP/1.1" 200 14935 "https://pulsehost.co.uk//wp-login.php" "Mozilla/5.0 (Windows NT 10.0; Win64; x64) AppleWebKit/537.36 (KHTML, like Gecko) Chrome/88.0.4240.193 Safari/537.36"
170.245.39.174 - - [08/Sep/2025:15:41:49 +0000] "GET /?shopdetail/23792083 HTTP/1.1" 301 0 "https://pulsehost.co.uk/" "Mozilla/5.0 (Windows NT 10.0; Win64; x64) AppleWebKit/537.36 (KHTML, like Gecko) Chrome/135.0.0.0 Safari/537.36 Edg/135.0.0.0"
179.34.26.199 - - [08/Sep/2025:15:41:53 +0000] "GET /?shopdetail/23792083 HTTP/1.1" 301 0 "https://pulsehost.co.uk/" "Mozilla/5.0 (Windows NT 10.0; Win64; x64) AppleWebKit/537.36 (KHTML, like Gecko) Chrome/135.0.0.0 Safari/537.36 Edg/135.0.0.0"
188.166.176.134 - - [08/Sep/2025:15:41:48 +0000] "POST //wp-login.php HTTP/1.1" 200 14935 "https://pulsehost.co.uk//wp-login.php" "Mozilla/5.0 (Windows NT 10.0; Win64; x64) AppleWebKit/537.36 (KHTML, like Gecko) Chrome/88.0.4240.193 Safari/537.36"
188.166.176.134 - - [08/Sep/2025:15:42:01 +0000] "POST //wp-login.php HTTP/1.1" 200 14935 "https://pulsehost.co.uk//wp-login.php" "Mozilla/5.0 (Windows NT 10.0; Win64; x64) AppleWebKit/537.36 (KHTML, like Gecko) Chrome/88.0.4240.193 Safari/537.36"
66.249.66.166 - - [08/Sep/2025:15:42:20 +0000] "GET /?zhHant/product/surugaya/82625751?campaign_uid=f64d716db5e979ed2f947dbaf4296895b951ae7f HTTP/1.1" 200 24924 "-" "Mozilla/5.0 (Linux; Android 6.0.1; Nexus 5X Build/MMB29P) AppleWebKit/537.36 (KHTML, like Gecko) Chrome/138.0.7204.183 Mobile Safari/537.36 (compatible; GoogleOther)"
188.166.176.134 - - [08/Sep/2025:15:42:16 +0000] "POST //wp-login.php HTTP/1.1" 200 14935 "https://pulsehost.co.uk//wp-login.php" "Mozilla/5.0 (Windows NT 10.0; Win64; x64) AppleWebKit/537.36 (KHTML, like Gecko) Chrome/88.0.4240.193 Safari/537.36"
66.249.66.70 - - [08/Sep/2025:15:42:31 +0000] "GET /?shopdetail/2940061 HTTP/1.1" 200 26040 "-" "Mozilla/5.0 (Linux; Android 6.0.1; Nexus 5X Build/MMB29P) AppleWebKit/537.36 (KHTML, like Gecko) Chrome/138.0.7204.183 Mobile Safari/537.36 (compatible; Googlebot/2.1; +http://www.google.com/bot.html)"
66.249.66.70 - - [08/Sep/2025:15:42:32 +0000] "GET /?safe_search/config?return_url=/product/detail/70609421 HTTP/1.1" 200 24955 "-" "Mozilla/5.0 (Linux; Android 6.0.1; Nexus 5X Build/MMB29P) AppleWebKit/537.36 (KHTML, like Gecko) Chrome/138.0.7204.183 Mobile Safari/537.36 (compatible; Googlebot/2.1; +http://www.google.com/bot.html)"
66.249.66.164 - - [08/Sep/2025:15:42:33 +0000] "GET /?shopdetail/10100894 HTTP/1.1" 200 25611 "-" "Mozilla/5.0 (Linux; Android 6.0.1; Nexus 5X Build/MMB29P) AppleWebKit/537.36 (KHTML, like Gecko) Chrome/138.0.7204.183 Mobile Safari/537.36 (compatible; Googlebot/2.1; +http://www.google.com/bot.html)"
188.166.176.134 - - [08/Sep/2025:15:42:31 +0000] "POST //wp-login.php HTTP/1.1" 200 14935 "https://pulsehost.co.uk//wp-login.php" "Mozilla/5.0 (Windows NT 10.0; Win64; x64) AppleWebKit/537.36 (KHTML, like Gecko) Chrome/88.0.4240.193 Safari/537.36"
3.130.96.91 - - [08/Sep/2025:15:42:52 +0000] "GET / HTTP/1.1" 301 0 "-" "Mozilla/5.0 (Macintosh; Intel Mac OS X 10_15_7) Chrome/126.0.0.0 Safari/537.36"
3.130.96.91 - - [08/Sep/2025:15:42:58 +0000] "GET / HTTP/1.1" 200 23812 "https://45.85.88.115/" "Mozilla/5.0 (Macintosh; Intel Mac OS X 10_15_7) Chrome/126.0.0.0 Safari/537.36"
188.166.176.134 - - [08/Sep/2025:15:42:46 +0000] "POST //wp-login.php HTTP/1.1" 200 14935 "https://pulsehost.co.uk//wp-login.php" "Mozilla/5.0 (Windows NT 10.0; Win64; x64) AppleWebKit/537.36 (KHTML, like Gecko) Chrome/88.0.4240.193 Safari/537.36"
57.141.6.66 - - [08/Sep/2025:15:43:02 +0000] "GET /?epoec/s1513349.html HTTP/2" 301 0 "-" "meta-externalagent/1.1 (+https://developers.facebook.com/docs/sharing/webmasters/crawler)"
57.141.6.41 - - [08/Sep/2025:15:43:06 +0000] "GET /?epoec%2Fs1513349_html HTTP/2" 200 150389 "-" "meta-externalagent/1.1 (+https://developers.facebook.com/docs/sharing/webmasters/crawler)"
188.166.176.134 - - [08/Sep/2025:15:43:01 +0000] "POST //wp-login.php HTTP/1.1" 200 14935 "https://pulsehost.co.uk//wp-login.php" "Mozilla/5.0 (Windows NT 10.0; Win64; x64) AppleWebKit/537.36 (KHTML, like Gecko) Chrome/88.0.4240.193 Safari/537.36"
192.140.88.248 - - [08/Sep/2025:15:43:22 +0000] "GET /?shopdetail/12056938 HTTP/1.1" 301 0 "https://pulsehost.co.uk/" "Mozilla/5.0 (Macintosh; Intel Mac OS X 10_15_7) AppleWebKit/537.36 (KHTML, like Gecko) Chrome/135.0.0.0 Safari/537.36"
45.172.114.60 - - [08/Sep/2025:15:43:28 +0000] "GET /?shopdetail/12056938 HTTP/1.1" 301 0 "https://pulsehost.co.uk/" "Mozilla/5.0 (Macintosh; Intel Mac OS X 10_15_7) AppleWebKit/537.36 (KHTML, like Gecko) Chrome/135.0.0.0 Safari/537.36"
188.166.176.134 - - [08/Sep/2025:15:43:16 +0000] "POST //wp-login.php HTTP/1.1" 200 14935 "https://pulsehost.co.uk//wp-login.php" "Mozilla/5.0 (Windows NT 10.0; Win64; x64) AppleWebKit/537.36 (KHTML, like Gecko) Chrome/88.0.4240.193 Safari/537.36"
188.166.176.134 - - [08/Sep/2025:15:43:31 +0000] "POST //wp-login.php HTTP/1.1" 200 14935 "https://pulsehost.co.uk//wp-login.php" "Mozilla/5.0 (Windows NT 10.0; Win64; x64) AppleWebKit/537.36 (KHTML, like Gecko) Chrome/88.0.4240.193 Safari/537.36"
54.159.4.179 - - [08/Sep/2025:15:37:18 +0000] "GET / HTTP/1.1" 200 23812 "-" "Mozilla/5.0 (X11; U; Linux i686; it; rv:1.9.2.3) Gecko/20100406 Firefox/3.6.3 (Swiftfox)"
66.249.66.164 - - [08/Sep/2025:15:37:38 +0000] "GET /?zhHant/product/surugaya/63450928?campaign_uid=f64d716db5e979ed2f947dbaf4296895b951ae7f HTTP/1.1" 200 24938 "-" "Mozilla/5.0 (Linux; Android 6.0.1; Nexus 5X Build/MMB29P) AppleWebKit/537.36 (KHTML, like Gecko) Chrome/138.0.7204.183 Mobile Safari/537.36 (compatible; GoogleOther)"
66.249.66.68 - - [08/Sep/2025:15:37:50 +0000] "GET /?shopdetail/19871727 HTTP/1.1" 200 25305 "-" "Mozilla/5.0 (Linux; Android 6.0.1; Nexus 5X Build/MMB29P) AppleWebKit/537.36 (KHTML, like Gecko) Chrome/138.0.7204.183 Mobile Safari/537.36 (compatible; Googlebot/2.1; +http://www.google.com/bot.html)"
66.249.66.70 - - [08/Sep/2025:15:37:51 +0000] "GET /?pcmypage?callback=product/detail/37587085 HTTP/1.1" 200 24565 "-" "Mozilla/5.0 (Linux; Android 6.0.1; Nexus 5X Build/MMB29P) AppleWebKit/537.36 (KHTML, like Gecko) Chrome/138.0.7204.183 Mobile Safari/537.36 (compatible; Googlebot/2.1; +http://www.google.com/bot.html)"
3.130.96.91 - - [08/Sep/2025:15:38:11 +0000] "GET / HTTP/1.1" 200 23823 "http://45.85.88.115:443/" "Mozilla/5.0 (Macintosh; Intel Mac OS X 10_15_7) Chrome/126.0.0.0 Safari/537.36"
66.249.66.164 - - [08/Sep/2025:15:39:12 +0000] "GET /?zhHant/product/surugaya/96972294?campaign_uid=f64d716db5e979ed2f947dbaf4296895b951ae7f HTTP/1.1" 200 25773 "-" "Mozilla/5.0 (Linux; Android 6.0.1; Nexus 5X Build/MMB29P) AppleWebKit/537.36 (KHTML, like Gecko) Chrome/138.0.7204.183 Mobile Safari/537.36 (compatible; GoogleOther)"
57.141.6.16 - - [08/Sep/2025:15:40:07 +0000] "GET /?vkmeu/b2284310.html HTTP/2" 301 0 "-" "meta-externalagent/1.1 (+https://developers.facebook.com/docs/sharing/webmasters/crawler)"
57.141.6.27 - - [08/Sep/2025:15:40:11 +0000] "GET /?vkmeu%2Fb2284310_html HTTP/2" 200 150389 "-" "meta-externalagent/1.1 (+https://developers.facebook.com/docs/sharing/webmasters/crawler)"
47.82.11.79 - - [08/Sep/2025:15:41:24 +0000] "GET /?shopdetail/8475205 HTTP/1.1" 301 0 "https://pulsehost.co.uk/" "Mozilla/5.0 (Windows NT 10.0; Win64; x64) AppleWebKit/537.36 (KHTML, like Gecko) Chrome/135.0.0.0 Safari/537.36"
47.82.11.79 - - [08/Sep/2025:15:41:25 +0000] "GET /?shopdetail/8475205 HTTP/1.1" 301 0 "https://pulsehost.co.uk/" "Mozilla/5.0 (Windows NT 10.0; Win64; x64) AppleWebKit/537.36 (KHTML, like Gecko) Chrome/135.0.0.0 Safari/537.36"
57.141.6.8 - - [08/Sep/2025:15:41:37 +0000] "GET /?ifcvb/z1681212.html HTTP/2" 301 0 "-" "meta-externalagent/1.1 (+https://developers.facebook.com/docs/sharing/webmasters/crawler)"
164.163.93.3 - - [08/Sep/2025:15:42:06 +0000] "GET /?shopdetail/1989405 HTTP/1.1" 301 0 "https://pulsehost.co.uk/" "Mozilla/5.0 (Windows NT 10.0; Win64; x64) AppleWebKit/537.36 (KHTML, like Gecko) Chrome/133.0.0.0 Safari/537.36 Edg/133.0.0.0"
191.53.210.57 - - [08/Sep/2025:15:42:09 +0000] "GET /?shopdetail/1989405 HTTP/1.1" 301 0 "https://pulsehost.co.uk/" "Mozilla/5.0 (Windows NT 10.0; Win64; x64) AppleWebKit/537.36 (KHTML, like Gecko) Chrome/133.0.0.0 Safari/537.36 Edg/133.0.0.0"
66.249.66.165 - - [08/Sep/2025:15:42:33 +0000] "GET /?zhHant/product/surugaya/10903318?campaign_uid=f64d716db5e979ed2f947dbaf4296895b951ae7f HTTP/1.1" 200 25765 "-" "Mozilla/5.0 (Linux; Android 6.0.1; Nexus 5X Build/MMB29P) AppleWebKit/537.36 (KHTML, like Gecko) Chrome/138.0.7204.183 Mobile Safari/537.36 (compatible; Googlebot/2.1; +http://www.google.com/bot.html)"
57.141.6.12 - - [08/Sep/2025:15:43:57 +0000] "GET /?xpezc/b2491192.html HTTP/2" 301 0 "-" "meta-externalagent/1.1 (+https://developers.facebook.com/docs/sharing/webmasters/crawler)"
57.141.6.2 - - [08/Sep/2025:15:44:01 +0000] "GET /?xpezc%2Fb2491192_html HTTP/2" 200 150389 "-" "meta-externalagent/1.1 (+https://developers.facebook.com/docs/sharing/webmasters/crawler)"
66.249.66.166 - - [08/Sep/2025:15:43:50 +0000] "GET /?zhHant/product/surugaya/21306765?campaign_uid=f64d716db5e979ed2f947dbaf4296895b951ae7f HTTP/1.1" 200 24700 "-" "Mozilla/5.0 (Linux; Android 6.0.1; Nexus 5X Build/MMB29P) AppleWebKit/537.36 (KHTML, like Gecko) Chrome/138.0.7204.183 Mobile Safari/537.36 (compatible; Googlebot/2.1; +http://www.google.com/bot.html)"
66.249.66.194 - - [08/Sep/2025:15:43:51 +0000] "GET /?zhHant/product/surugaya/40904046?campaign_uid=f64d716db5e979ed2f947dbaf4296895b951ae7f HTTP/1.1" 200 27612 "-" "Mozilla/5.0 (Linux; Android 6.0.1; Nexus 5X Build/MMB29P) AppleWebKit/537.36 (KHTML, like Gecko) Chrome/138.0.7204.183 Mobile Safari/537.36 (compatible; Googlebot/2.1; +http://www.google.com/bot.html)"
66.249.66.165 - - [08/Sep/2025:15:43:51 +0000] "GET /?product/edit/84729260 HTTP/1.1" 200 24648 "-" "Mozilla/5.0 (Linux; Android 6.0.1; Nexus 5X Build/MMB29P) AppleWebKit/537.36 (KHTML, like Gecko) Chrome/138.0.7204.183 Mobile Safari/537.36 (compatible; Googlebot/2.1; +http://www.google.com/bot.html)"
66.249.66.164 - - [08/Sep/2025:15:43:54 +0000] "GET /?zhHant/product/surugaya/15092766?campaign_uid=f64d716db5e979ed2f947dbaf4296895b951ae7f HTTP/1.1" 200 24247 "-" "Mozilla/5.0 (Linux; Android 6.0.1; Nexus 5X Build/MMB29P) AppleWebKit/537.36 (KHTML, like Gecko) Chrome/138.0.7204.183 Mobile Safari/537.36 (compatible; GoogleOther)"
188.166.176.134 - - [08/Sep/2025:15:43:46 +0000] "POST //wp-login.php HTTP/1.1" 200 14935 "https://pulsehost.co.uk//wp-login.php" "Mozilla/5.0 (Windows NT 10.0; Win64; x64) AppleWebKit/537.36 (KHTML, like Gecko) Chrome/88.0.4240.193 Safari/537.36"
188.166.176.134 - - [08/Sep/2025:15:44:01 +0000] "POST //wp-login.php HTTP/1.1" 200 14935 "https://pulsehost.co.uk//wp-login.php" "Mozilla/5.0 (Windows NT 10.0; Win64; x64) AppleWebKit/537.36 (KHTML, like Gecko) Chrome/88.0.4240.193 Safari/537.36"
188.166.176.134 - - [08/Sep/2025:15:44:16 +0000] "POST //wp-login.php HTTP/1.1" 200 14935 "https://pulsehost.co.uk//wp-login.php" "Mozilla/5.0 (Windows NT 10.0; Win64; x64) AppleWebKit/537.36 (KHTML, like Gecko) Chrome/88.0.4240.193 Safari/537.36"
188.166.176.134 - - [08/Sep/2025:15:44:31 +0000] "POST //wp-login.php HTTP/1.1" 200 14935 "https://pulsehost.co.uk//wp-login.php" "Mozilla/5.0 (Windows NT 10.0; Win64; x64) AppleWebKit/537.36 (KHTML, like Gecko) Chrome/88.0.4240.193 Safari/537.36"
66.249.66.166 - - [08/Sep/2025:15:44:48 +0000] "GET /?zhHant/product/surugaya/73694260?campaign_uid=f64d716db5e979ed2f947dbaf4296895b951ae7f HTTP/1.1" 200 24156 "-" "Mozilla/5.0 (Linux; Android 6.0.1; Nexus 5X Build/MMB29P) AppleWebKit/537.36 (KHTML, like Gecko) Chrome/138.0.7204.183 Mobile Safari/537.36 (compatible; Googlebot/2.1; +http://www.google.com/bot.html)"
188.166.176.134 - - [08/Sep/2025:15:44:46 +0000] "POST //wp-login.php HTTP/1.1" 200 14935 "https://pulsehost.co.uk//wp-login.php" "Mozilla/5.0 (Windows NT 10.0; Win64; x64) AppleWebKit/537.36 (KHTML, like Gecko) Chrome/88.0.4240.193 Safari/537.36"
188.166.176.134 - - [08/Sep/2025:15:45:01 +0000] "POST //wp-login.php HTTP/1.1" 200 14935 "https://pulsehost.co.uk//wp-login.php" "Mozilla/5.0 (Windows NT 10.0; Win64; x64) AppleWebKit/537.36 (KHTML, like Gecko) Chrome/88.0.4240.193 Safari/537.36"
66.249.66.165 - - [08/Sep/2025:15:45:28 +0000] "GET /?zhHant/product/surugaya/36376906?campaign_uid=f64d716db5e979ed2f947dbaf4296895b951ae7f HTTP/1.1" 200 24859 "-" "Mozilla/5.0 (Linux; Android 6.0.1; Nexus 5X Build/MMB29P) AppleWebKit/537.36 (KHTML, like Gecko) Chrome/138.0.7204.183 Mobile Safari/537.36 (compatible; GoogleOther)"
188.166.176.134 - - [08/Sep/2025:15:45:16 +0000] "POST //wp-login.php HTTP/1.1" 200 14935 "https://pulsehost.co.uk//wp-login.php" "Mozilla/5.0 (Windows NT 10.0; Win64; x64) AppleWebKit/537.36 (KHTML, like Gecko) Chrome/88.0.4240.193 Safari/537.36"
57.141.6.6 - - [08/Sep/2025:15:45:37 +0000] "GET /?ubhdc/a570415.html HTTP/2" 301 0 "-" "meta-externalagent/1.1 (+https://developers.facebook.com/docs/sharing/webmasters/crawler)"
66.249.66.69 - - [08/Sep/2025:15:44:47 +0000] "GET /?pcmypage?callback=/product/detail/23537395 HTTP/1.1" 200 25984 "-" "Mozilla/5.0 (Linux; Android 6.0.1; Nexus 5X Build/MMB29P) AppleWebKit/537.36 (KHTML, like Gecko) Chrome/138.0.7204.183 Mobile Safari/537.36 (compatible; Googlebot/2.1; +http://www.google.com/bot.html)"
66.249.66.165 - - [08/Sep/2025:15:45:38 +0000] "GET /?product/edit/63913645 HTTP/1.1" 200 25972 "-" "Mozilla/5.0 (Linux; Android 6.0.1; Nexus 5X Build/MMB29P) AppleWebKit/537.36 (KHTML, like Gecko) Chrome/138.0.7204.183 Mobile Safari/537.36 (compatible; Googlebot/2.1; +http://www.google.com/bot.html)"
57.141.6.18 - - [08/Sep/2025:15:45:41 +0000] "GET /?ubhdc%2Fa570415_html HTTP/2" 200 150388 "-" "meta-externalagent/1.1 (+https://developers.facebook.com/docs/sharing/webmasters/crawler)"
57.141.6.31 - - [08/Sep/2025:15:45:48 +0000] "GET /?tqesc%2Ft135506_html HTTP/2" 200 150388 "-" "meta-externalagent/1.1 (+https://developers.facebook.com/docs/sharing/webmasters/crawler)"
75.119.134.183 - - [08/Sep/2025:15:46:19 +0000] "GET /wp-login.php HTTP/2" 200 3630 "-" "Mozilla/5.0 (Windows NT 5.1; Win64; x64) AppleWebKit/537.36 (KHTML, like Gecko) Chrome/52.0.2743.116 Safari/537.36 Edge/15.15063"
75.119.134.183 - - [08/Sep/2025:15:46:19 +0000] "POST /wp-login.php HTTP/2" 200 3767 "https://pulsehost.co.uk/wp-login.php" "Mozilla/5.0 (Windows NT 5.1; Win64; x64) AppleWebKit/537.36 (KHTML, like Gecko) Chrome/52.0.2743.116 Safari/537.36 Edge/15.15063"
57.141.6.14 - - [08/Sep/2025:15:46:21 +0000] "GET /?qhynu/o671699.html HTTP/2" 301 0 "-" "meta-externalagent/1.1 (+https://developers.facebook.com/docs/sharing/webmasters/crawler)"
57.141.6.65 - - [08/Sep/2025:15:46:38 +0000] "GET /?hafzp%2Fb1245974_html HTTP/2" 200 150389 "-" "meta-externalagent/1.1 (+https://developers.facebook.com/docs/sharing/webmasters/crawler)"
54.228.145.138 - - [08/Sep/2025:15:46:48 +0000] "GET /wp-content/plugins/contact-form-7/includes/css/styles.css?ver=6.0.6 HTTP/2" 200 890 "https://pulsehost.co.uk/" "Plesk screenshot bot https://support.plesk.com/hc/en-us/articles/10301006946066"
54.228.145.138 - - [08/Sep/2025:15:46:48 +0000] "GET /wp-content/plugins/dexolix-core/elementor/assets/css/dexolix-elementor.css?ver=1.1 HTTP/2" 200 7438 "https://pulsehost.co.uk/" "Plesk screenshot bot https://support.plesk.com/hc/en-us/articles/10301006946066"
54.228.145.138 - - [08/Sep/2025:15:46:48 +0000] "GET /wp-content/plugins/dexolix-core/library/extension/mega-menu/assets/css/teconce-mega-menu.css?ver=6.8.2 HTTP/2" 200 2250 "https://pulsehost.co.uk/" "Plesk screenshot bot https://support.plesk.com/hc/en-us/articles/10301006946066"
54.228.145.138 - - [08/Sep/2025:15:46:48 +0000] "GET /wp-content/plugins/dexolix-core/public/css/dexolix-core-public.css?ver=1.0.0 HTTP/2" 200 98 "https://pulsehost.co.uk/" "Plesk screenshot bot https://support.plesk.com/hc/en-us/articles/10301006946066"
54.228.145.138 - - [08/Sep/2025:15:46:48 +0000] "GET /wp-content/plugins/dexolix-core/elementor/assets/css/dexolix-icon.css?ver=1.0.0 HTTP/2" 200 1087 "https://pulsehost.co.uk/" "Plesk screenshot bot https://support.plesk.com/hc/en-us/articles/10301006946066"
54.228.145.138 - - [08/Sep/2025:15:46:48 +0000] "GET /wp-content/themes/dexolix/style.css?ver=6.8.2 HTTP/2" 200 348 "https://pulsehost.co.uk/" "Plesk screenshot bot https://support.plesk.com/hc/en-us/articles/10301006946066"
54.228.145.138 - - [08/Sep/2025:15:46:48 +0000] "GET /wp-content/plugins/elementor/assets/css/frontend.min.css?ver=3.29.2 HTTP/2" 200 6472 "https://pulsehost.co.uk/" "Plesk screenshot bot https://support.plesk.com/hc/en-us/articles/10301006946066"
54.228.145.138 - - [08/Sep/2025:15:46:48 +0000] "GET /wp-content/plugins/elementor/assets/lib/eicons/css/elementor-icons.min.css?ver=5.40.0 HTTP/2" 200 3983 "https://pulsehost.co.uk/" "Plesk screenshot bot https://support.plesk.com/hc/en-us/articles/10301006946066"
54.228.145.138 - - [08/Sep/2025:15:46:48 +0000] "GET /wp-content/uploads/elementor/css/post-695.css?ver=1750404280 HTTP/2" 200 1248 "https://pulsehost.co.uk/" "Plesk screenshot bot https://support.plesk.com/hc/en-us/articles/10301006946066"
54.228.145.138 - - [08/Sep/2025:15:46:48 +0000] "GET / HTTP/2" 200 19042 "-" "Plesk screenshot bot https://support.plesk.com/hc/en-us/articles/10301006946066"
54.228.145.138 - - [08/Sep/2025:15:46:48 +0000] "GET /wp-content/uploads/elementor/css/post-6.css?ver=1750404281 HTTP/2" 200 323 "https://pulsehost.co.uk/" "Plesk screenshot bot https://support.plesk.com/hc/en-us/articles/10301006946066"
54.228.145.138 - - [08/Sep/2025:15:46:48 +0000] "GET /wp-content/plugins/elementor/assets/css/widget-heading.min.css?ver=3.29.2 HTTP/2" 200 154 "https://pulsehost.co.uk/" "Plesk screenshot bot https://support.plesk.com/hc/en-us/articles/10301006946066"
54.228.145.138 - - [08/Sep/2025:15:46:48 +0000] "GET /wp-content/plugins/elementor/assets/css/widget-image.min.css?ver=3.29.2 HTTP/2" 200 119 "https://pulsehost.co.uk/" "Plesk screenshot bot https://support.plesk.com/hc/en-us/articles/10301006946066"
54.228.145.138 - - [08/Sep/2025:15:46:48 +0000] "GET /wp-content/uploads/elementor/css/post-86.css?ver=1750404318 HTTP/2" 200 2251 "https://pulsehost.co.uk/" "Plesk screenshot bot https://support.plesk.com/hc/en-us/articles/10301006946066"
54.228.145.138 - - [08/Sep/2025:15:46:48 +0000] "GET /wp-content/themes/dexolix/assets/css/theme-default-css/bootstrap.min.css?ver=1.0.0 HTTP/2" 200 28321 "https://pulsehost.co.uk/" "Plesk screenshot bot https://support.plesk.com/hc/en-us/articles/10301006946066"
54.228.145.138 - - [08/Sep/2025:15:46:48 +0000] "GET /wp-content/themes/dexolix/assets/css/theme-default-css/all.min.css?ver=1.0.0 HTTP/2" 200 20965 "https://pulsehost.co.uk/" "Plesk screenshot bot https://support.plesk.com/hc/en-us/articles/10301006946066"
54.228.145.138 - - [08/Sep/2025:15:46:48 +0000] "GET /wp-content/themes/dexolix/assets/css/theme-default-css/lity.min.css?ver=1.0.0 HTTP/2" 200 956 "https://pulsehost.co.uk/" "Plesk screenshot bot https://support.plesk.com/hc/en-us/articles/10301006946066"
54.228.145.138 - - [08/Sep/2025:15:46:48 +0000] "GET /wp-content/themes/dexolix-child/style.css?ver=1.0.0 HTTP/2" 200 195 "https://pulsehost.co.uk/" "Plesk screenshot bot https://support.plesk.com/hc/en-us/articles/10301006946066"
54.228.145.138 - - [08/Sep/2025:15:46:48 +0000] "GET /wp-content/themes/dexolix/assets/css/theme-default-css/theme-default-style.css?ver=1.0.0 HTTP/2" 200 9518 "https://pulsehost.co.uk/" "Plesk screenshot bot https://support.plesk.com/hc/en-us/articles/10301006946066"
54.228.145.138 - - [08/Sep/2025:15:46:48 +0000] "GET /wp-content/themes/dexolix/assets/css/theme-default-css/iconsax-icons.css?ver=1.0.0 HTTP/2" 200 7133 "https://pulsehost.co.uk/" "Plesk screenshot bot https://support.plesk.com/hc/en-us/articles/10301006946066"
54.228.145.138 - - [08/Sep/2025:15:46:48 +0000] "GET /wp-content/themes/dexolix/assets/css/iconly.min.css?ver=1.0.0 HTTP/2" 200 421 "https://pulsehost.co.uk/" "Plesk screenshot bot https://support.plesk.com/hc/en-us/articles/10301006946066"
54.228.145.138 - - [08/Sep/2025:15:46:48 +0000] "GET /wp-content/plugins/elementor/assets/lib/swiper/v8/css/swiper.min.css?ver=8.4.5 HTTP/2" 200 4248 "https://pulsehost.co.uk/" "Plesk screenshot bot https://support.plesk.com/hc/en-us/articles/10301006946066"
54.228.145.138 - - [08/Sep/2025:15:46:48 +0000] "GET /wp-content/themes/dexolix/assets/css/aos.css?ver=1.0.0 HTTP/2" 200 1539 "https://pulsehost.co.uk/" "Plesk screenshot bot https://support.plesk.com/hc/en-us/articles/10301006946066"
