188.166.176.134 - - [08/Sep/2025:15:08:30 +0000] "POST //wp-login.php HTTP/1.1" 200 14935 "https://pulsehost.co.uk//wp-login.php" "Mozilla/5.0 (Windows NT 10.0; Win64; x64) AppleWebKit/537.36 (KHTML, like Gecko) Chrome/88.0.4240.193 Safari/537.36"
188.166.176.134 - - [08/Sep/2025:15:08:45 +0000] "POST //wp-login.php HTTP/1.1" 200 14935 "https://pulsehost.co.uk//wp-login.php" "Mozilla/5.0 (Windows NT 10.0; Win64; x64) AppleWebKit/537.36 (KHTML, like Gecko) Chrome/88.0.4240.193 Safari/537.36"
188.166.176.134 - - [08/Sep/2025:15:09:00 +0000] "POST //wp-login.php HTTP/1.1" 200 14935 "https://pulsehost.co.uk//wp-login.php" "Mozilla/5.0 (Windows NT 10.0; Win64; x64) AppleWebKit/537.36 (KHTML, like Gecko) Chrome/88.0.4240.193 Safari/537.36"
188.166.176.134 - - [08/Sep/2025:15:09:15 +0000] "POST //wp-login.php HTTP/1.1" 200 14935 "https://pulsehost.co.uk//wp-login.php" "Mozilla/5.0 (Windows NT 10.0; Win64; x64) AppleWebKit/537.36 (KHTML, like Gecko) Chrome/88.0.4240.193 Safari/537.36"
188.166.176.134 - - [08/Sep/2025:15:09:30 +0000] "POST //wp-login.php HTTP/1.1" 200 14935 "https://pulsehost.co.uk//wp-login.php" "Mozilla/5.0 (Windows NT 10.0; Win64; x64) AppleWebKit/537.36 (KHTML, like Gecko) Chrome/88.0.4240.193 Safari/537.36"
188.166.176.134 - - [08/Sep/2025:15:09:45 +0000] "POST //wp-login.php HTTP/1.1" 200 14935 "https://pulsehost.co.uk//wp-login.php" "Mozilla/5.0 (Windows NT 10.0; Win64; x64) AppleWebKit/537.36 (KHTML, like Gecko) Chrome/88.0.4240.193 Safari/537.36"
188.166.176.134 - - [08/Sep/2025:15:10:00 +0000] "POST //wp-login.php HTTP/1.1" 200 14935 "https://pulsehost.co.uk//wp-login.php" "Mozilla/5.0 (Windows NT 10.0; Win64; x64) AppleWebKit/537.36 (KHTML, like Gecko) Chrome/88.0.4240.193 Safari/537.36"
188.166.176.134 - - [08/Sep/2025:15:10:15 +0000] "POST //wp-login.php HTTP/1.1" 200 14935 "https://pulsehost.co.uk//wp-login.php" "Mozilla/5.0 (Windows NT 10.0; Win64; x64) AppleWebKit/537.36 (KHTML, like Gecko) Chrome/88.0.4240.193 Safari/537.36"
188.166.176.134 - - [08/Sep/2025:15:10:30 +0000] "POST //wp-login.php HTTP/1.1" 200 14935 "https://pulsehost.co.uk//wp-login.php" "Mozilla/5.0 (Windows NT 10.0; Win64; x64) AppleWebKit/537.36 (KHTML, like Gecko) Chrome/88.0.4240.193 Safari/537.36"
188.166.176.134 - - [08/Sep/2025:15:10:45 +0000] "POST //wp-login.php HTTP/1.1" 200 14935 "https://pulsehost.co.uk//wp-login.php" "Mozilla/5.0 (Windows NT 10.0; Win64; x64) AppleWebKit/537.36 (KHTML, like Gecko) Chrome/88.0.4240.193 Safari/537.36"
66.249.66.69 - - [08/Sep/2025:15:06:02 +0000] "GET /?shopdetail/7312594 HTTP/1.1" 200 24052 "-" "Mozilla/5.0 (Linux; Android 6.0.1; Nexus 5X Build/MMB29P) AppleWebKit/537.36 (KHTML, like Gecko) Chrome/138.0.7204.183 Mobile Safari/537.36 (compatible; Googlebot/2.1; +http://www.google.com/bot.html)"
57.141.6.49 - - [08/Sep/2025:15:06:24 +0000] "GET /?hdnva/j2591456.html HTTP/2" 301 0 "-" "meta-externalagent/1.1 (+https://developers.facebook.com/docs/sharing/webmasters/crawler)"
57.141.6.75 - - [08/Sep/2025:15:06:28 +0000] "GET /?hdnva%2Fj2591456_html HTTP/2" 200 150389 "-" "meta-externalagent/1.1 (+https://developers.facebook.com/docs/sharing/webmasters/crawler)"
188.166.176.134 - - [08/Sep/2025:15:11:00 +0000] "POST //wp-login.php HTTP/1.1" 200 14935 "https://pulsehost.co.uk//wp-login.php" "Mozilla/5.0 (Windows NT 10.0; Win64; x64) AppleWebKit/537.36 (KHTML, like Gecko) Chrome/88.0.4240.193 Safari/537.36"
188.166.176.134 - - [08/Sep/2025:15:11:15 +0000] "POST //wp-login.php HTTP/1.1" 200 14935 "https://pulsehost.co.uk//wp-login.php" "Mozilla/5.0 (Windows NT 10.0; Win64; x64) AppleWebKit/537.36 (KHTML, like Gecko) Chrome/88.0.4240.193 Safari/537.36"
188.166.176.134 - - [08/Sep/2025:15:11:30 +0000] "POST //wp-login.php HTTP/1.1" 200 14935 "https://pulsehost.co.uk//wp-login.php" "Mozilla/5.0 (Windows NT 10.0; Win64; x64) AppleWebKit/537.36 (KHTML, like Gecko) Chrome/88.0.4240.193 Safari/537.36"
188.166.176.134 - - [08/Sep/2025:15:11:45 +0000] "POST //wp-login.php HTTP/1.1" 200 14935 "https://pulsehost.co.uk//wp-login.php" "Mozilla/5.0 (Windows NT 10.0; Win64; x64) AppleWebKit/537.36 (KHTML, like Gecko) Chrome/88.0.4240.193 Safari/537.36"
66.249.66.69 - - [08/Sep/2025:15:07:53 +0000] "GET /?shopdetail/8783749 HTTP/1.1" 200 24551 "-" "Mozilla/5.0 (Linux; Android 6.0.1; Nexus 5X Build/MMB29P) AppleWebKit/537.36 (KHTML, like Gecko) Chrome/138.0.7204.183 Mobile Safari/537.36 (compatible; Googlebot/2.1; +http://www.google.com/bot.html)"
66.249.66.166 - - [08/Sep/2025:15:07:54 +0000] "GET /?zhHant/product/surugaya/83505836?campaign_uid=f64d716db5e979ed2f947dbaf4296895b951ae7f HTTP/1.1" 200 25106 "-" "Mozilla/5.0 (Linux; Android 6.0.1; Nexus 5X Build/MMB29P) AppleWebKit/537.36 (KHTML, like Gecko) Chrome/138.0.7204.183 Mobile Safari/537.36 (compatible; GoogleOther)"
66.249.66.165 - - [08/Sep/2025:15:09:30 +0000] "GET /?zhHant/product/surugaya/95109414?campaign_uid=f64d716db5e979ed2f947dbaf4296895b951ae7f HTTP/1.1" 200 27257 "-" "Mozilla/5.0 (Linux; Android 6.0.1; Nexus 5X Build/MMB29P) AppleWebKit/537.36 (KHTML, like Gecko) Chrome/138.0.7204.183 Mobile Safari/537.36 (compatible; GoogleOther)"
66.249.66.68 - - [08/Sep/2025:15:09:43 +0000] "GET /?shopdetail/22394683 HTTP/1.1" 200 24832 "-" "Mozilla/5.0 (Linux; Android 6.0.1; Nexus 5X Build/MMB29P) AppleWebKit/537.36 (KHTML, like Gecko) Chrome/138.0.7204.183 Mobile Safari/537.36 (compatible; Googlebot/2.1; +http://www.google.com/bot.html)"
66.249.66.68 - - [08/Sep/2025:15:09:44 +0000] "GET /?pcmypage?callback=product/detail/90725834 HTTP/1.1" 200 26072 "-" "Mozilla/5.0 (Linux; Android 6.0.1; Nexus 5X Build/MMB29P) AppleWebKit/537.36 (KHTML, like Gecko) Chrome/138.0.7204.183 Mobile Safari/537.36 (compatible; Googlebot/2.1; +http://www.google.com/bot.html)"
66.249.66.165 - - [08/Sep/2025:15:09:44 +0000] "GET /?dpgvt/g918381.html HTTP/1.1" 200 25067 "-" "Mozilla/5.0 (Linux; Android 6.0.1; Nexus 5X Build/MMB29P) AppleWebKit/537.36 (KHTML, like Gecko) Chrome/138.0.7204.183 Mobile Safari/537.36 (compatible; Googlebot/2.1; +http://www.google.com/bot.html)"
57.141.6.36 - - [08/Sep/2025:15:09:55 +0000] "GET /?vtrrz/o1070617.html HTTP/2" 301 0 "-" "meta-externalagent/1.1 (+https://developers.facebook.com/docs/sharing/webmasters/crawler)"
190.99.75.95 - - [08/Sep/2025:15:11:32 +0000] "GET /?shopdetail/13890638 HTTP/1.1" 301 0 "https://pulsehost.co.uk/" "Mozilla/5.0 (Windows NT 10.0; Win64; x64; rv:137.0) Gecko/20100101 Firefox/137.0"
66.249.66.164 - - [08/Sep/2025:15:11:35 +0000] "GET /?product/edit/11063971 HTTP/1.1" 200 25219 "-" "Mozilla/5.0 (Linux; Android 6.0.1; Nexus 5X Build/MMB29P) AppleWebKit/537.36 (KHTML, like Gecko) Chrome/138.0.7204.183 Mobile Safari/537.36 (compatible; Googlebot/2.1; +http://www.google.com/bot.html)"
57.141.6.16 - - [08/Sep/2025:15:11:46 +0000] "GET /?lqxfz%2Ft1420114_html HTTP/2" 200 150389 "-" "meta-externalagent/1.1 (+https://developers.facebook.com/docs/sharing/webmasters/crawler)"
181.209.106.146 - - [08/Sep/2025:15:12:00 +0000] "GET /?shopdetail/14863427 HTTP/1.1" 301 0 "https://www.pulsehost.co.uk/" "Mozilla/5.0 (Windows NT 10.0; Win64; x64) AppleWebKit/537.36 (KHTML, like Gecko) Chrome/135.0.0.0 Safari/537.36"
112.134.153.250 - - [08/Sep/2025:15:12:04 +0000] "GET /?shopdetail/14863427 HTTP/1.1" 301 0 "https://www.pulsehost.co.uk/" "Mozilla/5.0 (Windows NT 10.0; Win64; x64) AppleWebKit/537.36 (KHTML, like Gecko) Chrome/135.0.0.0 Safari/537.36"
57.141.6.48 - - [08/Sep/2025:15:10:00 +0000] "GET /?vtrrz%2Fo1070617_html HTTP/2" 200 150389 "-" "meta-externalagent/1.1 (+https://developers.facebook.com/docs/sharing/webmasters/crawler)"
3.137.73.221 - - [08/Sep/2025:15:10:07 +0000] "GET / HTTP/1.1" 301 0 "-" "Mozilla/5.0 (Macintosh; Intel Mac OS X 10_15_7) Chrome/126.0.0.0 Safari/537.36"
3.137.73.221 - - [08/Sep/2025:15:10:09 +0000] "GET / HTTP/1.1" 200 23812 "https://45.85.88.115/" "Mozilla/5.0 (Macintosh; Intel Mac OS X 10_15_7) Chrome/126.0.0.0 Safari/537.36"
57.141.6.73 - - [08/Sep/2025:15:10:34 +0000] "GET /?fggur/v1314608.html HTTP/2" 301 0 "-" "meta-externalagent/1.1 (+https://developers.facebook.com/docs/sharing/webmasters/crawler)"
57.141.6.17 - - [08/Sep/2025:15:10:38 +0000] "GET /?fggur%2Fv1314608_html HTTP/2" 200 150389 "-" "meta-externalagent/1.1 (+https://developers.facebook.com/docs/sharing/webmasters/crawler)"
66.249.66.166 - - [08/Sep/2025:15:11:02 +0000] "GET /?pzpxn/i326987.html HTTP/1.1" 200 24361 "-" "Mozilla/5.0 (Linux; Android 6.0.1; Nexus 5X Build/MMB29P) AppleWebKit/537.36 (KHTML, like Gecko) Chrome/138.0.7204.183 Mobile Safari/537.36 (compatible; GoogleOther)"
187.189.93.13 - - [08/Sep/2025:15:11:18 +0000] "GET /?shopdetail/26312794 HTTP/1.1" 301 0 "https://pulsehost.co.uk/" "Mozilla/5.0 (Windows NT 10.0; Win64; x64) AppleWebKit/537.36 (KHTML, like Gecko) Chrome/135.0.0.0 Safari/537.36"
177.105.206.212 - - [08/Sep/2025:15:11:20 +0000] "GET /?shopdetail/26312794 HTTP/1.1" 301 0 "https://pulsehost.co.uk/" "Mozilla/5.0 (Windows NT 10.0; Win64; x64) AppleWebKit/537.36 (KHTML, like Gecko) Chrome/135.0.0.0 Safari/537.36"
179.73.141.83 - - [08/Sep/2025:15:11:35 +0000] "GET /?shopdetail/13890638 HTTP/1.1" 301 0 "https://pulsehost.co.uk/" "Mozilla/5.0 (Windows NT 10.0; Win64; x64; rv:137.0) Gecko/20100101 Firefox/137.0"
57.141.6.63 - - [08/Sep/2025:15:11:42 +0000] "GET /?lqxfz/t1420114.html HTTP/2" 301 0 "-" "meta-externalagent/1.1 (+https://developers.facebook.com/docs/sharing/webmasters/crawler)"
188.166.176.134 - - [08/Sep/2025:15:12:00 +0000] "POST //wp-login.php HTTP/1.1" 200 14935 "https://pulsehost.co.uk//wp-login.php" "Mozilla/5.0 (Windows NT 10.0; Win64; x64) AppleWebKit/537.36 (KHTML, like Gecko) Chrome/88.0.4240.193 Safari/537.36"
57.141.6.17 - - [08/Sep/2025:15:12:19 +0000] "GET /?fzqae%2Ft924008_html HTTP/2" 200 150388 "-" "meta-externalagent/1.1 (+https://developers.facebook.com/docs/sharing/webmasters/crawler)"
66.249.66.165 - - [08/Sep/2025:15:12:30 +0000] "GET /?zhHant/product/surugaya/52225924?campaign_uid=f64d716db5e979ed2f947dbaf4296895b951ae7f HTTP/1.1" 200 26169 "-" "Mozilla/5.0 (Linux; Android 6.0.1; Nexus 5X Build/MMB29P) AppleWebKit/537.36 (KHTML, like Gecko) Chrome/138.0.7204.183 Mobile Safari/537.36 (compatible; Googlebot/2.1; +http://www.google.com/bot.html)"
66.249.66.166 - - [08/Sep/2025:15:12:31 +0000] "GET /?shopdetail/2998238 HTTP/1.1" 200 28135 "-" "Mozilla/5.0 (Linux; Android 6.0.1; Nexus 5X Build/MMB29P) AppleWebKit/537.36 (KHTML, like Gecko) Chrome/138.0.7204.183 Mobile Safari/537.36 (compatible; Googlebot/2.1; +http://www.google.com/bot.html)"
66.249.66.165 - - [08/Sep/2025:15:12:35 +0000] "GET /?zhHant/product/surugaya/99676631?campaign_uid=f64d716db5e979ed2f947dbaf4296895b951ae7f HTTP/1.1" 200 24595 "-" "Mozilla/5.0 (Linux; Android 6.0.1; Nexus 5X Build/MMB29P) AppleWebKit/537.36 (KHTML, like Gecko) Chrome/138.0.7204.183 Mobile Safari/537.36 (compatible; GoogleOther)"
103.124.95.161 - - [08/Sep/2025:15:12:38 +0000] "POST /xmlrpc.php HTTP/2" 403 1242 "-" "Mozilla/5.0 (Macintosh; Intel Mac OS X 10_11_6) AppleWebKit/537.36 (KHTML, like Gecko) Chrome/66.0.3359.181 Safari/537.36"
103.124.95.161 - - [08/Sep/2025:15:12:43 +0000] "POST /xmlrpc.php HTTP/2" 403 1242 "-" "Mozilla/5.0 (Macintosh; Intel Mac OS X 10_11_6) AppleWebKit/537.36 (KHTML, like Gecko) Chrome/66.0.3359.181 Safari/537.36"
188.166.176.134 - - [08/Sep/2025:15:12:24 +0000] "POST //wp-login.php HTTP/1.1" 200 14935 "https://pulsehost.co.uk//wp-login.php" "Mozilla/5.0 (Windows NT 10.0; Win64; x64) AppleWebKit/537.36 (KHTML, like Gecko) Chrome/88.0.4240.193 Safari/537.36"
66.249.66.164 - - [08/Sep/2025:15:12:49 +0000] "GET /?npdft/v2084184.html HTTP/1.1" 200 27150 "-" "Mozilla/5.0 (Linux; Android 6.0.1; Nexus 5X Build/MMB29P) AppleWebKit/537.36 (KHTML, like Gecko) Chrome/138.0.7204.183 Mobile Safari/537.36 (compatible; GoogleOther)"
188.166.176.134 - - [08/Sep/2025:15:12:46 +0000] "POST //wp-login.php HTTP/1.1" 200 14935 "https://pulsehost.co.uk//wp-login.php" "Mozilla/5.0 (Windows NT 10.0; Win64; x64) AppleWebKit/537.36 (KHTML, like Gecko) Chrome/88.0.4240.193 Safari/537.36"
45.161.5.152 - - [08/Sep/2025:15:13:03 +0000] "GET /?shopdetail/27370438 HTTP/1.1" 301 0 "https://pulsehost.co.uk/" "Mozilla/5.0 (Windows NT 10.0; Win64; x64) AppleWebKit/537.36 (KHTML, like Gecko) Chrome/109.0.0.0 Safari/537.36"
188.166.176.134 - - [08/Sep/2025:15:13:01 +0000] "POST //wp-login.php HTTP/1.1" 200 14935 "https://pulsehost.co.uk//wp-login.php" "Mozilla/5.0 (Windows NT 10.0; Win64; x64) AppleWebKit/537.36 (KHTML, like Gecko) Chrome/88.0.4240.193 Safari/537.36"
188.166.176.134 - - [08/Sep/2025:15:13:16 +0000] "POST //wp-login.php HTTP/1.1" 200 14935 "https://pulsehost.co.uk//wp-login.php" "Mozilla/5.0 (Windows NT 10.0; Win64; x64) AppleWebKit/537.36 (KHTML, like Gecko) Chrome/88.0.4240.193 Safari/537.36"
66.249.66.166 - - [08/Sep/2025:15:13:44 +0000] "GET /?mqdap/m509459.html HTTP/1.1" 200 25151 "-" "Mozilla/5.0 (Linux; Android 6.0.1; Nexus 5X Build/MMB29P) AppleWebKit/537.36 (KHTML, like Gecko) Chrome/138.0.7204.183 Mobile Safari/537.36 (compatible; Googlebot/2.1; +http://www.google.com/bot.html)"
188.166.176.134 - - [08/Sep/2025:15:13:31 +0000] "POST //wp-login.php HTTP/1.1" 200 14935 "https://pulsehost.co.uk//wp-login.php" "Mozilla/5.0 (Windows NT 10.0; Win64; x64) AppleWebKit/537.36 (KHTML, like Gecko) Chrome/88.0.4240.193 Safari/537.36"
188.166.176.134 - - [08/Sep/2025:15:13:46 +0000] "POST //wp-login.php HTTP/1.1" 200 14935 "https://pulsehost.co.uk//wp-login.php" "Mozilla/5.0 (Windows NT 10.0; Win64; x64) AppleWebKit/537.36 (KHTML, like Gecko) Chrome/88.0.4240.193 Safari/537.36"
45.5.213.227 - - [08/Sep/2025:15:14:05 +0000] "GET /?ypaiv%2Fw1117945.html HTTP/1.1" 301 0 "-" "Mozilla/5.0 (Macintosh; Intel Mac OS X 10_15_7) AppleWebKit/537.36 (KHTML, like Gecko) Chrome/96.0.4664.55 Safari/537.36"
45.5.213.227 - - [08/Sep/2025:15:14:06 +0000] "GET /?ypaiv%2Fw1117945_html HTTP/1.1" 200 23830 "-" "Mozilla/5.0 (Macintosh; Intel Mac OS X 10_15_7) AppleWebKit/537.36 (KHTML, like Gecko) Chrome/96.0.4664.55 Safari/537.36"
188.166.176.134 - - [08/Sep/2025:15:14:01 +0000] "POST //wp-login.php HTTP/1.1" 200 14935 "https://pulsehost.co.uk//wp-login.php" "Mozilla/5.0 (Windows NT 10.0; Win64; x64) AppleWebKit/537.36 (KHTML, like Gecko) Chrome/88.0.4240.193 Safari/537.36"
188.166.176.134 - - [08/Sep/2025:15:14:16 +0000] "POST //wp-login.php HTTP/1.1" 200 14935 "https://pulsehost.co.uk//wp-login.php" "Mozilla/5.0 (Windows NT 10.0; Win64; x64) AppleWebKit/537.36 (KHTML, like Gecko) Chrome/88.0.4240.193 Safari/537.36"
188.166.176.134 - - [08/Sep/2025:15:14:31 +0000] "POST //wp-login.php HTTP/1.1" 200 14935 "https://pulsehost.co.uk//wp-login.php" "Mozilla/5.0 (Windows NT 10.0; Win64; x64) AppleWebKit/537.36 (KHTML, like Gecko) Chrome/88.0.4240.193 Safari/537.36"
188.166.176.134 - - [08/Sep/2025:15:14:46 +0000] "POST //wp-login.php HTTP/1.1" 200 14935 "https://pulsehost.co.uk//wp-login.php" "Mozilla/5.0 (Windows NT 10.0; Win64; x64) AppleWebKit/537.36 (KHTML, like Gecko) Chrome/88.0.4240.193 Safari/537.36"
188.166.176.134 - - [08/Sep/2025:15:15:01 +0000] "POST //wp-login.php HTTP/1.1" 200 14935 "https://pulsehost.co.uk//wp-login.php" "Mozilla/5.0 (Windows NT 10.0; Win64; x64) AppleWebKit/537.36 (KHTML, like Gecko) Chrome/88.0.4240.193 Safari/537.36"
188.166.176.134 - - [08/Sep/2025:15:15:16 +0000] "POST //wp-login.php HTTP/1.1" 200 14935 "https://pulsehost.co.uk//wp-login.php" "Mozilla/5.0 (Windows NT 10.0; Win64; x64) AppleWebKit/537.36 (KHTML, like Gecko) Chrome/88.0.4240.193 Safari/537.36"
188.166.176.134 - - [08/Sep/2025:15:15:31 +0000] "POST //wp-login.php HTTP/1.1" 200 14935 "https://pulsehost.co.uk//wp-login.php" "Mozilla/5.0 (Windows NT 10.0; Win64; x64) AppleWebKit/537.36 (KHTML, like Gecko) Chrome/88.0.4240.193 Safari/537.36"
188.166.176.134 - - [08/Sep/2025:15:15:48 +0000] "POST //wp-login.php HTTP/1.1" 200 14935 "https://pulsehost.co.uk//wp-login.php" "Mozilla/5.0 (Windows NT 10.0; Win64; x64) AppleWebKit/537.36 (KHTML, like Gecko) Chrome/88.0.4240.193 Safari/537.36"
188.166.176.134 - - [08/Sep/2025:15:16:01 +0000] "POST //wp-login.php HTTP/1.1" 200 14935 "https://pulsehost.co.uk//wp-login.php" "Mozilla/5.0 (Windows NT 10.0; Win64; x64) AppleWebKit/537.36 (KHTML, like Gecko) Chrome/88.0.4240.193 Safari/537.36"
66.249.66.165 - - [08/Sep/2025:15:16:29 +0000] "GET /?zhHant/product/surugaya/59917418?campaign_uid=f64d716db5e979ed2f947dbaf4296895b951ae7f HTTP/1.1" 200 25065 "-" "Mozilla/5.0 (Linux; Android 6.0.1; Nexus 5X Build/MMB29P) AppleWebKit/537.36 (KHTML, like Gecko) Chrome/138.0.7204.183 Mobile Safari/537.36 (compatible; Googlebot/2.1; +http://www.google.com/bot.html)"
188.166.176.134 - - [08/Sep/2025:15:16:16 +0000] "POST //wp-login.php HTTP/1.1" 200 14935 "https://pulsehost.co.uk//wp-login.php" "Mozilla/5.0 (Windows NT 10.0; Win64; x64) AppleWebKit/537.36 (KHTML, like Gecko) Chrome/88.0.4240.193 Safari/537.36"
188.166.176.134 - - [08/Sep/2025:15:16:31 +0000] "POST //wp-login.php HTTP/1.1" 200 14935 "https://pulsehost.co.uk//wp-login.php" "Mozilla/5.0 (Windows NT 10.0; Win64; x64) AppleWebKit/537.36 (KHTML, like Gecko) Chrome/88.0.4240.193 Safari/537.36"
188.166.176.134 - - [08/Sep/2025:15:16:46 +0000] "POST //wp-login.php HTTP/1.1" 200 14935 "https://pulsehost.co.uk//wp-login.php" "Mozilla/5.0 (Windows NT 10.0; Win64; x64) AppleWebKit/537.36 (KHTML, like Gecko) Chrome/88.0.4240.193 Safari/537.36"
188.166.176.134 - - [08/Sep/2025:15:17:01 +0000] "POST //wp-login.php HTTP/1.1" 200 14935 "https://pulsehost.co.uk//wp-login.php" "Mozilla/5.0 (Windows NT 10.0; Win64; x64) AppleWebKit/537.36 (KHTML, like Gecko) Chrome/88.0.4240.193 Safari/537.36"
57.141.6.17 - - [08/Sep/2025:15:12:15 +0000] "GET /?fzqae/t924008.html HTTP/2" 301 0 "-" "meta-externalagent/1.1 (+https://developers.facebook.com/docs/sharing/webmasters/crawler)"
66.249.66.69 - - [08/Sep/2025:15:12:32 +0000] "GET /?shopdetail/5262972 HTTP/1.1" 200 25228 "-" "Mozilla/5.0 (Linux; Android 6.0.1; Nexus 5X Build/MMB29P) AppleWebKit/537.36 (KHTML, like Gecko) Chrome/138.0.7204.183 Mobile Safari/537.36 (compatible; Googlebot/2.1; +http://www.google.com/bot.html)"
103.124.95.161 - - [08/Sep/2025:15:12:40 +0000] "POST /xmlrpc.php HTTP/2" 403 1242 "-" "Mozilla/5.0 (Macintosh; Intel Mac OS X 10_11_6) AppleWebKit/537.36 (KHTML, like Gecko) Chrome/66.0.3359.181 Safari/537.36"
103.124.95.161 - - [08/Sep/2025:15:12:41 +0000] "POST /xmlrpc.php HTTP/2" 403 1242 "-" "Mozilla/5.0 (Macintosh; Intel Mac OS X 10_11_6) AppleWebKit/537.36 (KHTML, like Gecko) Chrome/66.0.3359.181 Safari/537.36"
103.124.95.161 - - [08/Sep/2025:15:12:44 +0000] "POST /xmlrpc.php HTTP/2" 403 1242 "-" "Mozilla/5.0 (Macintosh; Intel Mac OS X 10_11_6) AppleWebKit/537.36 (KHTML, like Gecko) Chrome/66.0.3359.181 Safari/537.36"
103.124.95.161 - - [08/Sep/2025:15:12:46 +0000] "POST /xmlrpc.php HTTP/2" 403 1242 "-" "Mozilla/5.0 (Macintosh; Intel Mac OS X 10_11_6) AppleWebKit/537.36 (KHTML, like Gecko) Chrome/66.0.3359.181 Safari/537.36"
186.219.138.223 - - [08/Sep/2025:15:13:07 +0000] "GET /?shopdetail/27370438 HTTP/1.1" 301 0 "https://pulsehost.co.uk/" "Mozilla/5.0 (Windows NT 10.0; Win64; x64) AppleWebKit/537.36 (KHTML, like Gecko) Chrome/109.0.0.0 Safari/537.36"
66.249.66.166 - - [08/Sep/2025:15:14:09 +0000] "GET /?zhHant/product/surugaya/90258357?campaign_uid=f64d716db5e979ed2f947dbaf4296895b951ae7f HTTP/1.1" 200 25422 "-" "Mozilla/5.0 (Linux; Android 6.0.1; Nexus 5X Build/MMB29P) AppleWebKit/537.36 (KHTML, like Gecko) Chrome/138.0.7204.183 Mobile Safari/537.36 (compatible; GoogleOther)"
66.249.66.164 - - [08/Sep/2025:15:15:43 +0000] "GET /?zhHant/product/surugaya/42207637?campaign_uid=f64d716db5e979ed2f947dbaf4296895b951ae7f HTTP/1.1" 200 25464 "-" "Mozilla/5.0 (Linux; Android 6.0.1; Nexus 5X Build/MMB29P) AppleWebKit/537.36 (KHTML, like Gecko) Chrome/138.0.7204.183 Mobile Safari/537.36 (compatible; GoogleOther)"
194.67.67.172 - - [08/Sep/2025:15:16:10 +0000] "GET /wp-login.php HTTP/2" 200 3630 "-" "Mozilla/5.0 (Windows NT 6.1; Win64; x64) AppleWebKit/537.36 (KHTML, like Gecko) Chrome/63.0.3239.132 Safari/537.36 OPR/50.0.2762.67"
194.67.67.172 - - [08/Sep/2025:15:16:11 +0000] "POST /wp-login.php HTTP/2" 200 3767 "https://pulsehost.co.uk/wp-login.php" "Mozilla/5.0 (Windows NT 6.1; Win64; x64) AppleWebKit/537.36 (KHTML, like Gecko) Chrome/63.0.3239.132 Safari/537.36 OPR/50.0.2762.67"
66.249.66.165 - - [08/Sep/2025:15:17:17 +0000] "GET /?zhHant/product/surugaya/91228746?campaign_uid=f64d716db5e979ed2f947dbaf4296895b951ae7f HTTP/1.1" 200 25332 "-" "Mozilla/5.0 (Linux; Android 6.0.1; Nexus 5X Build/MMB29P) AppleWebKit/537.36 (KHTML, like Gecko) Chrome/138.0.7204.183 Mobile Safari/537.36 (compatible; GoogleOther)"
57.141.6.3 - - [08/Sep/2025:15:17:25 +0000] "GET /?guwqj/r1698416.html HTTP/2" 301 0 "-" "meta-externalagent/1.1 (+https://developers.facebook.com/docs/sharing/webmasters/crawler)"
57.141.6.27 - - [08/Sep/2025:15:17:29 +0000] "GET /?guwqj%2Fr1698416_html HTTP/2" 200 150389 "-" "meta-externalagent/1.1 (+https://developers.facebook.com/docs/sharing/webmasters/crawler)"
5.255.231.73 - - [08/Sep/2025:15:17:45 +0000] "GET /robots.txt HTTP/1.1" 200 1070 "-" "Mozilla/5.0 (compatible; YandexBot/3.0; +http://yandex.com/bots)"
57.141.6.50 - - [08/Sep/2025:15:17:53 +0000] "GET /?jocbj%2Fh1784258_html HTTP/2" 200 150389 "-" "meta-externalagent/1.1 (+https://developers.facebook.com/docs/sharing/webmasters/crawler)"
57.141.6.72 - - [08/Sep/2025:15:18:45 +0000] "GET /?lnfzh%2Fl322958_html HTTP/2" 200 150388 "-" "meta-externalagent/1.1 (+https://developers.facebook.com/docs/sharing/webmasters/crawler)"
188.166.176.134 - - [08/Sep/2025:15:17:16 +0000] "POST //wp-login.php HTTP/1.1" 200 14935 "https://pulsehost.co.uk//wp-login.php" "Mozilla/5.0 (Windows NT 10.0; Win64; x64) AppleWebKit/537.36 (KHTML, like Gecko) Chrome/88.0.4240.193 Safari/537.36"
87.250.224.77 - - [08/Sep/2025:15:17:45 +0000] "GET /hosting/ HTTP/1.1" 403 0 "-" "Mozilla/5.0 (compatible; YandexBot/3.0; +http://yandex.com/bots)"
188.166.176.134 - - [08/Sep/2025:15:17:31 +0000] "POST //wp-login.php HTTP/1.1" 200 14935 "https://pulsehost.co.uk//wp-login.php" "Mozilla/5.0 (Windows NT 10.0; Win64; x64) AppleWebKit/537.36 (KHTML, like Gecko) Chrome/88.0.4240.193 Safari/537.36"
57.141.6.37 - - [08/Sep/2025:15:17:49 +0000] "GET /?jocbj/h1784258.html HTTP/2" 301 0 "-" "meta-externalagent/1.1 (+https://developers.facebook.com/docs/sharing/webmasters/crawler)"
57.141.6.12 - - [08/Sep/2025:15:17:55 +0000] "GET /?hztjr/i2070233.html HTTP/2" 301 0 "-" "meta-externalagent/1.1 (+https://developers.facebook.com/docs/sharing/webmasters/crawler)"
188.166.176.134 - - [08/Sep/2025:15:17:46 +0000] "POST //wp-login.php HTTP/1.1" 200 14935 "https://pulsehost.co.uk//wp-login.php" "Mozilla/5.0 (Windows NT 10.0; Win64; x64) AppleWebKit/537.36 (KHTML, like Gecko) Chrome/88.0.4240.193 Safari/537.36"
57.141.6.74 - - [08/Sep/2025:15:18:00 +0000] "GET /?hztjr%2Fi2070233_html HTTP/2" 200 150389 "-" "meta-externalagent/1.1 (+https://developers.facebook.com/docs/sharing/webmasters/crawler)"
45.85.88.115 - - [08/Sep/2025:15:18:15 +0000] "POST /wp-cron.php?doing_wp_cron=1757344695.7092421054840087890625 HTTP/1.1" 200 0 "-" "WordPress/6.8.2; https://pulsehost.co.uk"
188.166.176.134 - - [08/Sep/2025:15:18:01 +0000] "POST //wp-login.php HTTP/1.1" 200 14935 "https://pulsehost.co.uk//wp-login.php" "Mozilla/5.0 (Windows NT 10.0; Win64; x64) AppleWebKit/537.36 (KHTML, like Gecko) Chrome/88.0.4240.193 Safari/537.36"
66.249.66.165 - - [08/Sep/2025:15:18:20 +0000] "GET /?product/edit/61791412 HTTP/1.1" 200 24407 "-" "Mozilla/5.0 (Linux; Android 6.0.1; Nexus 5X Build/MMB29P) AppleWebKit/537.36 (KHTML, like Gecko) Chrome/138.0.7204.183 Mobile Safari/537.36 (compatible; Googlebot/2.1; +http://www.google.com/bot.html)"
66.249.66.69 - - [08/Sep/2025:15:18:20 +0000] "GET /?safe_search/config?return_url=/product/detail/85120090 HTTP/1.1" 200 25576 "-" "Mozilla/5.0 (Linux; Android 6.0.1; Nexus 5X Build/MMB29P) AppleWebKit/537.36 (KHTML, like Gecko) Chrome/138.0.7204.183 Mobile Safari/537.36 (compatible; Googlebot/2.1; +http://www.google.com/bot.html)"
66.249.66.165 - - [08/Sep/2025:15:18:21 +0000] "GET /?product/edit/45351859 HTTP/1.1" 200 25305 "-" "Mozilla/5.0 (Linux; Android 6.0.1; Nexus 5X Build/MMB29P) AppleWebKit/537.36 (KHTML, like Gecko) Chrome/138.0.7204.183 Mobile Safari/537.36 (compatible; Googlebot/2.1; +http://www.google.com/bot.html)"
188.166.176.134 - - [08/Sep/2025:15:18:16 +0000] "POST //wp-login.php HTTP/1.1" 200 14935 "https://pulsehost.co.uk//wp-login.php" "Mozilla/5.0 (Windows NT 10.0; Win64; x64) AppleWebKit/537.36 (KHTML, like Gecko) Chrome/88.0.4240.193 Safari/537.36"
57.141.6.8 - - [08/Sep/2025:15:18:42 +0000] "GET /?lnfzh/l322958.html HTTP/2" 301 0 "-" "meta-externalagent/1.1 (+https://developers.facebook.com/docs/sharing/webmasters/crawler)"
188.166.176.134 - - [08/Sep/2025:15:18:31 +0000] "POST //wp-login.php HTTP/1.1" 200 14935 "https://pulsehost.co.uk//wp-login.php" "Mozilla/5.0 (Windows NT 10.0; Win64; x64) AppleWebKit/537.36 (KHTML, like Gecko) Chrome/88.0.4240.193 Safari/537.36"
188.166.176.134 - - [08/Sep/2025:15:18:46 +0000] "POST //wp-login.php HTTP/1.1" 200 14935 "https://pulsehost.co.uk//wp-login.php" "Mozilla/5.0 (Windows NT 10.0; Win64; x64) AppleWebKit/537.36 (KHTML, like Gecko) Chrome/88.0.4240.193 Safari/537.36"
188.166.176.134 - - [08/Sep/2025:15:19:01 +0000] "POST //wp-login.php HTTP/1.1" 200 14935 "https://pulsehost.co.uk//wp-login.php" "Mozilla/5.0 (Windows NT 10.0; Win64; x64) AppleWebKit/537.36 (KHTML, like Gecko) Chrome/88.0.4240.193 Safari/537.36"
66.249.66.166 - - [08/Sep/2025:15:19:16 +0000] "GET /?zhHant/product/surugaya/68241982?campaign_uid=f64d716db5e979ed2f947dbaf4296895b951ae7f HTTP/1.1" 200 27255 "-" "Mozilla/5.0 (Linux; Android 6.0.1; Nexus 5X Build/MMB29P) AppleWebKit/537.36 (KHTML, like Gecko) Chrome/138.0.7204.183 Mobile Safari/537.36 (compatible; Googlebot/2.1; +http://www.google.com/bot.html)"
188.166.176.134 - - [08/Sep/2025:15:19:16 +0000] "POST //wp-login.php HTTP/1.1" 200 14935 "https://pulsehost.co.uk//wp-login.php" "Mozilla/5.0 (Windows NT 10.0; Win64; x64) AppleWebKit/537.36 (KHTML, like Gecko) Chrome/88.0.4240.193 Safari/537.36"
188.166.176.134 - - [08/Sep/2025:15:19:31 +0000] "POST //wp-login.php HTTP/1.1" 200 14935 "https://pulsehost.co.uk//wp-login.php" "Mozilla/5.0 (Windows NT 10.0; Win64; x64) AppleWebKit/537.36 (KHTML, like Gecko) Chrome/88.0.4240.193 Safari/537.36"
188.166.176.134 - - [08/Sep/2025:15:19:46 +0000] "POST //wp-login.php HTTP/1.1" 200 14935 "https://pulsehost.co.uk//wp-login.php" "Mozilla/5.0 (Windows NT 10.0; Win64; x64) AppleWebKit/537.36 (KHTML, like Gecko) Chrome/88.0.4240.193 Safari/537.36"
188.166.176.134 - - [08/Sep/2025:15:20:01 +0000] "POST //wp-login.php HTTP/1.1" 200 14935 "https://pulsehost.co.uk//wp-login.php" "Mozilla/5.0 (Windows NT 10.0; Win64; x64) AppleWebKit/537.36 (KHTML, like Gecko) Chrome/88.0.4240.193 Safari/537.36"
188.166.176.134 - - [08/Sep/2025:15:20:16 +0000] "POST //wp-login.php HTTP/1.1" 200 14935 "https://pulsehost.co.uk//wp-login.php" "Mozilla/5.0 (Windows NT 10.0; Win64; x64) AppleWebKit/537.36 (KHTML, like Gecko) Chrome/88.0.4240.193 Safari/537.36"
66.249.66.164 - - [08/Sep/2025:15:18:51 +0000] "GET /?zhHant/product/surugaya/83579507?campaign_uid=f64d716db5e979ed2f947dbaf4296895b951ae7f HTTP/1.1" 200 26524 "-" "Mozilla/5.0 (Linux; Android 6.0.1; Nexus 5X Build/MMB29P) AppleWebKit/537.36 (KHTML, like Gecko) Chrome/138.0.7204.183 Mobile Safari/537.36 (compatible; GoogleOther)"
66.249.66.68 - - [08/Sep/2025:15:20:12 +0000] "GET /?shopdetail/5847049 HTTP/1.1" 200 25866 "-" "Mozilla/5.0 (Linux; Android 6.0.1; Nexus 5X Build/MMB29P) AppleWebKit/537.36 (KHTML, like Gecko) Chrome/138.0.7204.183 Mobile Safari/537.36 (compatible; Googlebot/2.1; +http://www.google.com/bot.html)"
66.249.66.164 - - [08/Sep/2025:15:20:25 +0000] "GET /?zhHant/product/surugaya/32479564?campaign_uid=f64d716db5e979ed2f947dbaf4296895b951ae7f HTTP/1.1" 200 24875 "-" "Mozilla/5.0 (Linux; Android 6.0.1; Nexus 5X Build/MMB29P) AppleWebKit/537.36 (KHTML, like Gecko) Chrome/138.0.7204.183 Mobile Safari/537.36 (compatible; GoogleOther)"
188.166.176.134 - - [08/Sep/2025:15:20:31 +0000] "POST //wp-login.php HTTP/1.1" 200 14935 "https://pulsehost.co.uk//wp-login.php" "Mozilla/5.0 (Windows NT 10.0; Win64; x64) AppleWebKit/537.36 (KHTML, like Gecko) Chrome/88.0.4240.193 Safari/537.36"
188.166.176.134 - - [08/Sep/2025:15:20:46 +0000] "POST //wp-login.php HTTP/1.1" 200 14935 "https://pulsehost.co.uk//wp-login.php" "Mozilla/5.0 (Windows NT 10.0; Win64; x64) AppleWebKit/537.36 (KHTML, like Gecko) Chrome/88.0.4240.193 Safari/537.36"
188.166.176.134 - - [08/Sep/2025:15:21:01 +0000] "POST //wp-login.php HTTP/1.1" 200 14935 "https://pulsehost.co.uk//wp-login.php" "Mozilla/5.0 (Windows NT 10.0; Win64; x64) AppleWebKit/537.36 (KHTML, like Gecko) Chrome/88.0.4240.193 Safari/537.36"
188.166.176.134 - - [08/Sep/2025:15:21:16 +0000] "POST //wp-login.php HTTP/1.1" 200 14935 "https://pulsehost.co.uk//wp-login.php" "Mozilla/5.0 (Windows NT 10.0; Win64; x64) AppleWebKit/537.36 (KHTML, like Gecko) Chrome/88.0.4240.193 Safari/537.36"
177.37.186.180 - - [08/Sep/2025:15:21:45 +0000] "GET /?shopdetail/17860838 HTTP/1.1" 301 0 "https://pulsehost.co.uk/" "Mozilla/5.0 (X11; Linux x86_64; rv:137.0) Gecko/20100101 Firefox/137.0"
188.166.176.134 - - [08/Sep/2025:15:21:31 +0000] "POST //wp-login.php HTTP/1.1" 200 14935 "https://pulsehost.co.uk//wp-login.php" "Mozilla/5.0 (Windows NT 10.0; Win64; x64) AppleWebKit/537.36 (KHTML, like Gecko) Chrome/88.0.4240.193 Safari/537.36"
57.141.6.6 - - [08/Sep/2025:15:21:51 +0000] "GET /?djafi/s710989.html HTTP/2" 301 0 "-" "meta-externalagent/1.1 (+https://developers.facebook.com/docs/sharing/webmasters/crawler)"
57.141.6.62 - - [08/Sep/2025:15:21:57 +0000] "GET /?djafi%2Fs710989_html HTTP/2" 200 150388 "-" "meta-externalagent/1.1 (+https://developers.facebook.com/docs/sharing/webmasters/crawler)"
188.166.176.134 - - [08/Sep/2025:15:21:46 +0000] "POST //wp-login.php HTTP/1.1" 200 14935 "https://pulsehost.co.uk//wp-login.php" "Mozilla/5.0 (Windows NT 10.0; Win64; x64) AppleWebKit/537.36 (KHTML, like Gecko) Chrome/88.0.4240.193 Safari/537.36"
57.141.6.52 - - [08/Sep/2025:15:22:05 +0000] "GET /?ovupl/n869324.html HTTP/2" 301 0 "-" "meta-externalagent/1.1 (+https://developers.facebook.com/docs/sharing/webmasters/crawler)"
57.141.6.57 - - [08/Sep/2025:15:22:09 +0000] "GET /?ovupl%2Fn869324_html HTTP/2" 200 150388 "-" "meta-externalagent/1.1 (+https://developers.facebook.com/docs/sharing/webmasters/crawler)"
188.166.176.134 - - [08/Sep/2025:15:22:01 +0000] "POST //wp-login.php HTTP/1.1" 200 14935 "https://pulsehost.co.uk//wp-login.php" "Mozilla/5.0 (Windows NT 10.0; Win64; x64) AppleWebKit/537.36 (KHTML, like Gecko) Chrome/88.0.4240.193 Safari/537.36"
188.166.176.134 - - [08/Sep/2025:15:22:17 +0000] "POST //wp-login.php HTTP/1.1" 200 14935 "https://pulsehost.co.uk//wp-login.php" "Mozilla/5.0 (Windows NT 10.0; Win64; x64) AppleWebKit/537.36 (KHTML, like Gecko) Chrome/88.0.4240.193 Safari/537.36"
188.166.176.134 - - [08/Sep/2025:15:22:31 +0000] "POST //wp-login.php HTTP/1.1" 200 14935 "https://pulsehost.co.uk//wp-login.php" "Mozilla/5.0 (Windows NT 10.0; Win64; x64) AppleWebKit/537.36 (KHTML, like Gecko) Chrome/88.0.4240.193 Safari/537.36"
188.166.176.134 - - [08/Sep/2025:15:22:46 +0000] "POST //wp-login.php HTTP/1.1" 200 14935 "https://pulsehost.co.uk//wp-login.php" "Mozilla/5.0 (Windows NT 10.0; Win64; x64) AppleWebKit/537.36 (KHTML, like Gecko) Chrome/88.0.4240.193 Safari/537.36"
188.166.176.134 - - [08/Sep/2025:15:23:01 +0000] "POST //wp-login.php HTTP/1.1" 200 14935 "https://pulsehost.co.uk//wp-login.php" "Mozilla/5.0 (Windows NT 10.0; Win64; x64) AppleWebKit/537.36 (KHTML, like Gecko) Chrome/88.0.4240.193 Safari/537.36"
45.178.176.175 - - [08/Sep/2025:15:23:21 +0000] "GET /?shopdetail/7377638 HTTP/1.1" 301 0 "https://pulsehost.co.uk/" "Mozilla/5.0 (Windows NT 10.0; Win64; x64) AppleWebKit/537.36 (KHTML, like Gecko) Chrome/135.0.0.0 Safari/537.36"
177.84.11.36 - - [08/Sep/2025:15:21:22 +0000] "GET /?bokpz%2Fn3037906.html HTTP/1.1" 301 0 "-" "Mozilla/5.0 (Windows NT 6.4; WOW64) AppleWebKit/537.36 (KHTML, like Gecko) Chrome/41.0.2225.0 Safari/537.36"
177.84.11.36 - - [08/Sep/2025:15:21:23 +0000] "GET /?bokpz%2Fn3037906_html HTTP/1.1" 200 23830 "-" "Mozilla/5.0 (Windows NT 6.4; WOW64) AppleWebKit/537.36 (KHTML, like Gecko) Chrome/41.0.2225.0 Safari/537.36"
138.97.180.137 - - [08/Sep/2025:15:21:24 +0000] "GET /?shopdetail/3727838 HTTP/1.1" 301 0 "https://pulsehost.co.uk/" "Mozilla/5.0 (Windows NT 10.0; Win64; x64; rv:136.0) Gecko/20100101 Firefox/136.0"
45.176.106.12 - - [08/Sep/2025:15:21:27 +0000] "GET /?shopdetail/3727838 HTTP/1.1" 301 0 "https://pulsehost.co.uk/" "Mozilla/5.0 (Windows NT 10.0; Win64; x64; rv:136.0) Gecko/20100101 Firefox/136.0"
57.141.6.40 - - [08/Sep/2025:15:21:31 +0000] "GET /?mxdwc/r2890724.html HTTP/2" 301 0 "-" "meta-externalagent/1.1 (+https://developers.facebook.com/docs/sharing/webmasters/crawler)"
57.141.6.8 - - [08/Sep/2025:15:21:36 +0000] "GET /?mxdwc%2Fr2890724_html HTTP/2" 200 150389 "-" "meta-externalagent/1.1 (+https://developers.facebook.com/docs/sharing/webmasters/crawler)"
190.5.160.157 - - [08/Sep/2025:15:21:50 +0000] "GET /?shopdetail/17860838 HTTP/1.1" 301 0 "https://pulsehost.co.uk/" "Mozilla/5.0 (X11; Linux x86_64; rv:137.0) Gecko/20100101 Firefox/137.0"
66.249.66.164 - - [08/Sep/2025:15:21:59 +0000] "GET /?zhHant/product/surugaya/42921434?campaign_uid=f64d716db5e979ed2f947dbaf4296895b951ae7f HTTP/1.1" 200 24973 "-" "Mozilla/5.0 (Linux; Android 6.0.1; Nexus 5X Build/MMB29P) AppleWebKit/537.36 (KHTML, like Gecko) Chrome/138.0.7204.183 Mobile Safari/537.36 (compatible; GoogleOther)"
66.249.66.69 - - [08/Sep/2025:15:22:02 +0000] "GET /?pcmypage?callback=/product/detail/73175833 HTTP/1.1" 200 24323 "-" "Mozilla/5.0 (Linux; Android 6.0.1; Nexus 5X Build/MMB29P) AppleWebKit/537.36 (KHTML, like Gecko) Chrome/138.0.7204.183 Mobile Safari/537.36 (compatible; Googlebot/2.1; +http://www.google.com/bot.html)"
66.249.66.69 - - [08/Sep/2025:15:22:02 +0000] "GET /?shopdetail/2611483 HTTP/1.1" 200 25883 "-" "Mozilla/5.0 (Linux; Android 6.0.1; Nexus 5X Build/MMB29P) AppleWebKit/537.36 (KHTML, like Gecko) Chrome/138.0.7204.183 Mobile Safari/537.36 (compatible; Googlebot/2.1; +http://www.google.com/bot.html)"
45.168.156.78 - - [08/Sep/2025:15:22:19 +0000] "GET /?shopdetail/3553772 HTTP/1.1" 301 0 "https://pulsehost.co.uk/" "Mozilla/5.0 (Windows NT 10.0; Win64; x64) AppleWebKit/537.36 (KHTML, like Gecko) Chrome/135.0.0.0 Safari/537.36"
168.197.222.152 - - [08/Sep/2025:15:22:21 +0000] "GET /?shopdetail/3553772 HTTP/1.1" 301 0 "https://pulsehost.co.uk/" "Mozilla/5.0 (Windows NT 10.0; Win64; x64) AppleWebKit/537.36 (KHTML, like Gecko) Chrome/135.0.0.0 Safari/537.36"
187.108.240.10 - - [08/Sep/2025:15:23:17 +0000] "GET /?shopdetail/7377638 HTTP/1.1" 301 0 "https://pulsehost.co.uk/" "Mozilla/5.0 (Windows NT 10.0; Win64; x64) AppleWebKit/537.36 (KHTML, like Gecko) Chrome/135.0.0.0 Safari/537.36"
185.244.154.235 - - [08/Sep/2025:15:23:26 +0000] "GET /?vlyxn%2Fd1546822_html HTTP/1.1" 200 23831 "-" "Mozilla/5.0 (Windows NT 6.1; Win64; x64) AppleWebKit/537.36 (KHTML, like Gecko) Chrome/94.0.4606.81 Safari/537.36"
57.141.6.75 - - [08/Sep/2025:15:23:28 +0000] "GET /?oixwr/y175031.html HTTP/2" 301 0 "-" "meta-externalagent/1.1 (+https://developers.facebook.com/docs/sharing/webmasters/crawler)"
66.249.66.69 - - [08/Sep/2025:15:23:53 +0000] "GET /?shopdetail/5789372 HTTP/1.1" 200 25496 "-" "Mozilla/5.0 (Linux; Android 6.0.1; Nexus 5X Build/MMB29P) AppleWebKit/537.36 (KHTML, like Gecko) Chrome/138.0.7204.183 Mobile Safari/537.36 (compatible; Googlebot/2.1; +http://www.google.com/bot.html)"
66.249.66.165 - - [08/Sep/2025:15:23:53 +0000] "GET /?zhHant/product/surugaya/42667813?campaign_uid=f64d716db5e979ed2f947dbaf4296895b951ae7f HTTP/1.1" 200 25870 "-" "Mozilla/5.0 (Linux; Android 6.0.1; Nexus 5X Build/MMB29P) AppleWebKit/537.36 (KHTML, like Gecko) Chrome/138.0.7204.183 Mobile Safari/537.36 (compatible; Googlebot/2.1; +http://www.google.com/bot.html)"
188.166.176.134 - - [08/Sep/2025:15:23:16 +0000] "POST //wp-login.php HTTP/1.1" 200 14935 "https://pulsehost.co.uk//wp-login.php" "Mozilla/5.0 (Windows NT 10.0; Win64; x64) AppleWebKit/537.36 (KHTML, like Gecko) Chrome/88.0.4240.193 Safari/537.36"
57.141.6.76 - - [08/Sep/2025:15:23:32 +0000] "GET /?cswmy/m1296191.html HTTP/2" 301 0 "-" "meta-externalagent/1.1 (+https://developers.facebook.com/docs/sharing/webmasters/crawler)"
66.249.66.165 - - [08/Sep/2025:15:23:33 +0000] "GET /?eolrp/w368653.html HTTP/1.1" 200 24524 "-" "Mozilla/5.0 (Linux; Android 6.0.1; Nexus 5X Build/MMB29P) AppleWebKit/537.36 (KHTML, like Gecko) Chrome/138.0.7204.183 Mobile Safari/537.36 (compatible; GoogleOther)"
57.141.6.65 - - [08/Sep/2025:15:23:33 +0000] "GET /?oixwr%2Fy175031_html HTTP/2" 200 150388 "-" "meta-externalagent/1.1 (+https://developers.facebook.com/docs/sharing/webmasters/crawler)"
57.141.6.22 - - [08/Sep/2025:15:23:36 +0000] "GET /?cswmy%2Fm1296191_html HTTP/2" 200 150389 "-" "meta-externalagent/1.1 (+https://developers.facebook.com/docs/sharing/webmasters/crawler)"
57.141.6.38 - - [08/Sep/2025:15:23:37 +0000] "GET /?bipco/x496208.html HTTP/2" 301 0 "-" "meta-externalagent/1.1 (+https://developers.facebook.com/docs/sharing/webmasters/crawler)"
57.141.6.24 - - [08/Sep/2025:15:23:41 +0000] "GET /?bipco%2Fx496208_html HTTP/2" 200 150388 "-" "meta-externalagent/1.1 (+https://developers.facebook.com/docs/sharing/webmasters/crawler)"
188.166.176.134 - - [08/Sep/2025:15:23:31 +0000] "POST //wp-login.php HTTP/1.1" 200 14935 "https://pulsehost.co.uk//wp-login.php" "Mozilla/5.0 (Windows NT 10.0; Win64; x64) AppleWebKit/537.36 (KHTML, like Gecko) Chrome/88.0.4240.193 Safari/537.36"
57.141.6.6 - - [08/Sep/2025:15:23:52 +0000] "GET /?cxfxc/u1100393.html HTTP/2" 301 0 "-" "meta-externalagent/1.1 (+https://developers.facebook.com/docs/sharing/webmasters/crawler)"
188.166.176.134 - - [08/Sep/2025:15:23:46 +0000] "POST //wp-login.php HTTP/1.1" 200 14935 "https://pulsehost.co.uk//wp-login.php" "Mozilla/5.0 (Windows NT 10.0; Win64; x64) AppleWebKit/537.36 (KHTML, like Gecko) Chrome/88.0.4240.193 Safari/537.36"
188.166.176.134 - - [08/Sep/2025:15:24:01 +0000] "POST //wp-login.php HTTP/1.1" 200 14935 "https://pulsehost.co.uk//wp-login.php" "Mozilla/5.0 (Windows NT 10.0; Win64; x64) AppleWebKit/537.36 (KHTML, like Gecko) Chrome/88.0.4240.193 Safari/537.36"
188.166.176.134 - - [08/Sep/2025:15:24:16 +0000] "POST //wp-login.php HTTP/1.1" 200 14935 "https://pulsehost.co.uk//wp-login.php" "Mozilla/5.0 (Windows NT 10.0; Win64; x64) AppleWebKit/537.36 (KHTML, like Gecko) Chrome/88.0.4240.193 Safari/537.36"
188.166.176.134 - - [08/Sep/2025:15:24:31 +0000] "POST //wp-login.php HTTP/1.1" 200 14935 "https://pulsehost.co.uk//wp-login.php" "Mozilla/5.0 (Windows NT 10.0; Win64; x64) AppleWebKit/537.36 (KHTML, like Gecko) Chrome/88.0.4240.193 Safari/537.36"
66.249.66.68 - - [08/Sep/2025:15:24:49 +0000] "GET /?pcmypage?callback=product/detail/14747258 HTTP/1.1" 200 25520 "-" "Mozilla/5.0 (Linux; Android 6.0.1; Nexus 5X Build/MMB29P) AppleWebKit/537.36 (KHTML, like Gecko) Chrome/138.0.7204.183 Mobile Safari/537.36 (compatible; Googlebot/2.1; +http://www.google.com/bot.html)"
188.166.176.134 - - [08/Sep/2025:15:24:46 +0000] "POST //wp-login.php HTTP/1.1" 200 14935 "https://pulsehost.co.uk//wp-login.php" "Mozilla/5.0 (Windows NT 10.0; Win64; x64) AppleWebKit/537.36 (KHTML, like Gecko) Chrome/88.0.4240.193 Safari/537.36"
57.141.6.68 - - [08/Sep/2025:15:25:02 +0000] "GET /?jkfsy/k1193515.html HTTP/2" 301 0 "-" "meta-externalagent/1.1 (+https://developers.facebook.com/docs/sharing/webmasters/crawler)"
66.249.66.165 - - [08/Sep/2025:15:25:07 +0000] "GET /?zhHant/product/surugaya/90228223?campaign_uid=f64d716db5e979ed2f947dbaf4296895b951ae7f HTTP/1.1" 200 24564 "-" "Mozilla/5.0 (Linux; Android 6.0.1; Nexus 5X Build/MMB29P) AppleWebKit/537.36 (KHTML, like Gecko) Chrome/138.0.7204.183 Mobile Safari/537.36 (compatible; GoogleOther)"
57.141.6.41 - - [08/Sep/2025:15:23:55 +0000] "GET /?cxfxc%2Fu1100393_html HTTP/2" 200 150389 "-" "meta-externalagent/1.1 (+https://developers.facebook.com/docs/sharing/webmasters/crawler)"
57.141.6.24 - - [08/Sep/2025:15:24:08 +0000] "GET /?srcih/i133181.html HTTP/2" 301 0 "-" "meta-externalagent/1.1 (+https://developers.facebook.com/docs/sharing/webmasters/crawler)"
57.141.6.14 - - [08/Sep/2025:15:24:12 +0000] "GET /?srcih%2Fi133181_html HTTP/2" 200 150388 "-" "meta-externalagent/1.1 (+https://developers.facebook.com/docs/sharing/webmasters/crawler)"
57.141.6.41 - - [08/Sep/2025:15:25:06 +0000] "GET /?jkfsy%2Fk1193515_html HTTP/2" 200 150389 "-" "meta-externalagent/1.1 (+https://developers.facebook.com/docs/sharing/webmasters/crawler)"
57.141.6.4 - - [08/Sep/2025:15:25:29 +0000] "GET /?yigoc%2Fl1372916_html HTTP/2" 200 150389 "-" "meta-externalagent/1.1 (+https://developers.facebook.com/docs/sharing/webmasters/crawler)"
66.249.66.69 - - [08/Sep/2025:15:25:45 +0000] "GET /?shopdetail/24407994 HTTP/1.1" 200 26062 "-" "Mozilla/5.0 (Linux; Android 6.0.1; Nexus 5X Build/MMB29P) AppleWebKit/537.36 (KHTML, like Gecko) Chrome/138.0.7204.183 Mobile Safari/537.36 (compatible; Googlebot/2.1; +http://www.google.com/bot.html)"
57.141.6.41 - - [08/Sep/2025:15:25:49 +0000] "GET /?mjlds%2Fv2556420_html HTTP/2" 200 150389 "-" "meta-externalagent/1.1 (+https://developers.facebook.com/docs/sharing/webmasters/crawler)"
57.141.6.52 - - [08/Sep/2025:15:25:57 +0000] "GET /?nvloa%2Fx2667858_html HTTP/2" 200 150389 "-" "meta-externalagent/1.1 (+https://developers.facebook.com/docs/sharing/webmasters/crawler)"
220.158.233.124 - - [08/Sep/2025:15:26:27 +0000] "GET /wp-admin HTTP/2" 301 795 "-" "Mozilla/5.0 (Windows NT 10.0; Win64; x64) AppleWebKit/537.36 (KHTML, like Gecko) Chrome/120.0.0.0 Safari/537.36"
220.158.233.124 - - [08/Sep/2025:15:26:27 +0000] "GET /xmlrpc.php HTTP/2" 403 1242 "-" "Mozilla/5.0 (Windows NT 10.0; Win64; x64) AppleWebKit/537.36 (KHTML, like Gecko) Chrome/120.0.0.0 Safari/537.36"
220.158.233.124 - - [08/Sep/2025:15:26:27 +0000] "GET /wp-admin/ HTTP/2" 302 0 "https://pulsehost.co.uk/wp-admin" "Mozilla/5.0 (Windows NT 10.0; Win64; x64) AppleWebKit/537.36 (KHTML, like Gecko) Chrome/120.0.0.0 Safari/537.36"
220.158.233.124 - - [08/Sep/2025:15:26:28 +0000] "GET /wp-login.php?redirect_to=https%3A%2F%2Fpulsehost.co.uk%2Fwp-admin%2F&reauth=1 HTTP/2" 200 3638 "https://pulsehost.co.uk/wp-admin" "Mozilla/5.0 (Windows NT 10.0; Win64; x64) AppleWebKit/537.36 (KHTML, like Gecko) Chrome/120.0.0.0 Safari/537.36"
220.158.233.124 - - [08/Sep/2025:15:26:28 +0000] "GET /wp-login.php HTTP/2" 200 3630 "http://pulsehost.co.uk/wp-login.php" "Mozilla/5.0 (Windows NT 10.0; Win64; x64) AppleWebKit/537.36 (KHTML, like Gecko) Chrome/120.0.0.0 Safari/537.36"
220.158.233.124 - - [08/Sep/2025:15:26:29 +0000] "GET /wp-sitemap-users-1.xml HTTP/2" 200 7555 "-" "Mozilla/5.0 (Windows NT 10.0; Win64; x64) AppleWebKit/537.36 (KHTML, like Gecko) Chrome/120.0.0.0 Safari/537.36"
220.158.233.124 - - [08/Sep/2025:15:26:29 +0000] "GET /?rest_route=/Wp/V2/users HTTP/2" 200 348 "-" "Mozilla/5.0 (Windows NT 10.0; Win64; x64) AppleWebKit/537.36 (KHTML, like Gecko) Chrome/120.0.0.0 Safari/537.36"
220.158.233.124 - - [08/Sep/2025:15:26:30 +0000] "GET /?rest_route=/Wp/V2/users HTTP/2" 200 348 "-" "Mozilla/5.0 (Windows NT 10.0; Win64; x64) AppleWebKit/537.36 (KHTML, like Gecko) Chrome/120.0.0.0 Safari/537.36"
220.158.233.124 - - [08/Sep/2025:15:26:30 +0000] "GET /?rest_route=/Wp/V2/users HTTP/2" 200 348 "-" "Mozilla/5.0 (Windows NT 10.0; Win64; x64) AppleWebKit/537.36 (KHTML, like Gecko) Chrome/120.0.0.0 Safari/537.36"
57.141.6.41 - - [08/Sep/2025:15:26:34 +0000] "GET /?fvghs/a2991977.html HTTP/2" 301 0 "-" "meta-externalagent/1.1 (+https://developers.facebook.com/docs/sharing/webmasters/crawler)"
188.166.176.134 - - [08/Sep/2025:15:25:01 +0000] "POST //wp-login.php HTTP/1.1" 200 14935 "https://pulsehost.co.uk//wp-login.php" "Mozilla/5.0 (Windows NT 10.0; Win64; x64) AppleWebKit/537.36 (KHTML, like Gecko) Chrome/88.0.4240.193 Safari/537.36"
57.141.6.65 - - [08/Sep/2025:15:25:21 +0000] "GET /?yigoc/l1372916.html HTTP/2" 301 0 "-" "meta-externalagent/1.1 (+https://developers.facebook.com/docs/sharing/webmasters/crawler)"
188.166.176.134 - - [08/Sep/2025:15:25:16 +0000] "POST //wp-login.php HTTP/1.1" 200 14935 "https://pulsehost.co.uk//wp-login.php" "Mozilla/5.0 (Windows NT 10.0; Win64; x64) AppleWebKit/537.36 (KHTML, like Gecko) Chrome/88.0.4240.193 Safari/537.36"
57.141.6.66 - - [08/Sep/2025:15:25:45 +0000] "GET /?mjlds/v2556420.html HTTP/2" 301 0 "-" "meta-externalagent/1.1 (+https://developers.facebook.com/docs/sharing/webmasters/crawler)"
188.166.176.134 - - [08/Sep/2025:15:25:31 +0000] "POST //wp-login.php HTTP/1.1" 200 14935 "https://pulsehost.co.uk//wp-login.php" "Mozilla/5.0 (Windows NT 10.0; Win64; x64) AppleWebKit/537.36 (KHTML, like Gecko) Chrome/88.0.4240.193 Safari/537.36"
57.141.6.8 - - [08/Sep/2025:15:25:52 +0000] "GET /?nvloa/x2667858.html HTTP/2" 301 0 "-" "meta-externalagent/1.1 (+https://developers.facebook.com/docs/sharing/webmasters/crawler)"
188.166.176.134 - - [08/Sep/2025:15:25:46 +0000] "POST //wp-login.php HTTP/1.1" 200 14935 "https://pulsehost.co.uk//wp-login.php" "Mozilla/5.0 (Windows NT 10.0; Win64; x64) AppleWebKit/537.36 (KHTML, like Gecko) Chrome/88.0.4240.193 Safari/537.36"
188.166.176.134 - - [08/Sep/2025:15:26:01 +0000] "POST //wp-login.php HTTP/1.1" 200 14935 "https://pulsehost.co.uk//wp-login.php" "Mozilla/5.0 (Windows NT 10.0; Win64; x64) AppleWebKit/537.36 (KHTML, like Gecko) Chrome/88.0.4240.193 Safari/537.36"
220.158.233.124 - - [08/Sep/2025:15:26:27 +0000] "GET /wp-login.php HTTP/2" 200 3630 "-" "Mozilla/5.0 (Windows NT 10.0; Win64; x64) AppleWebKit/537.36 (KHTML, like Gecko) Chrome/120.0.0.0 Safari/537.36"
220.158.233.124 - - [08/Sep/2025:15:26:28 +0000] "GET /wp-sitemap-users-1.xml HTTP/2" 200 7592 "-" "Mozilla/5.0 (Windows NT 10.0; Win64; x64) AppleWebKit/537.36 (KHTML, like Gecko) Chrome/120.0.0.0 Safari/537.36"
220.158.233.124 - - [08/Sep/2025:15:26:29 +0000] "GET /wp-sitemap-users-1.xml HTTP/2" 200 7597 "-" "Mozilla/5.0 (Windows NT 10.0; Win64; x64) AppleWebKit/537.36 (KHTML, like Gecko) Chrome/120.0.0.0 Safari/537.36"
188.166.176.134 - - [08/Sep/2025:15:26:16 +0000] "POST //wp-login.php HTTP/1.1" 200 14935 "https://pulsehost.co.uk//wp-login.php" "Mozilla/5.0 (Windows NT 10.0; Win64; x64) AppleWebKit/537.36 (KHTML, like Gecko) Chrome/88.0.4240.193 Safari/537.36"
57.141.6.65 - - [08/Sep/2025:15:26:39 +0000] "GET /?fvghs%2Fa2991977_html HTTP/2" 200 150389 "-" "meta-externalagent/1.1 (+https://developers.facebook.com/docs/sharing/webmasters/crawler)"
66.249.66.166 - - [08/Sep/2025:15:26:40 +0000] "GET /?zhHant/product/surugaya/23517366?campaign_uid=f64d716db5e979ed2f947dbaf4296895b951ae7f HTTP/1.1" 200 24506 "-" "Mozilla/5.0 (Linux; Android 6.0.1; Nexus 5X Build/MMB29P) AppleWebKit/537.36 (KHTML, like Gecko) Chrome/138.0.7204.183 Mobile Safari/537.36 (compatible; Googlebot/2.1; +http://www.google.com/bot.html)"
66.249.66.164 - - [08/Sep/2025:15:26:41 +0000] "GET /?zhHant/product/surugaya/42031939?campaign_uid=f64d716db5e979ed2f947dbaf4296895b951ae7f HTTP/1.1" 200 24600 "-" "Mozilla/5.0 (Linux; Android 6.0.1; Nexus 5X Build/MMB29P) AppleWebKit/537.36 (KHTML, like Gecko) Chrome/138.0.7204.183 Mobile Safari/537.36 (compatible; GoogleOther)"
188.166.176.134 - - [08/Sep/2025:15:26:31 +0000] "POST //wp-login.php HTTP/1.1" 200 14935 "https://pulsehost.co.uk//wp-login.php" "Mozilla/5.0 (Windows NT 10.0; Win64; x64) AppleWebKit/537.36 (KHTML, like Gecko) Chrome/88.0.4240.193 Safari/537.36"
188.166.176.134 - - [08/Sep/2025:15:26:46 +0000] "POST //wp-login.php HTTP/1.1" 200 14935 "https://pulsehost.co.uk//wp-login.php" "Mozilla/5.0 (Windows NT 10.0; Win64; x64) AppleWebKit/537.36 (KHTML, like Gecko) Chrome/88.0.4240.193 Safari/537.36"
188.166.176.134 - - [08/Sep/2025:15:27:01 +0000] "POST //wp-login.php HTTP/1.1" 200 14935 "https://pulsehost.co.uk//wp-login.php" "Mozilla/5.0 (Windows NT 10.0; Win64; x64) AppleWebKit/537.36 (KHTML, like Gecko) Chrome/88.0.4240.193 Safari/537.36"
188.166.176.134 - - [08/Sep/2025:15:27:16 +0000] "POST //wp-login.php HTTP/1.1" 200 14935 "https://pulsehost.co.uk//wp-login.php" "Mozilla/5.0 (Windows NT 10.0; Win64; x64) AppleWebKit/537.36 (KHTML, like Gecko) Chrome/88.0.4240.193 Safari/537.36"
188.166.176.134 - - [08/Sep/2025:15:27:31 +0000] "POST //wp-login.php HTTP/1.1" 200 14935 "https://pulsehost.co.uk//wp-login.php" "Mozilla/5.0 (Windows NT 10.0; Win64; x64) AppleWebKit/537.36 (KHTML, like Gecko) Chrome/88.0.4240.193 Safari/537.36"
188.166.176.134 - - [08/Sep/2025:15:27:46 +0000] "POST //wp-login.php HTTP/1.1" 200 14935 "https://pulsehost.co.uk//wp-login.php" "Mozilla/5.0 (Windows NT 10.0; Win64; x64) AppleWebKit/537.36 (KHTML, like Gecko) Chrome/88.0.4240.193 Safari/537.36"
57.141.6.12 - - [08/Sep/2025:15:28:10 +0000] "GET /?oudzc%2Fy2174119_html HTTP/2" 200 150389 "-" "meta-externalagent/1.1 (+https://developers.facebook.com/docs/sharing/webmasters/crawler)"
188.166.176.134 - - [08/Sep/2025:15:28:01 +0000] "POST //wp-login.php HTTP/1.1" 200 14935 "https://pulsehost.co.uk//wp-login.php" "Mozilla/5.0 (Windows NT 10.0; Win64; x64) AppleWebKit/537.36 (KHTML, like Gecko) Chrome/88.0.4240.193 Safari/537.36"
57.141.6.23 - - [08/Sep/2025:15:28:30 +0000] "GET /?ojkyu/a3048319.html HTTP/2" 301 0 "-" "meta-externalagent/1.1 (+https://developers.facebook.com/docs/sharing/webmasters/crawler)"
188.166.176.134 - - [08/Sep/2025:15:28:16 +0000] "POST //wp-login.php HTTP/1.1" 200 14935 "https://pulsehost.co.uk//wp-login.php" "Mozilla/5.0 (Windows NT 10.0; Win64; x64) AppleWebKit/537.36 (KHTML, like Gecko) Chrome/88.0.4240.193 Safari/537.36"
57.141.6.20 - - [08/Sep/2025:15:28:31 +0000] "GET /?nsxwm/k1384043.html HTTP/2" 301 0 "-" "meta-externalagent/1.1 (+https://developers.facebook.com/docs/sharing/webmasters/crawler)"
