57.141.6.68 - - [08/Sep/2025:13:13:34 +0000] "GET /?kzlij/l706614.html HTTP/2" 301 0 "-" "meta-externalagent/1.1 (+https://developers.facebook.com/docs/sharing/webmasters/crawler)"
18.97.14.88 - - [08/Sep/2025:13:11:28 +0000] "GET /?ghipf/g1121387.html HTTP/2" 301 0 "-" "CCBot/2.0 (https://commoncrawl.org/faq/)"
18.97.14.88 - - [08/Sep/2025:13:11:28 +0000] "GET /?ghipf%2Fg1121387_html HTTP/2" 200 19069 "-" "CCBot/2.0 (https://commoncrawl.org/faq/)"
57.141.6.54 - - [08/Sep/2025:13:11:41 +0000] "GET /?fxbcu%2Fn920414_html HTTP/2" 200 150388 "-" "meta-externalagent/1.1 (+https://developers.facebook.com/docs/sharing/webmasters/crawler)"
18.97.14.88 - - [08/Sep/2025:13:11:57 +0000] "GET /service/ui-ux-design/ HTTP/2" 200 13465 "-" "CCBot/2.0 (https://commoncrawl.org/faq/)"
18.97.14.88 - - [08/Sep/2025:13:12:27 +0000] "GET /service/app-development/ HTTP/2" 200 13493 "-" "CCBot/2.0 (https://commoncrawl.org/faq/)"
18.97.14.88 - - [08/Sep/2025:13:12:56 +0000] "GET /?moxmp/s372313.html HTTP/2" 301 0 "-" "CCBot/2.0 (https://commoncrawl.org/faq/)"
18.97.14.88 - - [08/Sep/2025:13:12:56 +0000] "GET /?moxmp%2Fs372313_html HTTP/2" 200 19062 "-" "CCBot/2.0 (https://commoncrawl.org/faq/)"
18.97.14.88 - - [08/Sep/2025:13:13:26 +0000] "GET /?ecupa/l969838.html HTTP/2" 301 0 "-" "CCBot/2.0 (https://commoncrawl.org/faq/)"
18.97.14.88 - - [08/Sep/2025:13:13:26 +0000] "GET /?ecupa%2Fl969838_html HTTP/2" 200 19062 "-" "CCBot/2.0 (https://commoncrawl.org/faq/)"
57.141.6.65 - - [08/Sep/2025:13:13:30 +0000] "GET /?cdfzz/k396433.html HTTP/2" 301 0 "-" "meta-externalagent/1.1 (+https://developers.facebook.com/docs/sharing/webmasters/crawler)"
57.141.6.26 - - [08/Sep/2025:13:13:32 +0000] "GET /?pszwc%2Fu1728631_html HTTP/2" 200 150389 "-" "meta-externalagent/1.1 (+https://developers.facebook.com/docs/sharing/webmasters/crawler)"
57.141.6.1 - - [08/Sep/2025:13:13:35 +0000] "GET /?cdfzz%2Fk396433_html HTTP/2" 200 150388 "-" "meta-externalagent/1.1 (+https://developers.facebook.com/docs/sharing/webmasters/crawler)"
57.141.6.75 - - [08/Sep/2025:13:13:41 +0000] "GET /?qipau/f2816950.html HTTP/2" 301 0 "-" "meta-externalagent/1.1 (+https://developers.facebook.com/docs/sharing/webmasters/crawler)"
35.209.108.223 - - [08/Sep/2025:13:13:44 +0000] "POST /xmlrpc.php HTTP/2" 403 1242 "-" "Mozilla/5.0 (Windows NT 10.0; Trident/7.0; Touch; rv:11.0) like Gecko"
57.141.6.26 - - [08/Sep/2025:13:13:45 +0000] "GET /?qipau%2Ff2816950_html HTTP/2" 200 150389 "-" "meta-externalagent/1.1 (+https://developers.facebook.com/docs/sharing/webmasters/crawler)"
57.141.6.66 - - [08/Sep/2025:13:13:50 +0000] "GET /?quiuw/h687058.html HTTP/2" 301 0 "-" "meta-externalagent/1.1 (+https://developers.facebook.com/docs/sharing/webmasters/crawler)"
35.209.108.223 - - [08/Sep/2025:13:13:54 +0000] "POST /xmlrpc.php HTTP/2" 403 1242 "-" "Mozilla/5.0 (Windows NT 10.0; Trident/7.0; Touch; rv:11.0) like Gecko"
18.97.14.88 - - [08/Sep/2025:13:13:54 +0000] "GET /service/page/2/ HTTP/2" 200 12949 "-" "CCBot/2.0 (https://commoncrawl.org/faq/)"
57.141.6.48 - - [08/Sep/2025:13:13:55 +0000] "GET /?quiuw%2Fh687058_html HTTP/2" 200 150388 "-" "meta-externalagent/1.1 (+https://developers.facebook.com/docs/sharing/webmasters/crawler)"
35.209.108.223 - - [08/Sep/2025:13:14:07 +0000] "POST /xmlrpc.php HTTP/2" 403 1242 "-" "Mozilla/5.0 (Windows NT 10.0; Trident/7.0; Touch; rv:11.0) like Gecko"
57.141.6.70 - - [08/Sep/2025:13:14:16 +0000] "GET /?saggo%2Fv654442_html HTTP/2" 200 150388 "-" "meta-externalagent/1.1 (+https://developers.facebook.com/docs/sharing/webmasters/crawler)"
35.209.108.223 - - [08/Sep/2025:13:14:17 +0000] "POST /xmlrpc.php HTTP/2" 403 1242 "-" "Mozilla/5.0 (Windows NT 10.0; Trident/7.0; Touch; rv:11.0) like Gecko"
57.141.6.37 - - [08/Sep/2025:13:14:18 +0000] "GET /?tzwrg%2Fb220456_html HTTP/2" 200 150388 "-" "meta-externalagent/1.1 (+https://developers.facebook.com/docs/sharing/webmasters/crawler)"
18.97.14.88 - - [08/Sep/2025:13:14:23 +0000] "GET /service/graphic-design-solutions/ HTTP/2" 200 13503 "-" "CCBot/2.0 (https://commoncrawl.org/faq/)"
57.141.6.49 - - [08/Sep/2025:13:14:23 +0000] "GET /?jlygr/m288925.html HTTP/2" 301 0 "-" "meta-externalagent/1.1 (+https://developers.facebook.com/docs/sharing/webmasters/crawler)"
57.141.6.29 - - [08/Sep/2025:13:14:27 +0000] "GET /?jlygr%2Fm288925_html HTTP/2" 200 150388 "-" "meta-externalagent/1.1 (+https://developers.facebook.com/docs/sharing/webmasters/crawler)"
35.209.108.223 - - [08/Sep/2025:13:14:39 +0000] "POST /xmlrpc.php HTTP/2" 403 1242 "-" "Mozilla/5.0 (Windows NT 10.0; Trident/7.0; Touch; rv:11.0) like Gecko"
66.249.66.165 - - [08/Sep/2025:13:14:39 +0000] "GET /?wgugy/p328606.html HTTP/1.1" 200 24312 "-" "Mozilla/5.0 (Linux; Android 6.0.1; Nexus 5X Build/MMB29P) AppleWebKit/537.36 (KHTML, like Gecko) Chrome/138.0.7204.183 Mobile Safari/537.36 (compatible; Googlebot/2.1; +http://www.google.com/bot.html)"
57.141.6.65 - - [08/Sep/2025:13:14:51 +0000] "GET /?zxkof/k918149.html HTTP/2" 301 0 "-" "meta-externalagent/1.1 (+https://developers.facebook.com/docs/sharing/webmasters/crawler)"
18.97.14.88 - - [08/Sep/2025:13:14:52 +0000] "GET /?yhbqo/n1793312.html HTTP/2" 301 0 "-" "CCBot/2.0 (https://commoncrawl.org/faq/)"
35.209.108.223 - - [08/Sep/2025:13:14:53 +0000] "POST /xmlrpc.php HTTP/2" 403 1242 "-" "Mozilla/5.0 (Windows NT 10.0; Trident/7.0; Touch; rv:11.0) like Gecko"
18.97.14.88 - - [08/Sep/2025:13:14:53 +0000] "GET /?yhbqo%2Fn1793312_html HTTP/2" 200 19070 "-" "CCBot/2.0 (https://commoncrawl.org/faq/)"
57.141.6.28 - - [08/Sep/2025:13:14:55 +0000] "GET /?zxkof%2Fk918149_html HTTP/2" 200 150388 "-" "meta-externalagent/1.1 (+https://developers.facebook.com/docs/sharing/webmasters/crawler)"
57.141.6.67 - - [08/Sep/2025:13:15:12 +0000] "GET /?bhtfw%2Ff381114_html HTTP/2" 200 150388 "-" "meta-externalagent/1.1 (+https://developers.facebook.com/docs/sharing/webmasters/crawler)"
57.141.6.4 - - [08/Sep/2025:13:15:14 +0000] "GET /?rlkqz/y2425903.html HTTP/2" 301 0 "-" "meta-externalagent/1.1 (+https://developers.facebook.com/docs/sharing/webmasters/crawler)"
57.141.6.16 - - [08/Sep/2025:13:15:15 +0000] "GET /?hfkkt%2Fg711627_html HTTP/2" 200 150388 "-" "meta-externalagent/1.1 (+https://developers.facebook.com/docs/sharing/webmasters/crawler)"
57.141.6.24 - - [08/Sep/2025:13:15:19 +0000] "GET /?rlkqz%2Fy2425903_html HTTP/2" 200 150389 "-" "meta-externalagent/1.1 (+https://developers.facebook.com/docs/sharing/webmasters/crawler)"
57.141.6.57 - - [08/Sep/2025:13:15:22 +0000] "GET /?fixur/g2886865.html HTTP/2" 301 0 "-" "meta-externalagent/1.1 (+https://developers.facebook.com/docs/sharing/webmasters/crawler)"
18.97.14.88 - - [08/Sep/2025:13:15:22 +0000] "GET /?hbaul/k1449511.html HTTP/2" 301 0 "-" "CCBot/2.0 (https://commoncrawl.org/faq/)"
18.97.14.88 - - [08/Sep/2025:13:15:22 +0000] "GET /?hbaul%2Fk1449511_html HTTP/2" 200 19068 "-" "CCBot/2.0 (https://commoncrawl.org/faq/)"
57.141.6.13 - - [08/Sep/2025:13:15:26 +0000] "GET /?jpboc/g202703.html HTTP/2" 301 0 "-" "meta-externalagent/1.1 (+https://developers.facebook.com/docs/sharing/webmasters/crawler)"
57.141.6.58 - - [08/Sep/2025:13:15:29 +0000] "GET /?fixur%2Fg2886865_html HTTP/2" 200 150389 "-" "meta-externalagent/1.1 (+https://developers.facebook.com/docs/sharing/webmasters/crawler)"
57.141.6.72 - - [08/Sep/2025:13:13:37 +0000] "GET /?kzlij%2Fl706614_html HTTP/2" 200 150388 "-" "meta-externalagent/1.1 (+https://developers.facebook.com/docs/sharing/webmasters/crawler)"
57.141.6.13 - - [08/Sep/2025:13:13:49 +0000] "GET /?arlut/q731033.html HTTP/2" 301 0 "-" "meta-externalagent/1.1 (+https://developers.facebook.com/docs/sharing/webmasters/crawler)"
57.141.6.74 - - [08/Sep/2025:13:13:54 +0000] "GET /?arlut%2Fq731033_html HTTP/2" 200 150388 "-" "meta-externalagent/1.1 (+https://developers.facebook.com/docs/sharing/webmasters/crawler)"
57.141.6.8 - - [08/Sep/2025:13:14:11 +0000] "GET /?saggo/v654442.html HTTP/2" 301 0 "-" "meta-externalagent/1.1 (+https://developers.facebook.com/docs/sharing/webmasters/crawler)"
57.141.6.23 - - [08/Sep/2025:13:14:13 +0000] "GET /?tzwrg/b220456.html HTTP/2" 301 0 "-" "meta-externalagent/1.1 (+https://developers.facebook.com/docs/sharing/webmasters/crawler)"
66.249.66.194 - - [08/Sep/2025:13:14:40 +0000] "GET /?product/edit/47680047 HTTP/1.1" 200 25889 "-" "Mozilla/5.0 (Linux; Android 6.0.1; Nexus 5X Build/MMB29P) AppleWebKit/537.36 (KHTML, like Gecko) Chrome/138.0.7204.183 Mobile Safari/537.36 (compatible; Googlebot/2.1; +http://www.google.com/bot.html)"
57.141.6.76 - - [08/Sep/2025:13:15:07 +0000] "GET /?bhtfw/f381114.html HTTP/2" 301 0 "-" "meta-externalagent/1.1 (+https://developers.facebook.com/docs/sharing/webmasters/crawler)"
57.141.6.52 - - [08/Sep/2025:13:15:10 +0000] "GET /?hfkkt/g711627.html HTTP/2" 301 0 "-" "meta-externalagent/1.1 (+https://developers.facebook.com/docs/sharing/webmasters/crawler)"
57.141.6.28 - - [08/Sep/2025:13:15:17 +0000] "GET /?lqyar/v1739344.html HTTP/2" 301 0 "-" "meta-externalagent/1.1 (+https://developers.facebook.com/docs/sharing/webmasters/crawler)"
57.141.6.2 - - [08/Sep/2025:13:15:24 +0000] "GET /?lqyar%2Fv1739344_html HTTP/2" 200 150389 "-" "meta-externalagent/1.1 (+https://developers.facebook.com/docs/sharing/webmasters/crawler)"
57.141.6.17 - - [08/Sep/2025:13:15:31 +0000] "GET /?jpboc%2Fg202703_html HTTP/2" 200 150388 "-" "meta-externalagent/1.1 (+https://developers.facebook.com/docs/sharing/webmasters/crawler)"
57.141.6.2 - - [08/Sep/2025:13:15:38 +0000] "GET /?gkslj/c1091353.html HTTP/2" 301 0 "-" "meta-externalagent/1.1 (+https://developers.facebook.com/docs/sharing/webmasters/crawler)"
57.141.6.29 - - [08/Sep/2025:13:15:43 +0000] "GET /?adqcc/q322989.html HTTP/2" 301 0 "-" "meta-externalagent/1.1 (+https://developers.facebook.com/docs/sharing/webmasters/crawler)"
18.97.14.88 - - [08/Sep/2025:13:15:46 +0000] "GET /?icpxd/z1235026.html HTTP/2" 301 0 "-" "CCBot/2.0 (https://commoncrawl.org/faq/)"
18.97.14.88 - - [08/Sep/2025:13:15:47 +0000] "GET /?icpxd%2Fz1235026_html HTTP/2" 200 19070 "-" "CCBot/2.0 (https://commoncrawl.org/faq/)"
57.141.6.66 - - [08/Sep/2025:13:15:49 +0000] "GET /?ypros%2Fs297199_html HTTP/2" 200 150388 "-" "meta-externalagent/1.1 (+https://developers.facebook.com/docs/sharing/webmasters/crawler)"
57.141.6.3 - - [08/Sep/2025:13:15:57 +0000] "GET /?owpax/b284520.html HTTP/2" 301 0 "-" "meta-externalagent/1.1 (+https://developers.facebook.com/docs/sharing/webmasters/crawler)"
57.141.6.47 - - [08/Sep/2025:13:16:02 +0000] "GET /?yewrk/z1240408.html HTTP/2" 301 0 "-" "meta-externalagent/1.1 (+https://developers.facebook.com/docs/sharing/webmasters/crawler)"
18.97.14.88 - - [08/Sep/2025:13:16:04 +0000] "GET /?nfhyy/a1944151.html HTTP/2" 301 0 "-" "CCBot/2.0 (https://commoncrawl.org/faq/)"
18.97.14.88 - - [08/Sep/2025:13:16:05 +0000] "GET /?nfhyy%2Fa1944151_html HTTP/2" 200 19070 "-" "CCBot/2.0 (https://commoncrawl.org/faq/)"
57.141.6.13 - - [08/Sep/2025:13:16:08 +0000] "GET /?hvujz/z2872584.html HTTP/2" 301 0 "-" "meta-externalagent/1.1 (+https://developers.facebook.com/docs/sharing/webmasters/crawler)"
57.141.6.59 - - [08/Sep/2025:13:16:10 +0000] "GET /?yewrk%2Fz1240408_html HTTP/2" 200 150389 "-" "meta-externalagent/1.1 (+https://developers.facebook.com/docs/sharing/webmasters/crawler)"
57.141.6.31 - - [08/Sep/2025:13:16:12 +0000] "GET /?bglol%2Ft2990878_html HTTP/2" 200 150389 "-" "meta-externalagent/1.1 (+https://developers.facebook.com/docs/sharing/webmasters/crawler)"
57.141.6.67 - - [08/Sep/2025:13:16:15 +0000] "GET /?ivysr/o677445.html HTTP/2" 301 0 "-" "meta-externalagent/1.1 (+https://developers.facebook.com/docs/sharing/webmasters/crawler)"
57.141.6.6 - - [08/Sep/2025:13:16:17 +0000] "GET /?zggly%2Fu499689_html HTTP/2" 200 150388 "-" "meta-externalagent/1.1 (+https://developers.facebook.com/docs/sharing/webmasters/crawler)"
57.141.6.63 - - [08/Sep/2025:13:16:18 +0000] "GET /?hvujz%2Fz2872584_html HTTP/2" 200 150389 "-" "meta-externalagent/1.1 (+https://developers.facebook.com/docs/sharing/webmasters/crawler)"
18.97.14.88 - - [08/Sep/2025:13:16:20 +0000] "GET /?zxtlb/d193288.html HTTP/2" 301 0 "-" "CCBot/2.0 (https://commoncrawl.org/faq/)"
18.97.14.88 - - [08/Sep/2025:13:16:21 +0000] "GET /?zxtlb%2Fd193288_html HTTP/2" 200 19062 "-" "CCBot/2.0 (https://commoncrawl.org/faq/)"
57.141.6.57 - - [08/Sep/2025:13:16:24 +0000] "GET /?ivysr%2Fo677445_html HTTP/2" 200 150388 "-" "meta-externalagent/1.1 (+https://developers.facebook.com/docs/sharing/webmasters/crawler)"
57.141.6.17 - - [08/Sep/2025:13:16:27 +0000] "GET /?nbern%2Ff2907040_html HTTP/2" 200 150389 "-" "meta-externalagent/1.1 (+https://developers.facebook.com/docs/sharing/webmasters/crawler)"
57.141.6.72 - - [08/Sep/2025:13:16:31 +0000] "GET /?zmucs%2Fn2471652_html HTTP/2" 200 150389 "-" "meta-externalagent/1.1 (+https://developers.facebook.com/docs/sharing/webmasters/crawler)"
57.141.6.6 - - [08/Sep/2025:13:16:34 +0000] "GET /?tvzll%2Fv1376644_html HTTP/2" 200 150389 "-" "meta-externalagent/1.1 (+https://developers.facebook.com/docs/sharing/webmasters/crawler)"
18.97.14.88 - - [08/Sep/2025:13:16:35 +0000] "GET /?pifot/h1256536.html HTTP/2" 301 0 "-" "CCBot/2.0 (https://commoncrawl.org/faq/)"
18.97.14.88 - - [08/Sep/2025:13:16:35 +0000] "GET /?pifot%2Fh1256536_html HTTP/2" 200 19069 "-" "CCBot/2.0 (https://commoncrawl.org/faq/)"
57.141.6.34 - - [08/Sep/2025:13:15:40 +0000] "GET /?tvpqb/e992815.html HTTP/2" 301 0 "-" "meta-externalagent/1.1 (+https://developers.facebook.com/docs/sharing/webmasters/crawler)"
57.141.6.72 - - [08/Sep/2025:13:15:41 +0000] "GET /?ypros/s297199.html HTTP/2" 301 0 "-" "meta-externalagent/1.1 (+https://developers.facebook.com/docs/sharing/webmasters/crawler)"
57.141.6.5 - - [08/Sep/2025:13:15:45 +0000] "GET /?gkslj%2Fc1091353_html HTTP/2" 200 150389 "-" "meta-externalagent/1.1 (+https://developers.facebook.com/docs/sharing/webmasters/crawler)"
57.141.6.3 - - [08/Sep/2025:13:15:47 +0000] "GET /?tvpqb%2Fe992815_html HTTP/2" 200 150388 "-" "meta-externalagent/1.1 (+https://developers.facebook.com/docs/sharing/webmasters/crawler)"
57.141.6.46 - - [08/Sep/2025:13:15:50 +0000] "GET /?adqcc%2Fq322989_html HTTP/2" 200 150388 "-" "meta-externalagent/1.1 (+https://developers.facebook.com/docs/sharing/webmasters/crawler)"
57.141.6.13 - - [08/Sep/2025:13:16:01 +0000] "GET /?owpax%2Fb284520_html HTTP/2" 200 150388 "-" "meta-externalagent/1.1 (+https://developers.facebook.com/docs/sharing/webmasters/crawler)"
57.141.6.47 - - [08/Sep/2025:13:16:04 +0000] "GET /?bglol/t2990878.html HTTP/2" 301 0 "-" "meta-externalagent/1.1 (+https://developers.facebook.com/docs/sharing/webmasters/crawler)"
57.141.6.41 - - [08/Sep/2025:13:16:06 +0000] "GET /?zggly/u499689.html HTTP/2" 301 0 "-" "meta-externalagent/1.1 (+https://developers.facebook.com/docs/sharing/webmasters/crawler)"
57.141.6.61 - - [08/Sep/2025:13:16:13 +0000] "GET /?iogyg/d2541556.html HTTP/2" 301 0 "-" "meta-externalagent/1.1 (+https://developers.facebook.com/docs/sharing/webmasters/crawler)"
57.141.6.23 - - [08/Sep/2025:13:16:20 +0000] "GET /?nbern/f2907040.html HTTP/2" 301 0 "-" "meta-externalagent/1.1 (+https://developers.facebook.com/docs/sharing/webmasters/crawler)"
57.141.6.66 - - [08/Sep/2025:13:16:22 +0000] "GET /?iogyg%2Fd2541556_html HTTP/2" 200 150389 "-" "meta-externalagent/1.1 (+https://developers.facebook.com/docs/sharing/webmasters/crawler)"
57.141.6.3 - - [08/Sep/2025:13:16:25 +0000] "GET /?zmucs/n2471652.html HTTP/2" 301 0 "-" "meta-externalagent/1.1 (+https://developers.facebook.com/docs/sharing/webmasters/crawler)"
57.141.6.26 - - [08/Sep/2025:13:16:29 +0000] "GET /?tvzll/v1376644.html HTTP/2" 301 0 "-" "meta-externalagent/1.1 (+https://developers.facebook.com/docs/sharing/webmasters/crawler)"
57.141.6.64 - - [08/Sep/2025:13:16:55 +0000] "GET /?obrjr%2Fp812542_html HTTP/2" 200 150388 "-" "meta-externalagent/1.1 (+https://developers.facebook.com/docs/sharing/webmasters/crawler)"
57.141.6.35 - - [08/Sep/2025:13:16:57 +0000] "GET /?ndvih/m1193881.html HTTP/2" 301 0 "-" "meta-externalagent/1.1 (+https://developers.facebook.com/docs/sharing/webmasters/crawler)"
57.141.6.76 - - [08/Sep/2025:13:16:59 +0000] "GET /?rpysw%2Fq419683_html HTTP/2" 200 150388 "-" "meta-externalagent/1.1 (+https://developers.facebook.com/docs/sharing/webmasters/crawler)"
57.141.6.41 - - [08/Sep/2025:13:17:06 +0000] "GET /?agvvm/l670760.html HTTP/2" 301 0 "-" "meta-externalagent/1.1 (+https://developers.facebook.com/docs/sharing/webmasters/crawler)"
57.141.6.61 - - [08/Sep/2025:13:17:08 +0000] "GET /?rzlxh%2Fr1512178_html HTTP/2" 200 150389 "-" "meta-externalagent/1.1 (+https://developers.facebook.com/docs/sharing/webmasters/crawler)"
57.141.6.22 - - [08/Sep/2025:13:17:13 +0000] "GET /?agvvm%2Fl670760_html HTTP/2" 200 150388 "-" "meta-externalagent/1.1 (+https://developers.facebook.com/docs/sharing/webmasters/crawler)"
57.141.6.23 - - [08/Sep/2025:13:17:17 +0000] "GET /?ihvyj%2Fc2884209_html HTTP/2" 200 150389 "-" "meta-externalagent/1.1 (+https://developers.facebook.com/docs/sharing/webmasters/crawler)"
57.141.6.6 - - [08/Sep/2025:13:17:19 +0000] "GET /?fjdit/m1949467.html HTTP/2" 301 0 "-" "meta-externalagent/1.1 (+https://developers.facebook.com/docs/sharing/webmasters/crawler)"
57.141.6.12 - - [08/Sep/2025:13:17:20 +0000] "GET /?wdqim/b2582660.html HTTP/2" 301 0 "-" "meta-externalagent/1.1 (+https://developers.facebook.com/docs/sharing/webmasters/crawler)"
57.141.6.37 - - [08/Sep/2025:13:16:50 +0000] "GET /?obrjr/p812542.html HTTP/2" 301 0 "-" "meta-externalagent/1.1 (+https://developers.facebook.com/docs/sharing/webmasters/crawler)"
18.97.14.88 - - [08/Sep/2025:13:16:50 +0000] "GET /project/building-a-task-management-app-for-workflow/ HTTP/2" 200 13975 "-" "CCBot/2.0 (https://commoncrawl.org/faq/)"
57.141.6.13 - - [08/Sep/2025:13:16:53 +0000] "GET /?rpysw/q419683.html HTTP/2" 301 0 "-" "meta-externalagent/1.1 (+https://developers.facebook.com/docs/sharing/webmasters/crawler)"
57.141.6.31 - - [08/Sep/2025:13:17:01 +0000] "GET /?ndvih%2Fm1193881_html HTTP/2" 200 150389 "-" "meta-externalagent/1.1 (+https://developers.facebook.com/docs/sharing/webmasters/crawler)"
57.141.6.4 - - [08/Sep/2025:13:17:03 +0000] "GET /?rzlxh/r1512178.html HTTP/2" 301 0 "-" "meta-externalagent/1.1 (+https://developers.facebook.com/docs/sharing/webmasters/crawler)"
18.97.14.88 - - [08/Sep/2025:13:17:04 +0000] "GET /?ywxgg/s1258861.html HTTP/2" 301 0 "-" "CCBot/2.0 (https://commoncrawl.org/faq/)"
18.97.14.88 - - [08/Sep/2025:13:17:05 +0000] "GET /?ywxgg%2Fs1258861_html HTTP/2" 200 19071 "-" "CCBot/2.0 (https://commoncrawl.org/faq/)"
57.141.6.46 - - [08/Sep/2025:13:17:09 +0000] "GET /?ksqko/y501799.html HTTP/2" 301 0 "-" "meta-externalagent/1.1 (+https://developers.facebook.com/docs/sharing/webmasters/crawler)"
57.141.6.63 - - [08/Sep/2025:13:17:11 +0000] "GET /?ihvyj/c2884209.html HTTP/2" 301 0 "-" "meta-externalagent/1.1 (+https://developers.facebook.com/docs/sharing/webmasters/crawler)"
57.141.6.72 - - [08/Sep/2025:13:17:15 +0000] "GET /?ksqko%2Fy501799_html HTTP/2" 200 150388 "-" "meta-externalagent/1.1 (+https://developers.facebook.com/docs/sharing/webmasters/crawler)"
18.97.14.88 - - [08/Sep/2025:13:17:20 +0000] "GET /?scizh/d918688.html HTTP/2" 301 0 "-" "CCBot/2.0 (https://commoncrawl.org/faq/)"
18.97.14.88 - - [08/Sep/2025:13:17:21 +0000] "GET /?scizh%2Fd918688_html HTTP/2" 200 19062 "-" "CCBot/2.0 (https://commoncrawl.org/faq/)"
57.141.6.50 - - [08/Sep/2025:13:17:24 +0000] "GET /?mbgfn/r955752.html HTTP/2" 301 0 "-" "meta-externalagent/1.1 (+https://developers.facebook.com/docs/sharing/webmasters/crawler)"
66.249.66.166 - - [08/Sep/2025:13:17:26 +0000] "GET /?zhHant/product/surugaya/95109414?campaign_uid=f64d716db5e979ed2f947dbaf4296895b951ae7f HTTP/1.1" 200 27257 "-" "Mozilla/5.0 (Linux; Android 6.0.1; Nexus 5X Build/MMB29P) AppleWebKit/537.36 (KHTML, like Gecko) Chrome/138.0.7204.183 Mobile Safari/537.36 (compatible; Googlebot/2.1; +http://www.google.com/bot.html)"
57.141.6.36 - - [08/Sep/2025:13:17:26 +0000] "GET /?wdqim%2Fb2582660_html HTTP/2" 200 150389 "-" "meta-externalagent/1.1 (+https://developers.facebook.com/docs/sharing/webmasters/crawler)"
66.249.66.194 - - [08/Sep/2025:13:17:27 +0000] "GET /?product/edit/31684755 HTTP/1.1" 200 24701 "-" "Mozilla/5.0 (Linux; Android 6.0.1; Nexus 5X Build/MMB29P) AppleWebKit/537.36 (KHTML, like Gecko) Chrome/138.0.7204.183 Mobile Safari/537.36 (compatible; Googlebot/2.1; +http://www.google.com/bot.html)"
57.141.6.4 - - [08/Sep/2025:13:17:29 +0000] "GET /?mbgfn%2Fr955752_html HTTP/2" 200 150388 "-" "meta-externalagent/1.1 (+https://developers.facebook.com/docs/sharing/webmasters/crawler)"
57.141.6.14 - - [08/Sep/2025:13:17:31 +0000] "GET /?uycmz/d1380864.html HTTP/2" 301 0 "-" "meta-externalagent/1.1 (+https://developers.facebook.com/docs/sharing/webmasters/crawler)"
18.97.14.88 - - [08/Sep/2025:13:17:36 +0000] "GET /?idpir/f1983962.html HTTP/2" 301 0 "-" "CCBot/2.0 (https://commoncrawl.org/faq/)"
18.97.14.88 - - [08/Sep/2025:13:17:37 +0000] "GET /?idpir%2Ff1983962_html HTTP/2" 200 19069 "-" "CCBot/2.0 (https://commoncrawl.org/faq/)"
57.141.6.65 - - [08/Sep/2025:13:17:37 +0000] "GET /?uycmz%2Fd1380864_html HTTP/2" 200 150389 "-" "meta-externalagent/1.1 (+https://developers.facebook.com/docs/sharing/webmasters/crawler)"
57.141.6.65 - - [08/Sep/2025:13:17:41 +0000] "GET /?fjfob%2Fk502825_html HTTP/2" 200 150388 "-" "meta-externalagent/1.1 (+https://developers.facebook.com/docs/sharing/webmasters/crawler)"
66.249.66.193 - - [08/Sep/2025:13:17:25 +0000] "GET /?zhHant/product/surugaya/59231841?campaign_uid=f64d716db5e979ed2f947dbaf4296895b951ae7f HTTP/1.1" 200 24476 "-" "Mozilla/5.0 (Linux; Android 6.0.1; Nexus 5X Build/MMB29P) AppleWebKit/537.36 (KHTML, like Gecko) Chrome/138.0.7204.183 Mobile Safari/537.36 (compatible; Googlebot/2.1; +http://www.google.com/bot.html)"
66.249.66.193 - - [08/Sep/2025:13:17:26 +0000] "GET /?product/edit/50061769 HTTP/1.1" 200 25020 "-" "Mozilla/5.0 (Linux; Android 6.0.1; Nexus 5X Build/MMB29P) AppleWebKit/537.36 (KHTML, like Gecko) Chrome/138.0.7204.183 Mobile Safari/537.36 (compatible; Googlebot/2.1; +http://www.google.com/bot.html)"
200.158.178.103 - - [08/Sep/2025:13:17:34 +0000] "GET /?qkxby%2Fw770091.html HTTP/1.1" 301 0 "-" "Mozilla/5.0 (Windows NT 6.1) AppleWebKit/537.36 (KHTML, like Gecko) Chrome/27.0.1453.90 Safari/537.36"
57.141.6.41 - - [08/Sep/2025:13:17:34 +0000] "GET /?fjdit%2Fm1949467_html HTTP/2" 200 150389 "-" "meta-externalagent/1.1 (+https://developers.facebook.com/docs/sharing/webmasters/crawler)"
200.158.178.103 - - [08/Sep/2025:13:17:35 +0000] "GET /?qkxby%2Fw770091_html HTTP/1.1" 200 23830 "-" "Mozilla/5.0 (Windows NT 6.1) AppleWebKit/537.36 (KHTML, like Gecko) Chrome/27.0.1453.90 Safari/537.36"
57.141.6.8 - - [08/Sep/2025:13:17:35 +0000] "GET /?fjfob/k502825.html HTTP/2" 301 0 "-" "meta-externalagent/1.1 (+https://developers.facebook.com/docs/sharing/webmasters/crawler)"
57.141.6.20 - - [08/Sep/2025:13:17:39 +0000] "GET /?nkshp/r2135528.html HTTP/2" 301 0 "-" "meta-externalagent/1.1 (+https://developers.facebook.com/docs/sharing/webmasters/crawler)"
57.141.6.59 - - [08/Sep/2025:13:17:50 +0000] "GET /?luhuz/t1740278.html HTTP/2" 301 0 "-" "meta-externalagent/1.1 (+https://developers.facebook.com/docs/sharing/webmasters/crawler)"
57.141.6.13 - - [08/Sep/2025:13:17:56 +0000] "GET /?luhuz%2Ft1740278_html HTTP/2" 200 150389 "-" "meta-externalagent/1.1 (+https://developers.facebook.com/docs/sharing/webmasters/crawler)"
57.141.6.12 - - [08/Sep/2025:13:17:57 +0000] "GET /?oqsgl/m1835353.html HTTP/2" 301 0 "-" "meta-externalagent/1.1 (+https://developers.facebook.com/docs/sharing/webmasters/crawler)"
57.141.6.23 - - [08/Sep/2025:13:17:58 +0000] "GET /?gfunh/o2912275.html HTTP/2" 301 0 "-" "meta-externalagent/1.1 (+https://developers.facebook.com/docs/sharing/webmasters/crawler)"
57.141.6.39 - - [08/Sep/2025:13:18:01 +0000] "GET /?tyyby/n773020.html HTTP/2" 301 0 "-" "meta-externalagent/1.1 (+https://developers.facebook.com/docs/sharing/webmasters/crawler)"
57.141.6.12 - - [08/Sep/2025:13:18:04 +0000] "GET /?oqsgl%2Fm1835353_html HTTP/2" 200 150389 "-" "meta-externalagent/1.1 (+https://developers.facebook.com/docs/sharing/webmasters/crawler)"
57.141.6.18 - - [08/Sep/2025:13:18:05 +0000] "GET /?gfunh%2Fo2912275_html HTTP/2" 200 150389 "-" "meta-externalagent/1.1 (+https://developers.facebook.com/docs/sharing/webmasters/crawler)"
57.141.6.14 - - [08/Sep/2025:13:18:07 +0000] "GET /?tyyby%2Fn773020_html HTTP/2" 200 150388 "-" "meta-externalagent/1.1 (+https://developers.facebook.com/docs/sharing/webmasters/crawler)"
57.141.6.65 - - [08/Sep/2025:13:18:12 +0000] "GET /?crfvy%2Fo2964899_html HTTP/2" 200 150389 "-" "meta-externalagent/1.1 (+https://developers.facebook.com/docs/sharing/webmasters/crawler)"
57.141.6.76 - - [08/Sep/2025:13:18:26 +0000] "GET /?wdygg/r149960.html HTTP/2" 301 0 "-" "meta-externalagent/1.1 (+https://developers.facebook.com/docs/sharing/webmasters/crawler)"
57.141.6.22 - - [08/Sep/2025:13:18:28 +0000] "GET /?yrbnl/q1166299.html HTTP/2" 301 0 "-" "meta-externalagent/1.1 (+https://developers.facebook.com/docs/sharing/webmasters/crawler)"
57.141.6.46 - - [08/Sep/2025:13:18:29 +0000] "GET /?tnoul%2Fh279040_html HTTP/2" 200 150388 "-" "meta-externalagent/1.1 (+https://developers.facebook.com/docs/sharing/webmasters/crawler)"
57.141.6.75 - - [08/Sep/2025:13:18:31 +0000] "GET /?wdygg%2Fr149960_html HTTP/2" 200 150388 "-" "meta-externalagent/1.1 (+https://developers.facebook.com/docs/sharing/webmasters/crawler)"
57.141.6.17 - - [08/Sep/2025:13:17:42 +0000] "GET /?xstea/w2921409.html HTTP/2" 301 0 "-" "meta-externalagent/1.1 (+https://developers.facebook.com/docs/sharing/webmasters/crawler)"
57.141.6.74 - - [08/Sep/2025:13:17:44 +0000] "GET /?nkshp%2Fr2135528_html HTTP/2" 200 150389 "-" "meta-externalagent/1.1 (+https://developers.facebook.com/docs/sharing/webmasters/crawler)"
57.141.6.73 - - [08/Sep/2025:13:17:47 +0000] "GET /?eleda/e2780757.html HTTP/2" 301 0 "-" "meta-externalagent/1.1 (+https://developers.facebook.com/docs/sharing/webmasters/crawler)"
57.141.6.65 - - [08/Sep/2025:13:17:48 +0000] "GET /?xstea%2Fw2921409_html HTTP/2" 200 150389 "-" "meta-externalagent/1.1 (+https://developers.facebook.com/docs/sharing/webmasters/crawler)"
57.141.6.74 - - [08/Sep/2025:13:17:51 +0000] "GET /?eleda%2Fe2780757_html HTTP/2" 200 150389 "-" "meta-externalagent/1.1 (+https://developers.facebook.com/docs/sharing/webmasters/crawler)"
18.97.14.88 - - [08/Sep/2025:13:17:53 +0000] "GET /?rhppg/b2381836.html HTTP/2" 301 0 "-" "CCBot/2.0 (https://commoncrawl.org/faq/)"
18.97.14.88 - - [08/Sep/2025:13:17:53 +0000] "GET /?rhppg%2Fb2381836_html HTTP/2" 200 19069 "-" "CCBot/2.0 (https://commoncrawl.org/faq/)"
57.141.6.59 - - [08/Sep/2025:13:17:54 +0000] "GET /?ymewu/g1428733.html HTTP/2" 301 0 "-" "meta-externalagent/1.1 (+https://developers.facebook.com/docs/sharing/webmasters/crawler)"
217.182.195.225 - - [08/Sep/2025:13:17:59 +0000] "GET /robots.txt HTTP/1.1" 200 1070 "-" "Mozilla/5.0 (compatible; MJ12bot/v1.4.8; http://mj12bot.com/)"
217.182.195.225 - - [08/Sep/2025:13:18:00 +0000] "GET /2025/05/13/retro-colors-making-a-comeback-in-2024/ HTTP/1.1" 403 0 "-" "Mozilla/5.0 (compatible; MJ12bot/v1.4.8; http://mj12bot.com/)"
217.182.195.225 - - [08/Sep/2025:13:18:02 +0000] "GET /project/building-a-fashion-stylist-app-for-glamlook/ HTTP/1.1" 403 0 "-" "Mozilla/5.0 (compatible; MJ12bot/v1.4.8; http://mj12bot.com/)"
45.85.88.115 - - [08/Sep/2025:13:18:02 +0000] "POST /wp-cron.php?doing_wp_cron=1757337482.8040099143981933593750 HTTP/1.1" 200 0 "-" "WordPress/6.8.2; https://pulsehost.co.uk"
57.141.6.38 - - [08/Sep/2025:13:18:02 +0000] "GET /?ymewu%2Fg1428733_html HTTP/2" 200 150389 "-" "meta-externalagent/1.1 (+https://developers.facebook.com/docs/sharing/webmasters/crawler)"
57.141.6.70 - - [08/Sep/2025:13:18:08 +0000] "GET /?crfvy/o2964899.html HTTP/2" 301 0 "-" "meta-externalagent/1.1 (+https://developers.facebook.com/docs/sharing/webmasters/crawler)"
18.97.14.88 - - [08/Sep/2025:13:18:09 +0000] "GET /?castd/w2721313.html HTTP/2" 301 0 "-" "CCBot/2.0 (https://commoncrawl.org/faq/)"
18.97.14.88 - - [08/Sep/2025:13:18:09 +0000] "GET /?castd%2Fw2721313_html HTTP/2" 200 19069 "-" "CCBot/2.0 (https://commoncrawl.org/faq/)"
18.97.14.88 - - [08/Sep/2025:13:18:23 +0000] "GET /?actjm/u823363.html HTTP/2" 301 0 "-" "CCBot/2.0 (https://commoncrawl.org/faq/)"
18.97.14.88 - - [08/Sep/2025:13:18:23 +0000] "GET /?actjm%2Fu823363_html HTTP/2" 200 19061 "-" "CCBot/2.0 (https://commoncrawl.org/faq/)"
57.141.6.1 - - [08/Sep/2025:13:18:24 +0000] "GET /?tnoul/h279040.html HTTP/2" 301 0 "-" "meta-externalagent/1.1 (+https://developers.facebook.com/docs/sharing/webmasters/crawler)"
18.97.14.88 - - [08/Sep/2025:13:18:34 +0000] "GET /?lblhs/h1286462.html HTTP/2" 301 0 "-" "CCBot/2.0 (https://commoncrawl.org/faq/)"
18.97.14.88 - - [08/Sep/2025:13:18:34 +0000] "GET /?lblhs%2Fh1286462_html HTTP/2" 200 19070 "-" "CCBot/2.0 (https://commoncrawl.org/faq/)"
57.141.6.54 - - [08/Sep/2025:13:18:39 +0000] "GET /?hjuzp/z638170.html HTTP/2" 301 0 "-" "meta-externalagent/1.1 (+https://developers.facebook.com/docs/sharing/webmasters/crawler)"
66.249.66.164 - - [08/Sep/2025:13:18:41 +0000] "GET /?pdfak/g1368233.html HTTP/1.1" 200 27474 "-" "Mozilla/5.0 (Linux; Android 6.0.1; Nexus 5X Build/MMB29P) AppleWebKit/537.36 (KHTML, like Gecko) Chrome/138.0.7204.183 Mobile Safari/537.36 (compatible; GoogleOther)"
57.141.6.12 - - [08/Sep/2025:13:18:41 +0000] "GET /?wsepb/r1053850.html HTTP/2" 301 0 "-" "meta-externalagent/1.1 (+https://developers.facebook.com/docs/sharing/webmasters/crawler)"
57.141.6.22 - - [08/Sep/2025:13:18:45 +0000] "GET /?wsepb%2Fr1053850_html HTTP/2" 200 150389 "-" "meta-externalagent/1.1 (+https://developers.facebook.com/docs/sharing/webmasters/crawler)"
57.141.6.16 - - [08/Sep/2025:13:18:52 +0000] "GET /?uiget/g139081.html HTTP/2" 301 0 "-" "meta-externalagent/1.1 (+https://developers.facebook.com/docs/sharing/webmasters/crawler)"
57.141.6.36 - - [08/Sep/2025:13:18:55 +0000] "GET /?uiget%2Fg139081_html HTTP/2" 200 150388 "-" "meta-externalagent/1.1 (+https://developers.facebook.com/docs/sharing/webmasters/crawler)"
57.141.6.63 - - [08/Sep/2025:13:18:57 +0000] "GET /?xsrxu/k2012281.html HTTP/2" 301 0 "-" "meta-externalagent/1.1 (+https://developers.facebook.com/docs/sharing/webmasters/crawler)"
57.141.6.20 - - [08/Sep/2025:13:19:01 +0000] "GET /?xsrxu%2Fk2012281_html HTTP/2" 200 150389 "-" "meta-externalagent/1.1 (+https://developers.facebook.com/docs/sharing/webmasters/crawler)"
57.141.6.75 - - [08/Sep/2025:13:19:03 +0000] "GET /?lpkmp/v1680974.html HTTP/2" 301 0 "-" "meta-externalagent/1.1 (+https://developers.facebook.com/docs/sharing/webmasters/crawler)"
57.141.6.41 - - [08/Sep/2025:13:19:11 +0000] "GET /?ogoyu/p1705434.html HTTP/2" 301 0 "-" "meta-externalagent/1.1 (+https://developers.facebook.com/docs/sharing/webmasters/crawler)"
57.141.6.76 - - [08/Sep/2025:13:19:15 +0000] "GET /?ogoyu%2Fp1705434_html HTTP/2" 200 150389 "-" "meta-externalagent/1.1 (+https://developers.facebook.com/docs/sharing/webmasters/crawler)"
57.141.6.47 - - [08/Sep/2025:13:19:18 +0000] "GET /?lwtyc/z2268084.html HTTP/2" 301 0 "-" "meta-externalagent/1.1 (+https://developers.facebook.com/docs/sharing/webmasters/crawler)"
57.141.6.12 - - [08/Sep/2025:13:19:18 +0000] "GET /?tnijl/l1791178.html HTTP/2" 301 0 "-" "meta-externalagent/1.1 (+https://developers.facebook.com/docs/sharing/webmasters/crawler)"
57.141.6.35 - - [08/Sep/2025:13:19:24 +0000] "GET /?tnijl%2Fl1791178_html HTTP/2" 200 150389 "-" "meta-externalagent/1.1 (+https://developers.facebook.com/docs/sharing/webmasters/crawler)"
57.141.6.61 - - [08/Sep/2025:13:19:26 +0000] "GET /?lhuvb/h2919808.html HTTP/2" 301 0 "-" "meta-externalagent/1.1 (+https://developers.facebook.com/docs/sharing/webmasters/crawler)"
57.141.6.14 - - [08/Sep/2025:13:19:33 +0000] "GET /?rmkmv%2Fr234824_html HTTP/2" 200 150388 "-" "meta-externalagent/1.1 (+https://developers.facebook.com/docs/sharing/webmasters/crawler)"
170.239.73.242 - - [08/Sep/2025:13:19:49 +0000] "GET /?wbbpb%2Fz1684956.html HTTP/1.1" 301 0 "-" "Mozilla/5.0 (Macintosh; Intel Mac OS X 10_13_3) AppleWebKit/537.36 (KHTML, like Gecko) Chrome/100.0.4896.75 Safari/537.36"
170.239.73.242 - - [08/Sep/2025:13:19:50 +0000] "GET /?wbbpb%2Fz1684956_html HTTP/1.1" 200 23830 "-" "Mozilla/5.0 (Macintosh; Intel Mac OS X 10_13_3) AppleWebKit/537.36 (KHTML, like Gecko) Chrome/100.0.4896.75 Safari/537.36"
57.141.6.63 - - [08/Sep/2025:13:19:52 +0000] "GET /?exyyg/r2382710.html HTTP/2" 301 0 "-" "meta-externalagent/1.1 (+https://developers.facebook.com/docs/sharing/webmasters/crawler)"
57.141.6.24 - - [08/Sep/2025:13:19:54 +0000] "GET /?gpfph/i2650085.html HTTP/2" 301 0 "-" "meta-externalagent/1.1 (+https://developers.facebook.com/docs/sharing/webmasters/crawler)"
57.141.6.34 - - [08/Sep/2025:13:19:55 +0000] "GET /?lbavu%2Fs191275_html HTTP/2" 200 150388 "-" "meta-externalagent/1.1 (+https://developers.facebook.com/docs/sharing/webmasters/crawler)"
57.141.6.61 - - [08/Sep/2025:13:19:57 +0000] "GET /?wfbqs/s2876815.html HTTP/2" 301 0 "-" "meta-externalagent/1.1 (+https://developers.facebook.com/docs/sharing/webmasters/crawler)"
57.141.6.49 - - [08/Sep/2025:13:19:59 +0000] "GET /?gpfph%2Fi2650085_html HTTP/2" 200 150389 "-" "meta-externalagent/1.1 (+https://developers.facebook.com/docs/sharing/webmasters/crawler)"
57.141.6.48 - - [08/Sep/2025:13:20:06 +0000] "GET /?ewxya/s2563359.html HTTP/2" 301 0 "-" "meta-externalagent/1.1 (+https://developers.facebook.com/docs/sharing/webmasters/crawler)"
57.141.6.10 - - [08/Sep/2025:13:18:33 +0000] "GET /?yrbnl%2Fq1166299_html HTTP/2" 200 150389 "-" "meta-externalagent/1.1 (+https://developers.facebook.com/docs/sharing/webmasters/crawler)"
57.141.6.57 - - [08/Sep/2025:13:18:44 +0000] "GET /?hjuzp%2Fz638170_html HTTP/2" 200 150388 "-" "meta-externalagent/1.1 (+https://developers.facebook.com/docs/sharing/webmasters/crawler)"
57.141.6.35 - - [08/Sep/2025:13:18:59 +0000] "GET /?xhbhy/i1408949.html HTTP/2" 301 0 "-" "meta-externalagent/1.1 (+https://developers.facebook.com/docs/sharing/webmasters/crawler)"
57.141.6.22 - - [08/Sep/2025:13:19:04 +0000] "GET /?xhbhy%2Fi1408949_html HTTP/2" 200 150389 "-" "meta-externalagent/1.1 (+https://developers.facebook.com/docs/sharing/webmasters/crawler)"
57.141.6.14 - - [08/Sep/2025:13:19:08 +0000] "GET /?lpkmp%2Fv1680974_html HTTP/2" 200 150389 "-" "meta-externalagent/1.1 (+https://developers.facebook.com/docs/sharing/webmasters/crawler)"
66.249.66.164 - - [08/Sep/2025:13:19:17 +0000] "GET /?product/edit/56183376 HTTP/1.1" 200 24790 "-" "Mozilla/5.0 (Linux; Android 6.0.1; Nexus 5X Build/MMB29P) AppleWebKit/537.36 (KHTML, like Gecko) Chrome/138.0.7204.183 Mobile Safari/537.36 (compatible; Googlebot/2.1; +http://www.google.com/bot.html)"
57.141.6.20 - - [08/Sep/2025:13:19:21 +0000] "GET /?xvzyh/e560981.html HTTP/2" 301 0 "-" "meta-externalagent/1.1 (+https://developers.facebook.com/docs/sharing/webmasters/crawler)"
57.141.6.68 - - [08/Sep/2025:13:19:23 +0000] "GET /?lwtyc%2Fz2268084_html HTTP/2" 200 150389 "-" "meta-externalagent/1.1 (+https://developers.facebook.com/docs/sharing/webmasters/crawler)"
57.141.6.43 - - [08/Sep/2025:13:19:28 +0000] "GET /?xvzyh%2Fe560981_html HTTP/2" 200 150388 "-" "meta-externalagent/1.1 (+https://developers.facebook.com/docs/sharing/webmasters/crawler)"
57.141.6.61 - - [08/Sep/2025:13:19:29 +0000] "GET /?rmkmv/r234824.html HTTP/2" 301 0 "-" "meta-externalagent/1.1 (+https://developers.facebook.com/docs/sharing/webmasters/crawler)"
57.141.6.46 - - [08/Sep/2025:13:19:31 +0000] "GET /?lhuvb%2Fh2919808_html HTTP/2" 200 150389 "-" "meta-externalagent/1.1 (+https://developers.facebook.com/docs/sharing/webmasters/crawler)"
57.141.6.30 - - [08/Sep/2025:13:19:49 +0000] "GET /?lbavu/s191275.html HTTP/2" 301 0 "-" "meta-externalagent/1.1 (+https://developers.facebook.com/docs/sharing/webmasters/crawler)"
57.141.6.41 - - [08/Sep/2025:13:20:00 +0000] "GET /?dcpmj/j2947708.html HTTP/2" 301 0 "-" "meta-externalagent/1.1 (+https://developers.facebook.com/docs/sharing/webmasters/crawler)"
57.141.6.57 - - [08/Sep/2025:13:20:02 +0000] "GET /?exyyg%2Fr2382710_html HTTP/2" 200 150389 "-" "meta-externalagent/1.1 (+https://developers.facebook.com/docs/sharing/webmasters/crawler)"
57.141.6.6 - - [08/Sep/2025:13:20:03 +0000] "GET /?wfbqs%2Fs2876815_html HTTP/2" 200 150389 "-" "meta-externalagent/1.1 (+https://developers.facebook.com/docs/sharing/webmasters/crawler)"
57.141.6.56 - - [08/Sep/2025:13:20:05 +0000] "GET /?kklzs/i2501599.html HTTP/2" 301 0 "-" "meta-externalagent/1.1 (+https://developers.facebook.com/docs/sharing/webmasters/crawler)"
57.141.6.43 - - [08/Sep/2025:13:20:08 +0000] "GET /?idjqd/c124699.html HTTP/2" 301 0 "-" "meta-externalagent/1.1 (+https://developers.facebook.com/docs/sharing/webmasters/crawler)"
57.141.6.49 - - [08/Sep/2025:13:20:09 +0000] "GET /?dcpmj%2Fj2947708_html HTTP/2" 200 150389 "-" "meta-externalagent/1.1 (+https://developers.facebook.com/docs/sharing/webmasters/crawler)"
57.141.6.50 - - [08/Sep/2025:13:20:16 +0000] "GET /?bwebp/v1688878.html HTTP/2" 301 0 "-" "meta-externalagent/1.1 (+https://developers.facebook.com/docs/sharing/webmasters/crawler)"
57.141.6.1 - - [08/Sep/2025:13:20:17 +0000] "GET /?bxewy/k198053.html HTTP/2" 301 0 "-" "meta-externalagent/1.1 (+https://developers.facebook.com/docs/sharing/webmasters/crawler)"
57.141.6.12 - - [08/Sep/2025:13:20:19 +0000] "GET /?eqjjn/n411984.html HTTP/2" 301 0 "-" "meta-externalagent/1.1 (+https://developers.facebook.com/docs/sharing/webmasters/crawler)"
57.141.6.18 - - [08/Sep/2025:13:20:11 +0000] "GET /?lkobx/p2970958.html HTTP/2" 301 0 "-" "meta-externalagent/1.1 (+https://developers.facebook.com/docs/sharing/webmasters/crawler)"
57.141.6.23 - - [08/Sep/2025:13:20:12 +0000] "GET /?vcijx/v746950.html HTTP/2" 301 0 "-" "meta-externalagent/1.1 (+https://developers.facebook.com/docs/sharing/webmasters/crawler)"
57.141.6.75 - - [08/Sep/2025:13:20:14 +0000] "GET /?llyex/a1284583.html HTTP/2" 301 0 "-" "meta-externalagent/1.1 (+https://developers.facebook.com/docs/sharing/webmasters/crawler)"
57.141.6.22 - - [08/Sep/2025:13:20:20 +0000] "GET /?ewxya%2Fs2563359_html HTTP/2" 200 150389 "-" "meta-externalagent/1.1 (+https://developers.facebook.com/docs/sharing/webmasters/crawler)"
57.141.6.36 - - [08/Sep/2025:13:20:24 +0000] "GET /?zeaau/v1228470.html HTTP/2" 301 0 "-" "meta-externalagent/1.1 (+https://developers.facebook.com/docs/sharing/webmasters/crawler)"
57.141.6.65 - - [08/Sep/2025:13:20:25 +0000] "GET /?idjqd%2Fc124699_html HTTP/2" 200 150388 "-" "meta-externalagent/1.1 (+https://developers.facebook.com/docs/sharing/webmasters/crawler)"
57.141.6.2 - - [08/Sep/2025:13:20:27 +0000] "GET /?kklzs%2Fi2501599_html HTTP/2" 200 150389 "-" "meta-externalagent/1.1 (+https://developers.facebook.com/docs/sharing/webmasters/crawler)"
57.141.6.49 - - [08/Sep/2025:13:20:30 +0000] "GET /?vcijx%2Fv746950_html HTTP/2" 200 150388 "-" "meta-externalagent/1.1 (+https://developers.facebook.com/docs/sharing/webmasters/crawler)"
57.141.6.13 - - [08/Sep/2025:13:20:31 +0000] "GET /?lfjmf/u519345.html HTTP/2" 301 0 "-" "meta-externalagent/1.1 (+https://developers.facebook.com/docs/sharing/webmasters/crawler)"
57.141.6.3 - - [08/Sep/2025:13:20:34 +0000] "GET /?qrtyf/q2196939.html HTTP/2" 301 0 "-" "meta-externalagent/1.1 (+https://developers.facebook.com/docs/sharing/webmasters/crawler)"
57.141.6.16 - - [08/Sep/2025:13:20:39 +0000] "GET /?bxewy%2Fk198053_html HTTP/2" 200 150388 "-" "meta-externalagent/1.1 (+https://developers.facebook.com/docs/sharing/webmasters/crawler)"
57.141.6.59 - - [08/Sep/2025:13:20:42 +0000] "GET /?bwebp%2Fv1688878_html HTTP/2" 200 150389 "-" "meta-externalagent/1.1 (+https://developers.facebook.com/docs/sharing/webmasters/crawler)"
57.141.6.26 - - [08/Sep/2025:13:20:43 +0000] "GET /?eqjjn%2Fn411984_html HTTP/2" 200 150388 "-" "meta-externalagent/1.1 (+https://developers.facebook.com/docs/sharing/webmasters/crawler)"
57.141.6.35 - - [08/Sep/2025:13:20:45 +0000] "GET /?ufshn%2Fp1089260_html HTTP/2" 200 150389 "-" "meta-externalagent/1.1 (+https://developers.facebook.com/docs/sharing/webmasters/crawler)"
57.141.6.6 - - [08/Sep/2025:13:20:47 +0000] "GET /?gqbya/o91795.html HTTP/2" 301 0 "-" "meta-externalagent/1.1 (+https://developers.facebook.com/docs/sharing/webmasters/crawler)"
57.141.6.12 - - [08/Sep/2025:13:20:50 +0000] "GET /?jvfag/r2014628.html HTTP/2" 301 0 "-" "meta-externalagent/1.1 (+https://developers.facebook.com/docs/sharing/webmasters/crawler)"
57.141.6.43 - - [08/Sep/2025:13:20:51 +0000] "GET /?zeaau%2Fv1228470_html HTTP/2" 200 150389 "-" "meta-externalagent/1.1 (+https://developers.facebook.com/docs/sharing/webmasters/crawler)"
57.141.6.65 - - [08/Sep/2025:13:21:01 +0000] "GET /?qrtyf%2Fq2196939_html HTTP/2" 200 150389 "-" "meta-externalagent/1.1 (+https://developers.facebook.com/docs/sharing/webmasters/crawler)"
57.141.6.41 - - [08/Sep/2025:13:21:06 +0000] "GET /?tiylf%2Fd435400_html HTTP/2" 200 150388 "-" "meta-externalagent/1.1 (+https://developers.facebook.com/docs/sharing/webmasters/crawler)"
57.141.6.58 - - [08/Sep/2025:13:21:08 +0000] "GET /?xywwc/i2088199.html HTTP/2" 301 0 "-" "meta-externalagent/1.1 (+https://developers.facebook.com/docs/sharing/webmasters/crawler)"
66.249.66.70 - - [08/Sep/2025:13:21:08 +0000] "GET /?shopdetail/6582127 HTTP/1.1" 200 24759 "-" "Mozilla/5.0 (Linux; Android 6.0.1; Nexus 5X Build/MMB29P) AppleWebKit/537.36 (KHTML, like Gecko) Chrome/138.0.7204.183 Mobile Safari/537.36 (compatible; Googlebot/2.1; +http://www.google.com/bot.html)"
57.141.6.67 - - [08/Sep/2025:13:20:22 +0000] "GET /?ufshn/p1089260.html HTTP/2" 301 0 "-" "meta-externalagent/1.1 (+https://developers.facebook.com/docs/sharing/webmasters/crawler)"
57.141.6.2 - - [08/Sep/2025:13:20:28 +0000] "GET /?lkobx%2Fp2970958_html HTTP/2" 200 150389 "-" "meta-externalagent/1.1 (+https://developers.facebook.com/docs/sharing/webmasters/crawler)"
57.141.6.68 - - [08/Sep/2025:13:20:32 +0000] "GET /?llyex%2Fa1284583_html HTTP/2" 200 150389 "-" "meta-externalagent/1.1 (+https://developers.facebook.com/docs/sharing/webmasters/crawler)"
57.141.6.46 - - [08/Sep/2025:13:20:36 +0000] "GET /?hhwlr/u257889.html HTTP/2" 301 0 "-" "meta-externalagent/1.1 (+https://developers.facebook.com/docs/sharing/webmasters/crawler)"
57.141.6.43 - - [08/Sep/2025:13:20:37 +0000] "GET /?qrhuj/s2418331.html HTTP/2" 301 0 "-" "meta-externalagent/1.1 (+https://developers.facebook.com/docs/sharing/webmasters/crawler)"
57.141.6.49 - - [08/Sep/2025:13:20:40 +0000] "GET /?tiylf/d435400.html HTTP/2" 301 0 "-" "meta-externalagent/1.1 (+https://developers.facebook.com/docs/sharing/webmasters/crawler)"
57.141.6.75 - - [08/Sep/2025:13:20:48 +0000] "GET /?czfgf/c1743927.html HTTP/2" 301 0 "-" "meta-externalagent/1.1 (+https://developers.facebook.com/docs/sharing/webmasters/crawler)"
57.141.6.22 - - [08/Sep/2025:13:20:53 +0000] "GET /?uckfr/b1228528.html HTTP/2" 301 0 "-" "meta-externalagent/1.1 (+https://developers.facebook.com/docs/sharing/webmasters/crawler)"
57.141.6.17 - - [08/Sep/2025:13:20:54 +0000] "GET /?dhcfw/a809277.html HTTP/2" 301 0 "-" "meta-externalagent/1.1 (+https://developers.facebook.com/docs/sharing/webmasters/crawler)"
57.141.6.76 - - [08/Sep/2025:13:20:56 +0000] "GET /?ihxhp/e1353149.html HTTP/2" 301 0 "-" "meta-externalagent/1.1 (+https://developers.facebook.com/docs/sharing/webmasters/crawler)"
57.141.6.12 - - [08/Sep/2025:13:20:57 +0000] "GET /?lfjmf%2Fu519345_html HTTP/2" 200 150388 "-" "meta-externalagent/1.1 (+https://developers.facebook.com/docs/sharing/webmasters/crawler)"
57.141.6.76 - - [08/Sep/2025:13:20:59 +0000] "GET /?ndhdf/m1043965.html HTTP/2" 301 0 "-" "meta-externalagent/1.1 (+https://developers.facebook.com/docs/sharing/webmasters/crawler)"
57.141.6.45 - - [08/Sep/2025:13:21:02 +0000] "GET /?hhwlr%2Fu257889_html HTTP/2" 200 150388 "-" "meta-externalagent/1.1 (+https://developers.facebook.com/docs/sharing/webmasters/crawler)"
57.141.6.75 - - [08/Sep/2025:13:21:03 +0000] "GET /?qrhuj%2Fs2418331_html HTTP/2" 200 150389 "-" "meta-externalagent/1.1 (+https://developers.facebook.com/docs/sharing/webmasters/crawler)"
57.141.6.8 - - [08/Sep/2025:13:21:05 +0000] "GET /?skokn/s1125299.html HTTP/2" 301 0 "-" "meta-externalagent/1.1 (+https://developers.facebook.com/docs/sharing/webmasters/crawler)"
66.249.66.165 - - [08/Sep/2025:13:21:08 +0000] "GET /?dqwle/m738467.html HTTP/1.1" 200 27317 "-" "Mozilla/5.0 (Linux; Android 6.0.1; Nexus 5X Build/MMB29P) AppleWebKit/537.36 (KHTML, like Gecko) Chrome/138.0.7204.183 Mobile Safari/537.36 (compatible; Googlebot/2.1; +http://www.google.com/bot.html)"
57.141.6.40 - - [08/Sep/2025:13:21:09 +0000] "GET /?fttcd/r144578.html HTTP/2" 301 0 "-" "meta-externalagent/1.1 (+https://developers.facebook.com/docs/sharing/webmasters/crawler)"
57.141.6.2 - - [08/Sep/2025:13:21:16 +0000] "GET /?jwron/n2420224.html HTTP/2" 301 0 "-" "meta-externalagent/1.1 (+https://developers.facebook.com/docs/sharing/webmasters/crawler)"
57.141.6.50 - - [08/Sep/2025:13:21:22 +0000] "GET /?vtcvj/e1053265.html HTTP/2" 301 0 "-" "meta-externalagent/1.1 (+https://developers.facebook.com/docs/sharing/webmasters/crawler)"
57.141.6.12 - - [08/Sep/2025:13:21:24 +0000] "GET /?dhcfw%2Fa809277_html HTTP/2" 200 150388 "-" "meta-externalagent/1.1 (+https://developers.facebook.com/docs/sharing/webmasters/crawler)"
57.141.6.46 - - [08/Sep/2025:13:21:26 +0000] "GET /?ihxhp%2Fe1353149_html HTTP/2" 200 150389 "-" "meta-externalagent/1.1 (+https://developers.facebook.com/docs/sharing/webmasters/crawler)"
57.141.6.22 - - [08/Sep/2025:13:21:11 +0000] "GET /?sofxa/g1468253.html HTTP/2" 301 0 "-" "meta-externalagent/1.1 (+https://developers.facebook.com/docs/sharing/webmasters/crawler)"
57.141.6.8 - - [08/Sep/2025:13:21:12 +0000] "GET /?gqbya%2Fo91795_html HTTP/2" 200 150387 "-" "meta-externalagent/1.1 (+https://developers.facebook.com/docs/sharing/webmasters/crawler)"
57.141.6.3 - - [08/Sep/2025:13:21:13 +0000] "GET /?czfgf%2Fc1743927_html HTTP/2" 200 150389 "-" "meta-externalagent/1.1 (+https://developers.facebook.com/docs/sharing/webmasters/crawler)"
57.141.6.64 - - [08/Sep/2025:13:21:16 +0000] "GET /?kunyy/n408058.html HTTP/2" 301 0 "-" "meta-externalagent/1.1 (+https://developers.facebook.com/docs/sharing/webmasters/crawler)"
57.141.6.74 - - [08/Sep/2025:13:21:18 +0000] "GET /?jvfag%2Fr2014628_html HTTP/2" 200 150389 "-" "meta-externalagent/1.1 (+https://developers.facebook.com/docs/sharing/webmasters/crawler)"
57.141.6.47 - - [08/Sep/2025:13:21:20 +0000] "GET /?uckfr%2Fb1228528_html HTTP/2" 200 150389 "-" "meta-externalagent/1.1 (+https://developers.facebook.com/docs/sharing/webmasters/crawler)"
57.141.6.1 - - [08/Sep/2025:13:21:21 +0000] "GET /?guxky/i2864299.html HTTP/2" 301 0 "-" "meta-externalagent/1.1 (+https://developers.facebook.com/docs/sharing/webmasters/crawler)"
57.141.6.26 - - [08/Sep/2025:13:21:27 +0000] "GET /?ndhdf%2Fm1043965_html HTTP/2" 200 150389 "-" "meta-externalagent/1.1 (+https://developers.facebook.com/docs/sharing/webmasters/crawler)"
57.141.6.5 - - [08/Sep/2025:13:21:32 +0000] "GET /?skokn%2Fs1125299_html HTTP/2" 200 150389 "-" "meta-externalagent/1.1 (+https://developers.facebook.com/docs/sharing/webmasters/crawler)"
57.141.6.48 - - [08/Sep/2025:13:21:35 +0000] "GET /?xywwc%2Fi2088199_html HTTP/2" 200 150389 "-" "meta-externalagent/1.1 (+https://developers.facebook.com/docs/sharing/webmasters/crawler)"
57.141.6.41 - - [08/Sep/2025:13:21:37 +0000] "GET /?fttcd%2Fr144578_html HTTP/2" 200 150388 "-" "meta-externalagent/1.1 (+https://developers.facebook.com/docs/sharing/webmasters/crawler)"
57.141.6.48 - - [08/Sep/2025:13:21:38 +0000] "GET /?sofxa%2Fg1468253_html HTTP/2" 200 150389 "-" "meta-externalagent/1.1 (+https://developers.facebook.com/docs/sharing/webmasters/crawler)"
57.141.6.2 - - [08/Sep/2025:13:21:40 +0000] "GET /?wdquv/l1105558.html HTTP/2" 301 0 "-" "meta-externalagent/1.1 (+https://developers.facebook.com/docs/sharing/webmasters/crawler)"
57.141.6.35 - - [08/Sep/2025:13:21:42 +0000] "GET /?kunyy%2Fn408058_html HTTP/2" 200 150388 "-" "meta-externalagent/1.1 (+https://developers.facebook.com/docs/sharing/webmasters/crawler)"
57.141.6.63 - - [08/Sep/2025:13:21:47 +0000] "GET /?jfnwq%2Fo2987233_html HTTP/2" 200 150389 "-" "meta-externalagent/1.1 (+https://developers.facebook.com/docs/sharing/webmasters/crawler)"
57.141.6.49 - - [08/Sep/2025:13:21:53 +0000] "GET /?haslm%2Fx2690374_html HTTP/2" 200 150389 "-" "meta-externalagent/1.1 (+https://developers.facebook.com/docs/sharing/webmasters/crawler)"
57.141.6.65 - - [08/Sep/2025:13:21:55 +0000] "GET /?vixcl/d1219456.html HTTP/2" 301 0 "-" "meta-externalagent/1.1 (+https://developers.facebook.com/docs/sharing/webmasters/crawler)"
57.141.6.3 - - [08/Sep/2025:13:21:59 +0000] "GET /?iredp/r1499802.html HTTP/2" 301 0 "-" "meta-externalagent/1.1 (+https://developers.facebook.com/docs/sharing/webmasters/crawler)"
57.141.6.72 - - [08/Sep/2025:13:22:00 +0000] "GET /?rvybz/m236457.html HTTP/2" 301 0 "-" "meta-externalagent/1.1 (+https://developers.facebook.com/docs/sharing/webmasters/crawler)"
57.141.6.64 - - [08/Sep/2025:13:22:03 +0000] "GET /?dxxjz/j1343664.html HTTP/2" 301 0 "-" "meta-externalagent/1.1 (+https://developers.facebook.com/docs/sharing/webmasters/crawler)"
57.141.6.5 - - [08/Sep/2025:13:22:05 +0000] "GET /?rvybz%2Fm236457_html HTTP/2" 200 150388 "-" "meta-externalagent/1.1 (+https://developers.facebook.com/docs/sharing/webmasters/crawler)"
57.141.6.39 - - [08/Sep/2025:13:22:20 +0000] "GET /?xanvi/o1818481.html HTTP/2" 301 0 "-" "meta-externalagent/1.1 (+https://developers.facebook.com/docs/sharing/webmasters/crawler)"
57.141.6.10 - - [08/Sep/2025:13:21:28 +0000] "GET /?jfnwq/o2987233.html HTTP/2" 301 0 "-" "meta-externalagent/1.1 (+https://developers.facebook.com/docs/sharing/webmasters/crawler)"
57.141.6.75 - - [08/Sep/2025:13:21:30 +0000] "GET /?kmdaa/r570250.html HTTP/2" 301 0 "-" "meta-externalagent/1.1 (+https://developers.facebook.com/docs/sharing/webmasters/crawler)"
