57.141.6.62 - - [08/Sep/2025:14:23:34 +0000] "GET /?swlmu/y1757937.html HTTP/2" 301 0 "-" "meta-externalagent/1.1 (+https://developers.facebook.com/docs/sharing/webmasters/crawler)"
139.59.9.251 - - [08/Sep/2025:14:26:51 +0000] "GET /wp-login.php HTTP/2" 200 3630 "-" "Mozilla/5.0 (X11; CrOS armv7l 10323.67.0) AppleWebKit/537.36 (KHTML, like Gecko) Chrome/65.0.3325.209 Safari/537.36"
139.59.9.251 - - [08/Sep/2025:14:26:55 +0000] "POST /wp-login.php HTTP/2" 200 3767 "https://pulsehost.co.uk/wp-login.php" "Mozilla/5.0 (X11; CrOS armv7l 10323.67.0) AppleWebKit/537.36 (KHTML, like Gecko) Chrome/65.0.3325.209 Safari/537.36"
57.141.6.37 - - [08/Sep/2025:14:27:23 +0000] "GET /?lskyk/s879833.html HTTP/2" 301 0 "-" "meta-externalagent/1.1 (+https://developers.facebook.com/docs/sharing/webmasters/crawler)"
57.141.6.29 - - [08/Sep/2025:14:27:27 +0000] "GET /?lskyk%2Fs879833_html HTTP/2" 200 150388 "-" "meta-externalagent/1.1 (+https://developers.facebook.com/docs/sharing/webmasters/crawler)"
66.249.66.69 - - [08/Sep/2025:14:28:29 +0000] "GET /?shopdetail/14233272 HTTP/1.1" 200 24683 "-" "Mozilla/5.0 (Linux; Android 6.0.1; Nexus 5X Build/MMB29P) AppleWebKit/537.36 (KHTML, like Gecko) Chrome/138.0.7204.183 Mobile Safari/537.36 (compatible; Googlebot/2.1; +http://www.google.com/bot.html)"
66.249.66.166 - - [08/Sep/2025:14:28:46 +0000] "GET /?zhHant/product/surugaya/59433888?campaign_uid=f64d716db5e979ed2f947dbaf4296895b951ae7f HTTP/1.1" 200 24975 "-" "Mozilla/5.0 (Linux; Android 6.0.1; Nexus 5X Build/MMB29P) AppleWebKit/537.36 (KHTML, like Gecko) Chrome/138.0.7204.183 Mobile Safari/537.36 (compatible; GoogleOther)"
194.164.107.4 - - [08/Sep/2025:14:28:48 +0000] "GET /favicon.ico HTTP/2" 404 1251 "-" "Mozilla/5.0 (Windows NT 10.0; Win64; x64) AppleWebKit/537.36 (KHTML, like Gecko) Chrome/133.0.0.0 Safari/537.36"
57.141.6.49 - - [08/Sep/2025:14:29:06 +0000] "GET /?cvjeu%2Fr3021452_html HTTP/2" 200 150389 "-" "meta-externalagent/1.1 (+https://developers.facebook.com/docs/sharing/webmasters/crawler)"
66.249.66.68 - - [08/Sep/2025:14:29:25 +0000] "GET /?zhHant/product/surugaya/16759475?campaign_uid=f64d716db5e979ed2f947dbaf4296895b951ae7f HTTP/1.1" 200 25591 "-" "Mozilla/5.0 (Linux; Android 6.0.1; Nexus 5X Build/MMB29P) AppleWebKit/537.36 (KHTML, like Gecko) Chrome/138.0.7204.183 Mobile Safari/537.36 (compatible; Googlebot/2.1; +http://www.google.com/bot.html)"
57.141.6.17 - - [08/Sep/2025:14:31:17 +0000] "GET /?ebsvj/p413624.html HTTP/2" 301 0 "-" "meta-externalagent/1.1 (+https://developers.facebook.com/docs/sharing/webmasters/crawler)"
66.249.66.166 - - [08/Sep/2025:14:31:17 +0000] "GET /?zhHant/product/surugaya/15351847?campaign_uid=f64d716db5e979ed2f947dbaf4296895b951ae7f HTTP/1.1" 200 24821 "-" "Mozilla/5.0 (Linux; Android 6.0.1; Nexus 5X Build/MMB29P) AppleWebKit/537.36 (KHTML, like Gecko) Chrome/138.0.7204.183 Mobile Safari/537.36 (compatible; Googlebot/2.1; +http://www.google.com/bot.html)"
57.141.6.49 - - [08/Sep/2025:14:31:20 +0000] "GET /?ebsvj%2Fp413624_html HTTP/2" 200 150388 "-" "meta-externalagent/1.1 (+https://developers.facebook.com/docs/sharing/webmasters/crawler)"
66.249.66.68 - - [08/Sep/2025:14:32:12 +0000] "GET /?shopdetail/13595650 HTTP/1.1" 200 24403 "-" "Mozilla/5.0 (Linux; Android 6.0.1; Nexus 5X Build/MMB29P) AppleWebKit/537.36 (KHTML, like Gecko) Chrome/138.0.7204.183 Mobile Safari/537.36 (compatible; Googlebot/2.1; +http://www.google.com/bot.html)"
66.249.66.193 - - [08/Sep/2025:14:32:14 +0000] "GET / HTTP/1.1" 200 25286 "-" "Mozilla/5.0 (compatible; Googlebot/2.1; +http://www.google.com/bot.html)"
57.141.6.58 - - [08/Sep/2025:14:32:41 +0000] "GET /?gyusk/d2084606.html HTTP/2" 301 0 "-" "meta-externalagent/1.1 (+https://developers.facebook.com/docs/sharing/webmasters/crawler)"
57.141.6.5 - - [08/Sep/2025:14:32:45 +0000] "GET /?gyusk%2Fd2084606_html HTTP/2" 200 150389 "-" "meta-externalagent/1.1 (+https://developers.facebook.com/docs/sharing/webmasters/crawler)"
57.141.6.5 - - [08/Sep/2025:14:32:56 +0000] "GET /?qgiue/u1649591.html HTTP/2" 301 0 "-" "meta-externalagent/1.1 (+https://developers.facebook.com/docs/sharing/webmasters/crawler)"
57.141.6.12 - - [08/Sep/2025:14:33:00 +0000] "GET /?qgiue%2Fu1649591_html HTTP/2" 200 150389 "-" "meta-externalagent/1.1 (+https://developers.facebook.com/docs/sharing/webmasters/crawler)"
66.249.66.164 - - [08/Sep/2025:14:33:28 +0000] "GET /?zhHant/product/surugaya/63221179?campaign_uid=f64d716db5e979ed2f947dbaf4296895b951ae7f HTTP/1.1" 200 24349 "-" "Mozilla/5.0 (Linux; Android 6.0.1; Nexus 5X Build/MMB29P) AppleWebKit/537.36 (KHTML, like Gecko) Chrome/138.0.7204.183 Mobile Safari/537.36 (compatible; GoogleOther)"
66.249.66.68 - - [08/Sep/2025:14:34:03 +0000] "GET /?shopdetail/11067827 HTTP/1.1" 200 24429 "-" "Mozilla/5.0 (Linux; Android 6.0.1; Nexus 5X Build/MMB29P) AppleWebKit/537.36 (KHTML, like Gecko) Chrome/138.0.7204.183 Mobile Safari/537.36 (compatible; Googlebot/2.1; +http://www.google.com/bot.html)"
66.249.66.166 - - [08/Sep/2025:14:34:04 +0000] "GET /?product/edit/30895083 HTTP/1.1" 200 26861 "-" "Mozilla/5.0 (Linux; Android 6.0.1; Nexus 5X Build/MMB29P) AppleWebKit/537.36 (KHTML, like Gecko) Chrome/138.0.7204.183 Mobile Safari/537.36 (compatible; Googlebot/2.1; +http://www.google.com/bot.html)"
66.249.66.164 - - [08/Sep/2025:14:35:02 +0000] "GET /?zhHant/product/surugaya/58527090?campaign_uid=f64d716db5e979ed2f947dbaf4296895b951ae7f HTTP/1.1" 200 24627 "-" "Mozilla/5.0 (Linux; Android 6.0.1; Nexus 5X Build/MMB29P) AppleWebKit/537.36 (KHTML, like Gecko) Chrome/138.0.7204.183 Mobile Safari/537.36 (compatible; GoogleOther)"
57.141.6.29 - - [08/Sep/2025:14:35:22 +0000] "GET /?icuqd%2Fw1541719_html HTTP/2" 200 150389 "-" "meta-externalagent/1.1 (+https://developers.facebook.com/docs/sharing/webmasters/crawler)"
66.249.66.69 - - [08/Sep/2025:14:35:54 +0000] "GET /?shopdetail/5997349 HTTP/1.1" 200 24475 "-" "Mozilla/5.0 (Linux; Android 6.0.1; Nexus 5X Build/MMB29P) AppleWebKit/537.36 (KHTML, like Gecko) Chrome/138.0.7204.183 Mobile Safari/537.36 (compatible; Googlebot/2.1; +http://www.google.com/bot.html)"
66.249.66.194 - - [08/Sep/2025:14:35:55 +0000] "GET /?zqiow/v2920004.html HTTP/1.1" 200 26779 "-" "Mozilla/5.0 (Linux; Android 6.0.1; Nexus 5X Build/MMB29P) AppleWebKit/537.36 (KHTML, like Gecko) Chrome/138.0.7204.183 Mobile Safari/537.36 (compatible; Googlebot/2.1; +http://www.google.com/bot.html)"
66.249.66.165 - - [08/Sep/2025:14:31:54 +0000] "GET /?zhHant/product/surugaya/76921915?campaign_uid=f64d716db5e979ed2f947dbaf4296895b951ae7f HTTP/1.1" 200 25828 "-" "Mozilla/5.0 (Linux; Android 6.0.1; Nexus 5X Build/MMB29P) AppleWebKit/537.36 (KHTML, like Gecko) Chrome/138.0.7204.183 Mobile Safari/537.36 (compatible; GoogleOther)"
57.141.6.41 - - [08/Sep/2025:14:32:59 +0000] "GET /?hbeiu/y1395237.html HTTP/2" 301 0 "-" "meta-externalagent/1.1 (+https://developers.facebook.com/docs/sharing/webmasters/crawler)"
57.141.6.49 - - [08/Sep/2025:14:33:05 +0000] "GET /?hbeiu%2Fy1395237_html HTTP/2" 200 150389 "-" "meta-externalagent/1.1 (+https://developers.facebook.com/docs/sharing/webmasters/crawler)"
43.157.172.39 - - [08/Sep/2025:14:33:16 +0000] "GET / HTTP/1.1" 200 23823 "http://45.85.88.115:443" "Mozilla/5.0 (iPhone; CPU iPhone OS 13_2_3 like Mac OS X) AppleWebKit/605.1.15 (KHTML, like Gecko) Version/13.0.3 Mobile/15E148 Safari/604.1"
66.249.66.194 - - [08/Sep/2025:14:34:03 +0000] "GET /?ohlpm/c2799761.html HTTP/1.1" 200 26039 "-" "Mozilla/5.0 (Linux; Android 6.0.1; Nexus 5X Build/MMB29P) AppleWebKit/537.36 (KHTML, like Gecko) Chrome/138.0.7204.183 Mobile Safari/537.36 (compatible; Googlebot/2.1; +http://www.google.com/bot.html)"
57.141.6.16 - - [08/Sep/2025:14:35:13 +0000] "GET /?mcqwo/i2011369.html HTTP/2" 301 0 "-" "meta-externalagent/1.1 (+https://developers.facebook.com/docs/sharing/webmasters/crawler)"
57.141.6.29 - - [08/Sep/2025:14:35:17 +0000] "GET /?mcqwo%2Fi2011369_html HTTP/2" 200 150389 "-" "meta-externalagent/1.1 (+https://developers.facebook.com/docs/sharing/webmasters/crawler)"
57.141.6.40 - - [08/Sep/2025:14:35:18 +0000] "GET /?icuqd/w1541719.html HTTP/2" 301 0 "-" "meta-externalagent/1.1 (+https://developers.facebook.com/docs/sharing/webmasters/crawler)"
57.141.6.50 - - [08/Sep/2025:14:35:22 +0000] "GET /?avbtl/d2640902.html HTTP/2" 301 0 "-" "meta-externalagent/1.1 (+https://developers.facebook.com/docs/sharing/webmasters/crawler)"
57.141.6.68 - - [08/Sep/2025:14:35:27 +0000] "GET /?avbtl%2Fd2640902_html HTTP/2" 200 150389 "-" "meta-externalagent/1.1 (+https://developers.facebook.com/docs/sharing/webmasters/crawler)"
66.249.66.164 - - [08/Sep/2025:14:35:58 +0000] "GET /?product/edit/69528361 HTTP/1.1" 200 25519 "-" "Mozilla/5.0 (Linux; Android 6.0.1; Nexus 5X Build/MMB29P) AppleWebKit/537.36 (KHTML, like Gecko) Chrome/138.0.7204.183 Mobile Safari/537.36 (compatible; Googlebot/2.1; +http://www.google.com/bot.html)"
57.141.6.48 - - [08/Sep/2025:14:36:17 +0000] "GET /?xided/u1601699.html HTTP/2" 301 0 "-" "meta-externalagent/1.1 (+https://developers.facebook.com/docs/sharing/webmasters/crawler)"
66.249.66.165 - - [08/Sep/2025:14:36:53 +0000] "GET /?product/edit/95853800 HTTP/1.1" 200 25680 "-" "Mozilla/5.0 (Linux; Android 6.0.1; Nexus 5X Build/MMB29P) AppleWebKit/537.36 (KHTML, like Gecko) Chrome/138.0.7204.183 Mobile Safari/537.36 (compatible; Googlebot/2.1; +http://www.google.com/bot.html)"
57.141.6.70 - - [08/Sep/2025:14:38:09 +0000] "GET /?esdhp/k2214483.html HTTP/2" 301 0 "-" "meta-externalagent/1.1 (+https://developers.facebook.com/docs/sharing/webmasters/crawler)"
57.141.6.49 - - [08/Sep/2025:14:38:13 +0000] "GET /?esdhp%2Fk2214483_html HTTP/2" 200 150389 "-" "meta-externalagent/1.1 (+https://developers.facebook.com/docs/sharing/webmasters/crawler)"
57.141.6.22 - - [08/Sep/2025:14:38:20 +0000] "GET /?wietj/y1399189.html HTTP/2" 301 0 "-" "meta-externalagent/1.1 (+https://developers.facebook.com/docs/sharing/webmasters/crawler)"
57.141.6.75 - - [08/Sep/2025:14:38:24 +0000] "GET /?wietj%2Fy1399189_html HTTP/2" 200 150389 "-" "meta-externalagent/1.1 (+https://developers.facebook.com/docs/sharing/webmasters/crawler)"
57.141.6.74 - - [08/Sep/2025:14:38:54 +0000] "GET /?ulyxt/r2159006.html HTTP/2" 301 0 "-" "meta-externalagent/1.1 (+https://developers.facebook.com/docs/sharing/webmasters/crawler)"
57.141.6.23 - - [08/Sep/2025:14:38:59 +0000] "GET /?ulyxt%2Fr2159006_html HTTP/2" 200 150389 "-" "meta-externalagent/1.1 (+https://developers.facebook.com/docs/sharing/webmasters/crawler)"
57.141.6.53 - - [08/Sep/2025:14:36:20 +0000] "GET /?xided%2Fu1601699_html HTTP/2" 200 150389 "-" "meta-externalagent/1.1 (+https://developers.facebook.com/docs/sharing/webmasters/crawler)"
66.249.66.164 - - [08/Sep/2025:14:36:35 +0000] "GET /?zhHant/product/surugaya/35774963?campaign_uid=f64d716db5e979ed2f947dbaf4296895b951ae7f HTTP/1.1" 200 25795 "-" "Mozilla/5.0 (Linux; Android 6.0.1; Nexus 5X Build/MMB29P) AppleWebKit/537.36 (KHTML, like Gecko) Chrome/138.0.7204.183 Mobile Safari/537.36 (compatible; GoogleOther)"
66.249.66.69 - - [08/Sep/2025:14:37:49 +0000] "GET /?shopdetail/27676772 HTTP/1.1" 200 24591 "-" "Mozilla/5.0 (Linux; Android 6.0.1; Nexus 5X Build/MMB29P) AppleWebKit/537.36 (KHTML, like Gecko) Chrome/138.0.7204.183 Mobile Safari/537.36 (compatible; Googlebot/2.1; +http://www.google.com/bot.html)"
66.249.66.164 - - [08/Sep/2025:14:38:09 +0000] "GET /?zhHant/product/surugaya/64638211?campaign_uid=f64d716db5e979ed2f947dbaf4296895b951ae7f HTTP/1.1" 200 24864 "-" "Mozilla/5.0 (Linux; Android 6.0.1; Nexus 5X Build/MMB29P) AppleWebKit/537.36 (KHTML, like Gecko) Chrome/138.0.7204.183 Mobile Safari/537.36 (compatible; GoogleOther)"
66.249.66.165 - - [08/Sep/2025:14:38:44 +0000] "GET /?ospro/a1521627.html HTTP/1.1" 200 24288 "-" "Mozilla/5.0 (Linux; Android 6.0.1; Nexus 5X Build/MMB29P) AppleWebKit/537.36 (KHTML, like Gecko) Chrome/138.0.7204.183 Mobile Safari/537.36 (compatible; Googlebot/2.1; +http://www.google.com/bot.html)"
66.249.66.165 - - [08/Sep/2025:14:38:45 +0000] "GET /?product/edit/93576174 HTTP/1.1" 200 25386 "-" "Mozilla/5.0 (Linux; Android 6.0.1; Nexus 5X Build/MMB29P) AppleWebKit/537.36 (KHTML, like Gecko) Chrome/138.0.7204.183 Mobile Safari/537.36 (compatible; Googlebot/2.1; +http://www.google.com/bot.html)"
57.141.6.41 - - [08/Sep/2025:14:39:00 +0000] "GET /?bdouq/y2124589.html HTTP/2" 301 0 "-" "meta-externalagent/1.1 (+https://developers.facebook.com/docs/sharing/webmasters/crawler)"
57.141.6.38 - - [08/Sep/2025:14:39:04 +0000] "GET /?bdouq%2Fy2124589_html HTTP/2" 200 150389 "-" "meta-externalagent/1.1 (+https://developers.facebook.com/docs/sharing/webmasters/crawler)"
66.249.66.166 - - [08/Sep/2025:14:39:43 +0000] "GET /?zhHant/product/surugaya/74810064?campaign_uid=f64d716db5e979ed2f947dbaf4296895b951ae7f HTTP/1.1" 200 25157 "-" "Mozilla/5.0 (Linux; Android 6.0.1; Nexus 5X Build/MMB29P) AppleWebKit/537.36 (KHTML, like Gecko) Chrome/138.0.7204.183 Mobile Safari/537.36 (compatible; GoogleOther)"
188.166.176.134 - - [08/Sep/2025:14:39:54 +0000] "GET / HTTP/1.1" 200 150369 "-" "Mozilla/5.0 (Windows NT 10.0; Win64; x64) AppleWebKit/537.36 (KHTML, like Gecko) Chrome/88.0.4240.193 Safari/537.36"
188.166.176.134 - - [08/Sep/2025:14:39:55 +0000] "GET //wp-includes/wlwmanifest.xml HTTP/1.1" 200 145732 "-" "Mozilla/5.0 (Windows NT 10.0; Win64; x64) AppleWebKit/537.36 (KHTML, like Gecko) Chrome/88.0.4240.193 Safari/537.36"
188.166.176.134 - - [08/Sep/2025:14:39:56 +0000] "GET //xmlrpc.php?rsd HTTP/1.1" 403 1242 "-" "Mozilla/5.0 (Windows NT 10.0; Win64; x64) AppleWebKit/537.36 (KHTML, like Gecko) Chrome/88.0.4240.193 Safari/537.36"
188.166.176.134 - - [08/Sep/2025:14:39:56 +0000] "GET / HTTP/1.1" 200 150369 "-" "Mozilla/5.0 (Windows NT 10.0; Win64; x64) AppleWebKit/537.36 (KHTML, like Gecko) Chrome/88.0.4240.193 Safari/537.36"
188.166.176.134 - - [08/Sep/2025:14:39:57 +0000] "GET //wp-login.php HTTP/1.1" 200 14506 "-" "Mozilla/5.0 (Windows NT 10.0; Win64; x64) AppleWebKit/537.36 (KHTML, like Gecko) Chrome/88.0.4240.193 Safari/537.36"
188.166.176.134 - - [08/Sep/2025:14:39:58 +0000] "GET //?author=1 HTTP/1.1" 301 0 "-" "Mozilla/5.0 (Windows NT 10.0; Win64; x64) AppleWebKit/537.36 (KHTML, like Gecko) Chrome/88.0.4240.193 Safari/537.36"
188.166.176.134 - - [08/Sep/2025:14:39:58 +0000] "GET //?author=2 HTTP/1.1" 301 0 "-" "Mozilla/5.0 (Windows NT 10.0; Win64; x64) AppleWebKit/537.36 (KHTML, like Gecko) Chrome/88.0.4240.193 Safari/537.36"
188.166.176.134 - - [08/Sep/2025:14:39:59 +0000] "GET //?author=3 HTTP/1.1" 301 0 "-" "Mozilla/5.0 (Windows NT 10.0; Win64; x64) AppleWebKit/537.36 (KHTML, like Gecko) Chrome/88.0.4240.193 Safari/537.36"
188.166.176.134 - - [08/Sep/2025:14:39:59 +0000] "GET //wp-json/wp/v2/users/ HTTP/1.1" 200 825 "-" "Mozilla/5.0 (Windows NT 10.0; Win64; x64) AppleWebKit/537.36 (KHTML, like Gecko) Chrome/88.0.4240.193 Safari/537.36"
188.166.176.134 - - [08/Sep/2025:14:39:59 +0000] "POST //xmlrpc.php HTTP/1.1" 403 1242 "-" "Mozilla/5.0 (Windows NT 10.0; Win64; x64) AppleWebKit/537.36 (KHTML, like Gecko) Chrome/88.0.4240.193 Safari/537.36"
188.166.176.134 - - [08/Sep/2025:14:40:00 +0000] "POST //wp-login.php HTTP/1.1" 200 14935 "https://pulsehost.co.uk//wp-login.php" "Mozilla/5.0 (Windows NT 10.0; Win64; x64) AppleWebKit/537.36 (KHTML, like Gecko) Chrome/88.0.4240.193 Safari/537.36"
188.166.176.134 - - [08/Sep/2025:14:40:00 +0000] "POST //wp-login.php HTTP/1.1" 200 14935 "https://pulsehost.co.uk//wp-login.php" "Mozilla/5.0 (Windows NT 10.0; Win64; x64) AppleWebKit/537.36 (KHTML, like Gecko) Chrome/88.0.4240.193 Safari/537.36"
188.166.176.134 - - [08/Sep/2025:14:40:01 +0000] "POST //wp-login.php HTTP/1.1" 200 14935 "https://pulsehost.co.uk//wp-login.php" "Mozilla/5.0 (Windows NT 10.0; Win64; x64) AppleWebKit/537.36 (KHTML, like Gecko) Chrome/88.0.4240.193 Safari/537.36"
188.166.176.134 - - [08/Sep/2025:14:40:02 +0000] "POST //wp-login.php HTTP/1.1" 200 14935 "https://pulsehost.co.uk//wp-login.php" "Mozilla/5.0 (Windows NT 10.0; Win64; x64) AppleWebKit/537.36 (KHTML, like Gecko) Chrome/88.0.4240.193 Safari/537.36"
188.166.176.134 - - [08/Sep/2025:14:40:03 +0000] "POST //wp-login.php HTTP/1.1" 200 14935 "https://pulsehost.co.uk//wp-login.php" "Mozilla/5.0 (Windows NT 10.0; Win64; x64) AppleWebKit/537.36 (KHTML, like Gecko) Chrome/88.0.4240.193 Safari/537.36"
188.166.176.134 - - [08/Sep/2025:14:40:03 +0000] "POST //wp-login.php HTTP/1.1" 200 14935 "https://pulsehost.co.uk//wp-login.php" "Mozilla/5.0 (Windows NT 10.0; Win64; x64) AppleWebKit/537.36 (KHTML, like Gecko) Chrome/88.0.4240.193 Safari/537.36"
188.166.176.134 - - [08/Sep/2025:14:40:04 +0000] "POST //wp-login.php HTTP/1.1" 200 14935 "https://pulsehost.co.uk//wp-login.php" "Mozilla/5.0 (Windows NT 10.0; Win64; x64) AppleWebKit/537.36 (KHTML, like Gecko) Chrome/88.0.4240.193 Safari/537.36"
188.166.176.134 - - [08/Sep/2025:14:40:06 +0000] "POST //wp-login.php HTTP/1.1" 200 14935 "https://pulsehost.co.uk//wp-login.php" "Mozilla/5.0 (Windows NT 10.0; Win64; x64) AppleWebKit/537.36 (KHTML, like Gecko) Chrome/88.0.4240.193 Safari/537.36"
188.166.176.134 - - [08/Sep/2025:14:40:10 +0000] "POST //wp-login.php HTTP/1.1" 200 14935 "https://pulsehost.co.uk//wp-login.php" "Mozilla/5.0 (Windows NT 10.0; Win64; x64) AppleWebKit/537.36 (KHTML, like Gecko) Chrome/88.0.4240.193 Safari/537.36"
188.166.176.134 - - [08/Sep/2025:14:40:14 +0000] "POST //wp-login.php HTTP/1.1" 200 14935 "https://pulsehost.co.uk//wp-login.php" "Mozilla/5.0 (Windows NT 10.0; Win64; x64) AppleWebKit/537.36 (KHTML, like Gecko) Chrome/88.0.4240.193 Safari/537.36"
201.150.151.221 - - [08/Sep/2025:14:40:27 +0000] "GET /?lzquu%2Fu289635.html HTTP/1.1" 301 0 "-" "Mozilla/5.0 (Windows NT 6.3; Win64; x64) AppleWebKit/537.36 (KHTML, like Gecko) Chrome/96.0.4664.45 Safari/537.36"
201.150.151.221 - - [08/Sep/2025:14:40:28 +0000] "GET /?lzquu%2Fu289635_html HTTP/1.1" 200 23829 "-" "Mozilla/5.0 (Windows NT 6.3; Win64; x64) AppleWebKit/537.36 (KHTML, like Gecko) Chrome/96.0.4664.45 Safari/537.36"
188.166.176.134 - - [08/Sep/2025:14:40:18 +0000] "POST //wp-login.php HTTP/1.1" 200 14935 "https://pulsehost.co.uk//wp-login.php" "Mozilla/5.0 (Windows NT 10.0; Win64; x64) AppleWebKit/537.36 (KHTML, like Gecko) Chrome/88.0.4240.193 Safari/537.36"
57.141.6.58 - - [08/Sep/2025:14:40:33 +0000] "GET /?jtppl/n796316.html HTTP/2" 301 0 "-" "meta-externalagent/1.1 (+https://developers.facebook.com/docs/sharing/webmasters/crawler)"
57.141.6.40 - - [08/Sep/2025:14:40:34 +0000] "GET /?iwuko/k1800667.html HTTP/2" 301 0 "-" "meta-externalagent/1.1 (+https://developers.facebook.com/docs/sharing/webmasters/crawler)"
66.249.66.164 - - [08/Sep/2025:14:40:36 +0000] "GET /?product/edit/80123041 HTTP/1.1" 200 25652 "-" "Mozilla/5.0 (Linux; Android 6.0.1; Nexus 5X Build/MMB29P) AppleWebKit/537.36 (KHTML, like Gecko) Chrome/138.0.7204.183 Mobile Safari/537.36 (compatible; Googlebot/2.1; +http://www.google.com/bot.html)"
57.141.6.75 - - [08/Sep/2025:14:40:38 +0000] "GET /?jtppl%2Fn796316_html HTTP/2" 200 150388 "-" "meta-externalagent/1.1 (+https://developers.facebook.com/docs/sharing/webmasters/crawler)"
188.166.176.134 - - [08/Sep/2025:14:40:30 +0000] "POST //wp-login.php HTTP/1.1" 200 14935 "https://pulsehost.co.uk//wp-login.php" "Mozilla/5.0 (Windows NT 10.0; Win64; x64) AppleWebKit/537.36 (KHTML, like Gecko) Chrome/88.0.4240.193 Safari/537.36"
188.166.176.134 - - [08/Sep/2025:14:40:45 +0000] "POST //wp-login.php HTTP/1.1" 200 14935 "https://pulsehost.co.uk//wp-login.php" "Mozilla/5.0 (Windows NT 10.0; Win64; x64) AppleWebKit/537.36 (KHTML, like Gecko) Chrome/88.0.4240.193 Safari/537.36"
188.166.176.134 - - [08/Sep/2025:14:41:00 +0000] "POST //wp-login.php HTTP/1.1" 200 14935 "https://pulsehost.co.uk//wp-login.php" "Mozilla/5.0 (Windows NT 10.0; Win64; x64) AppleWebKit/537.36 (KHTML, like Gecko) Chrome/88.0.4240.193 Safari/537.36"
188.166.176.134 - - [08/Sep/2025:14:41:16 +0000] "POST //wp-login.php HTTP/1.1" 200 14935 "https://pulsehost.co.uk//wp-login.php" "Mozilla/5.0 (Windows NT 10.0; Win64; x64) AppleWebKit/537.36 (KHTML, like Gecko) Chrome/88.0.4240.193 Safari/537.36"
191.9.53.37 - - [08/Sep/2025:14:41:37 +0000] "GET /?shopdetail/26789316 HTTP/1.1" 301 0 "https://pulsehost.co.uk/" "Mozilla/5.0 (Macintosh; Intel Mac OS X 10_15_7) AppleWebKit/605.1.15 (KHTML, like Gecko) Version/17.6 Safari/605.1.15"
188.166.176.134 - - [08/Sep/2025:14:41:30 +0000] "POST //wp-login.php HTTP/1.1" 200 14935 "https://pulsehost.co.uk//wp-login.php" "Mozilla/5.0 (Windows NT 10.0; Win64; x64) AppleWebKit/537.36 (KHTML, like Gecko) Chrome/88.0.4240.193 Safari/537.36"
188.166.176.134 - - [08/Sep/2025:14:41:45 +0000] "POST //wp-login.php HTTP/1.1" 200 14935 "https://pulsehost.co.uk//wp-login.php" "Mozilla/5.0 (Windows NT 10.0; Win64; x64) AppleWebKit/537.36 (KHTML, like Gecko) Chrome/88.0.4240.193 Safari/537.36"
188.166.176.134 - - [08/Sep/2025:14:42:00 +0000] "POST //wp-login.php HTTP/1.1" 200 14935 "https://pulsehost.co.uk//wp-login.php" "Mozilla/5.0 (Windows NT 10.0; Win64; x64) AppleWebKit/537.36 (KHTML, like Gecko) Chrome/88.0.4240.193 Safari/537.36"
66.249.66.68 - - [08/Sep/2025:14:42:27 +0000] "GET /?shopdetail/21116205 HTTP/1.1" 200 24428 "-" "Mozilla/5.0 (Linux; Android 6.0.1; Nexus 5X Build/MMB29P) AppleWebKit/537.36 (KHTML, like Gecko) Chrome/138.0.7204.183 Mobile Safari/537.36 (compatible; Googlebot/2.1; +http://www.google.com/bot.html)"
66.249.66.166 - - [08/Sep/2025:14:42:27 +0000] "GET /?ikgfp/y1409045.html HTTP/1.1" 200 24467 "-" "Mozilla/5.0 (Linux; Android 6.0.1; Nexus 5X Build/MMB29P) AppleWebKit/537.36 (KHTML, like Gecko) Chrome/138.0.7204.183 Mobile Safari/537.36 (compatible; Googlebot/2.1; +http://www.google.com/bot.html)"
120.55.40.178 - - [08/Sep/2025:14:42:29 +0000] "POST /xmlrpc.php HTTP/2" 403 1242 "-" "Mozilla/5.0 (Windows NT 10.0) AppleWebKit/537.36 (KHTML, like Gecko) Chrome/66.0.3359.117 Safari/537.36"
188.166.176.134 - - [08/Sep/2025:14:42:15 +0000] "POST //wp-login.php HTTP/1.1" 200 14935 "https://pulsehost.co.uk//wp-login.php" "Mozilla/5.0 (Windows NT 10.0; Win64; x64) AppleWebKit/537.36 (KHTML, like Gecko) Chrome/88.0.4240.193 Safari/537.36"
181.44.130.42 - - [08/Sep/2025:14:42:30 +0000] "GET /?shopdetail/16358427 HTTP/1.1" 301 0 "https://www.pulsehost.co.uk/" "Mozilla/5.0 (Macintosh; Intel Mac OS X 10_15_7) AppleWebKit/537.36 (KHTML, like Gecko) Chrome/134.0.0.0 Safari/537.36"
66.249.66.68 - - [08/Sep/2025:14:39:40 +0000] "GET /?shopdetail/14026849 HTTP/1.1" 200 26162 "-" "Mozilla/5.0 (Linux; Android 6.0.1; Nexus 5X Build/MMB29P) AppleWebKit/537.36 (KHTML, like Gecko) Chrome/138.0.7204.183 Mobile Safari/537.36 (compatible; Googlebot/2.1; +http://www.google.com/bot.html)"
66.249.66.165 - - [08/Sep/2025:14:40:36 +0000] "GET /?product/edit/28227270 HTTP/1.1" 200 25592 "-" "Mozilla/5.0 (Linux; Android 6.0.1; Nexus 5X Build/MMB29P) AppleWebKit/537.36 (KHTML, like Gecko) Chrome/138.0.7204.183 Mobile Safari/537.36 (compatible; Googlebot/2.1; +http://www.google.com/bot.html)"
57.141.6.48 - - [08/Sep/2025:14:40:39 +0000] "GET /?iwuko%2Fk1800667_html HTTP/2" 200 150389 "-" "meta-externalagent/1.1 (+https://developers.facebook.com/docs/sharing/webmasters/crawler)"
66.249.66.164 - - [08/Sep/2025:14:41:17 +0000] "GET /?zhHant/product/surugaya/31376594?campaign_uid=f64d716db5e979ed2f947dbaf4296895b951ae7f HTTP/1.1" 200 25576 "-" "Mozilla/5.0 (Linux; Android 6.0.1; Nexus 5X Build/MMB29P) AppleWebKit/537.36 (KHTML, like Gecko) Chrome/138.0.7204.183 Mobile Safari/537.36 (compatible; GoogleOther)"
45.177.163.226 - - [08/Sep/2025:14:41:21 +0000] "GET /?wmekk%2Fk1588975.html HTTP/1.1" 301 0 "-" "Mozilla/5.0 (Macintosh; Intel Mac OS X 10_14_5) AppleWebKit/537.36 (KHTML, like Gecko) Chrome/88.0.4324.192 Safari/537.36"
45.177.163.226 - - [08/Sep/2025:14:41:23 +0000] "GET /?wmekk%2Fk1588975_html HTTP/1.1" 200 23831 "-" "Mozilla/5.0 (Macintosh; Intel Mac OS X 10_14_5) AppleWebKit/537.36 (KHTML, like Gecko) Chrome/88.0.4324.192 Safari/537.36"
177.170.151.212 - - [08/Sep/2025:14:41:40 +0000] "GET /?shopdetail/26789316 HTTP/1.1" 301 0 "https://pulsehost.co.uk/" "Mozilla/5.0 (Macintosh; Intel Mac OS X 10_15_7) AppleWebKit/605.1.15 (KHTML, like Gecko) Version/17.6 Safari/605.1.15"
45.71.240.70 - - [08/Sep/2025:14:42:24 +0000] "GET /?shopdetail/16358427 HTTP/1.1" 301 0 "https://www.pulsehost.co.uk/" "Mozilla/5.0 (Macintosh; Intel Mac OS X 10_15_7) AppleWebKit/537.36 (KHTML, like Gecko) Chrome/134.0.0.0 Safari/537.36"
120.55.40.178 - - [08/Sep/2025:14:42:31 +0000] "POST /xmlrpc.php HTTP/2" 403 1242 "-" "Mozilla/5.0 (Windows NT 10.0) AppleWebKit/537.36 (KHTML, like Gecko) Chrome/66.0.3359.117 Safari/537.36"
120.55.40.178 - - [08/Sep/2025:14:42:35 +0000] "POST /xmlrpc.php HTTP/2" 403 1242 "-" "Mozilla/5.0 (Windows NT 10.0) AppleWebKit/537.36 (KHTML, like Gecko) Chrome/66.0.3359.117 Safari/537.36"
120.55.40.178 - - [08/Sep/2025:14:42:36 +0000] "POST /xmlrpc.php HTTP/2" 403 1242 "-" "Mozilla/5.0 (Windows NT 10.0) AppleWebKit/537.36 (KHTML, like Gecko) Chrome/66.0.3359.117 Safari/537.36"
120.55.40.178 - - [08/Sep/2025:14:42:39 +0000] "POST /xmlrpc.php HTTP/2" 403 1242 "-" "Mozilla/5.0 (Windows NT 10.0) AppleWebKit/537.36 (KHTML, like Gecko) Chrome/66.0.3359.117 Safari/537.36"
186.129.222.173 - - [08/Sep/2025:14:43:08 +0000] "GET /?shopdetail/12292750 HTTP/1.1" 301 0 "https://pulsehost.co.uk/" "Mozilla/5.0 (Macintosh; Intel Mac OS X 10_15_7) AppleWebKit/537.36 (KHTML, like Gecko) Chrome/134.0.0.0 Safari/537.36"
66.249.66.193 - - [08/Sep/2025:14:43:51 +0000] "GET /?slkmk/e2357191.html HTTP/1.1" 200 26398 "-" "Mozilla/5.0 (Linux; Android 6.0.1; Nexus 5X Build/MMB29P) AppleWebKit/537.36 (KHTML, like Gecko) Chrome/138.0.7204.183 Mobile Safari/537.36 (compatible; Googlebot/2.1; +http://www.google.com/bot.html)"
51.254.142.81 - - [08/Sep/2025:14:44:14 +0000] "GET /wp-login.php HTTP/2" 200 3630 "-" "Mozilla/5.0 (Windows NT 6.0; Win64; x64) AppleWebKit/537.36 (KHTML, like Gecko) Chrome/65.0.3325.181 Safari/537.36 OPR/52.0.2871.99"
51.254.142.81 - - [08/Sep/2025:14:44:14 +0000] "POST /wp-login.php HTTP/2" 200 3767 "https://pulsehost.co.uk/wp-login.php" "Mozilla/5.0 (Windows NT 6.0; Win64; x64) AppleWebKit/537.36 (KHTML, like Gecko) Chrome/65.0.3325.181 Safari/537.36 OPR/52.0.2871.99"
120.55.40.178 - - [08/Sep/2025:14:42:38 +0000] "POST /xmlrpc.php HTTP/2" 403 1242 "-" "Mozilla/5.0 (Windows NT 10.0) AppleWebKit/537.36 (KHTML, like Gecko) Chrome/66.0.3359.117 Safari/537.36"
188.166.176.134 - - [08/Sep/2025:14:42:30 +0000] "POST //wp-login.php HTTP/1.1" 200 14935 "https://pulsehost.co.uk//wp-login.php" "Mozilla/5.0 (Windows NT 10.0; Win64; x64) AppleWebKit/537.36 (KHTML, like Gecko) Chrome/88.0.4240.193 Safari/537.36"
66.249.66.164 - - [08/Sep/2025:14:42:51 +0000] "GET /?zhHant/product/surugaya/54944021?campaign_uid=f64d716db5e979ed2f947dbaf4296895b951ae7f HTTP/1.1" 200 24792 "-" "Mozilla/5.0 (Linux; Android 6.0.1; Nexus 5X Build/MMB29P) AppleWebKit/537.36 (KHTML, like Gecko) Chrome/138.0.7204.183 Mobile Safari/537.36 (compatible; GoogleOther)"
188.166.176.134 - - [08/Sep/2025:14:42:46 +0000] "POST //wp-login.php HTTP/1.1" 200 14935 "https://pulsehost.co.uk//wp-login.php" "Mozilla/5.0 (Windows NT 10.0; Win64; x64) AppleWebKit/537.36 (KHTML, like Gecko) Chrome/88.0.4240.193 Safari/537.36"
93.170.220.94 - - [08/Sep/2025:14:43:02 +0000] "GET /?shopdetail/12292750 HTTP/1.1" 301 0 "https://pulsehost.co.uk/" "Mozilla/5.0 (Macintosh; Intel Mac OS X 10_15_7) AppleWebKit/537.36 (KHTML, like Gecko) Chrome/134.0.0.0 Safari/537.36"
188.166.176.134 - - [08/Sep/2025:14:43:00 +0000] "POST //wp-login.php HTTP/1.1" 200 14935 "https://pulsehost.co.uk//wp-login.php" "Mozilla/5.0 (Windows NT 10.0; Win64; x64) AppleWebKit/537.36 (KHTML, like Gecko) Chrome/88.0.4240.193 Safari/537.36"
188.166.176.134 - - [08/Sep/2025:14:43:15 +0000] "POST //wp-login.php HTTP/1.1" 200 14935 "https://pulsehost.co.uk//wp-login.php" "Mozilla/5.0 (Windows NT 10.0; Win64; x64) AppleWebKit/537.36 (KHTML, like Gecko) Chrome/88.0.4240.193 Safari/537.36"
188.166.176.134 - - [08/Sep/2025:14:43:30 +0000] "POST //wp-login.php HTTP/1.1" 200 14935 "https://pulsehost.co.uk//wp-login.php" "Mozilla/5.0 (Windows NT 10.0; Win64; x64) AppleWebKit/537.36 (KHTML, like Gecko) Chrome/88.0.4240.193 Safari/537.36"
66.249.66.166 - - [08/Sep/2025:14:43:50 +0000] "GET /?hjoxy/l1439218.html HTTP/1.1" 200 24871 "-" "Mozilla/5.0 (Linux; Android 6.0.1; Nexus 5X Build/MMB29P) AppleWebKit/537.36 (KHTML, like Gecko) Chrome/138.0.7204.183 Mobile Safari/537.36 (compatible; Googlebot/2.1; +http://www.google.com/bot.html)"
188.166.176.134 - - [08/Sep/2025:14:43:45 +0000] "POST //wp-login.php HTTP/1.1" 200 14935 "https://pulsehost.co.uk//wp-login.php" "Mozilla/5.0 (Windows NT 10.0; Win64; x64) AppleWebKit/537.36 (KHTML, like Gecko) Chrome/88.0.4240.193 Safari/537.36"
188.166.176.134 - - [08/Sep/2025:14:44:00 +0000] "POST //wp-login.php HTTP/1.1" 200 14935 "https://pulsehost.co.uk//wp-login.php" "Mozilla/5.0 (Windows NT 10.0; Win64; x64) AppleWebKit/537.36 (KHTML, like Gecko) Chrome/88.0.4240.193 Safari/537.36"
57.141.6.69 - - [08/Sep/2025:14:44:29 +0000] "GET /?gmkxf/h882292.html HTTP/2" 301 0 "-" "meta-externalagent/1.1 (+https://developers.facebook.com/docs/sharing/webmasters/crawler)"
188.166.176.134 - - [08/Sep/2025:14:44:15 +0000] "POST //wp-login.php HTTP/1.1" 200 14935 "https://pulsehost.co.uk//wp-login.php" "Mozilla/5.0 (Windows NT 10.0; Win64; x64) AppleWebKit/537.36 (KHTML, like Gecko) Chrome/88.0.4240.193 Safari/537.36"
57.141.6.41 - - [08/Sep/2025:14:44:33 +0000] "GET /?gmkxf%2Fh882292_html HTTP/2" 200 150388 "-" "meta-externalagent/1.1 (+https://developers.facebook.com/docs/sharing/webmasters/crawler)"
188.166.176.134 - - [08/Sep/2025:14:44:30 +0000] "POST //wp-login.php HTTP/1.1" 200 14935 "https://pulsehost.co.uk//wp-login.php" "Mozilla/5.0 (Windows NT 10.0; Win64; x64) AppleWebKit/537.36 (KHTML, like Gecko) Chrome/88.0.4240.193 Safari/537.36"
66.249.66.69 - - [08/Sep/2025:14:44:47 +0000] "GET /?safe_search/config?return_url=/product/detail/54787617 HTTP/1.1" 200 27959 "-" "Mozilla/5.0 (Linux; Android 6.0.1; Nexus 5X Build/MMB29P) AppleWebKit/537.36 (KHTML, like Gecko) Chrome/138.0.7204.183 Mobile Safari/537.36 (compatible; Googlebot/2.1; +http://www.google.com/bot.html)"
66.249.66.166 - - [08/Sep/2025:14:44:25 +0000] "GET /?jiqyy/j493934.html HTTP/1.1" 200 24979 "-" "Mozilla/5.0 (Linux; Android 6.0.1; Nexus 5X Build/MMB29P) AppleWebKit/537.36 (KHTML, like Gecko) Chrome/138.0.7204.183 Mobile Safari/537.36 (compatible; GoogleOther)"
66.249.66.164 - - [08/Sep/2025:14:45:42 +0000] "GET /?zhHant/product/surugaya/45990691?campaign_uid=f64d716db5e979ed2f947dbaf4296895b951ae7f HTTP/1.1" 200 27516 "-" "Mozilla/5.0 (Linux; Android 6.0.1; Nexus 5X Build/MMB29P) AppleWebKit/537.36 (KHTML, like Gecko) Chrome/138.0.7204.183 Mobile Safari/537.36 (compatible; Googlebot/2.1; +http://www.google.com/bot.html)"
57.141.6.16 - - [08/Sep/2025:14:46:27 +0000] "GET /?exugh/m1343849.html HTTP/2" 301 0 "-" "meta-externalagent/1.1 (+https://developers.facebook.com/docs/sharing/webmasters/crawler)"
205.210.31.161 - - [08/Sep/2025:14:46:52 +0000] "GET / HTTP/1.1" 301 0 "-" "-"
188.166.176.134 - - [08/Sep/2025:14:44:45 +0000] "POST //wp-login.php HTTP/1.1" 200 14935 "https://pulsehost.co.uk//wp-login.php" "Mozilla/5.0 (Windows NT 10.0; Win64; x64) AppleWebKit/537.36 (KHTML, like Gecko) Chrome/88.0.4240.193 Safari/537.36"
188.166.176.134 - - [08/Sep/2025:14:45:00 +0000] "POST //wp-login.php HTTP/1.1" 200 14935 "https://pulsehost.co.uk//wp-login.php" "Mozilla/5.0 (Windows NT 10.0; Win64; x64) AppleWebKit/537.36 (KHTML, like Gecko) Chrome/88.0.4240.193 Safari/537.36"
188.166.176.134 - - [08/Sep/2025:14:45:18 +0000] "POST //wp-login.php HTTP/1.1" 200 14935 "https://pulsehost.co.uk//wp-login.php" "Mozilla/5.0 (Windows NT 10.0; Win64; x64) AppleWebKit/537.36 (KHTML, like Gecko) Chrome/88.0.4240.193 Safari/537.36"
188.166.176.134 - - [08/Sep/2025:14:45:30 +0000] "POST //wp-login.php HTTP/1.1" 200 14935 "https://pulsehost.co.uk//wp-login.php" "Mozilla/5.0 (Windows NT 10.0; Win64; x64) AppleWebKit/537.36 (KHTML, like Gecko) Chrome/88.0.4240.193 Safari/537.36"
66.249.66.165 - - [08/Sep/2025:14:45:59 +0000] "GET /?wsgkh/h3000618.html HTTP/1.1" 200 25150 "-" "Mozilla/5.0 (Linux; Android 6.0.1; Nexus 5X Build/MMB29P) AppleWebKit/537.36 (KHTML, like Gecko) Chrome/138.0.7204.183 Mobile Safari/537.36 (compatible; GoogleOther)"
188.166.176.134 - - [08/Sep/2025:14:45:45 +0000] "POST //wp-login.php HTTP/1.1" 200 14935 "https://pulsehost.co.uk//wp-login.php" "Mozilla/5.0 (Windows NT 10.0; Win64; x64) AppleWebKit/537.36 (KHTML, like Gecko) Chrome/88.0.4240.193 Safari/537.36"
188.166.176.134 - - [08/Sep/2025:14:46:00 +0000] "POST //wp-login.php HTTP/1.1" 200 14935 "https://pulsehost.co.uk//wp-login.php" "Mozilla/5.0 (Windows NT 10.0; Win64; x64) AppleWebKit/537.36 (KHTML, like Gecko) Chrome/88.0.4240.193 Safari/537.36"
188.166.176.134 - - [08/Sep/2025:14:46:15 +0000] "POST //wp-login.php HTTP/1.1" 200 14935 "https://pulsehost.co.uk//wp-login.php" "Mozilla/5.0 (Windows NT 10.0; Win64; x64) AppleWebKit/537.36 (KHTML, like Gecko) Chrome/88.0.4240.193 Safari/537.36"
57.141.6.44 - - [08/Sep/2025:14:46:31 +0000] "GET /?exugh%2Fm1343849_html HTTP/2" 200 150389 "-" "meta-externalagent/1.1 (+https://developers.facebook.com/docs/sharing/webmasters/crawler)"
188.166.176.134 - - [08/Sep/2025:14:46:30 +0000] "POST //wp-login.php HTTP/1.1" 200 14935 "https://pulsehost.co.uk//wp-login.php" "Mozilla/5.0 (Windows NT 10.0; Win64; x64) AppleWebKit/537.36 (KHTML, like Gecko) Chrome/88.0.4240.193 Safari/537.36"
205.210.31.161 - - [08/Sep/2025:14:46:53 +0000] "GET / HTTP/1.1" 200 150369 "-" "-"
188.166.176.134 - - [08/Sep/2025:14:46:45 +0000] "POST //wp-login.php HTTP/1.1" 200 14935 "https://pulsehost.co.uk//wp-login.php" "Mozilla/5.0 (Windows NT 10.0; Win64; x64) AppleWebKit/537.36 (KHTML, like Gecko) Chrome/88.0.4240.193 Safari/537.36"
188.166.176.134 - - [08/Sep/2025:14:47:00 +0000] "POST //wp-login.php HTTP/1.1" 200 14935 "https://pulsehost.co.uk//wp-login.php" "Mozilla/5.0 (Windows NT 10.0; Win64; x64) AppleWebKit/537.36 (KHTML, like Gecko) Chrome/88.0.4240.193 Safari/537.36"
188.166.176.134 - - [08/Sep/2025:14:47:15 +0000] "POST //wp-login.php HTTP/1.1" 200 14935 "https://pulsehost.co.uk//wp-login.php" "Mozilla/5.0 (Windows NT 10.0; Win64; x64) AppleWebKit/537.36 (KHTML, like Gecko) Chrome/88.0.4240.193 Safari/537.36"
188.166.176.134 - - [08/Sep/2025:14:47:30 +0000] "POST //wp-login.php HTTP/1.1" 200 14935 "https://pulsehost.co.uk//wp-login.php" "Mozilla/5.0 (Windows NT 10.0; Win64; x64) AppleWebKit/537.36 (KHTML, like Gecko) Chrome/88.0.4240.193 Safari/537.36"
188.166.176.134 - - [08/Sep/2025:14:47:45 +0000] "POST //wp-login.php HTTP/1.1" 200 14935 "https://pulsehost.co.uk//wp-login.php" "Mozilla/5.0 (Windows NT 10.0; Win64; x64) AppleWebKit/537.36 (KHTML, like Gecko) Chrome/88.0.4240.193 Safari/537.36"
188.166.176.134 - - [08/Sep/2025:14:48:01 +0000] "POST //wp-login.php HTTP/1.1" 200 14935 "https://pulsehost.co.uk//wp-login.php" "Mozilla/5.0 (Windows NT 10.0; Win64; x64) AppleWebKit/537.36 (KHTML, like Gecko) Chrome/88.0.4240.193 Safari/537.36"
66.249.66.166 - - [08/Sep/2025:14:48:27 +0000] "GET /?product/edit/30773548 HTTP/1.1" 200 26925 "-" "Mozilla/5.0 (Linux; Android 6.0.1; Nexus 5X Build/MMB29P) AppleWebKit/537.36 (KHTML, like Gecko) Chrome/138.0.7204.183 Mobile Safari/537.36 (compatible; Googlebot/2.1; +http://www.google.com/bot.html)"
188.166.176.134 - - [08/Sep/2025:14:48:15 +0000] "POST //wp-login.php HTTP/1.1" 200 14935 "https://pulsehost.co.uk//wp-login.php" "Mozilla/5.0 (Windows NT 10.0; Win64; x64) AppleWebKit/537.36 (KHTML, like Gecko) Chrome/88.0.4240.193 Safari/537.36"
188.166.176.134 - - [08/Sep/2025:14:48:30 +0000] "POST //wp-login.php HTTP/1.1" 200 14935 "https://pulsehost.co.uk//wp-login.php" "Mozilla/5.0 (Windows NT 10.0; Win64; x64) AppleWebKit/537.36 (KHTML, like Gecko) Chrome/88.0.4240.193 Safari/537.36"
188.166.176.134 - - [08/Sep/2025:14:48:45 +0000] "POST //wp-login.php HTTP/1.1" 200 14935 "https://pulsehost.co.uk//wp-login.php" "Mozilla/5.0 (Windows NT 10.0; Win64; x64) AppleWebKit/537.36 (KHTML, like Gecko) Chrome/88.0.4240.193 Safari/537.36"
188.166.176.134 - - [08/Sep/2025:14:49:00 +0000] "POST //wp-login.php HTTP/1.1" 200 14935 "https://pulsehost.co.uk//wp-login.php" "Mozilla/5.0 (Windows NT 10.0; Win64; x64) AppleWebKit/537.36 (KHTML, like Gecko) Chrome/88.0.4240.193 Safari/537.36"
188.166.176.134 - - [08/Sep/2025:14:49:15 +0000] "POST //wp-login.php HTTP/1.1" 200 14935 "https://pulsehost.co.uk//wp-login.php" "Mozilla/5.0 (Windows NT 10.0; Win64; x64) AppleWebKit/537.36 (KHTML, like Gecko) Chrome/88.0.4240.193 Safari/537.36"
188.166.176.134 - - [08/Sep/2025:14:49:30 +0000] "POST //wp-login.php HTTP/1.1" 200 14935 "https://pulsehost.co.uk//wp-login.php" "Mozilla/5.0 (Windows NT 10.0; Win64; x64) AppleWebKit/537.36 (KHTML, like Gecko) Chrome/88.0.4240.193 Safari/537.36"
188.166.176.134 - - [08/Sep/2025:14:49:45 +0000] "POST //wp-login.php HTTP/1.1" 200 14935 "https://pulsehost.co.uk//wp-login.php" "Mozilla/5.0 (Windows NT 10.0; Win64; x64) AppleWebKit/537.36 (KHTML, like Gecko) Chrome/88.0.4240.193 Safari/537.36"
188.166.176.134 - - [08/Sep/2025:14:50:00 +0000] "POST //wp-login.php HTTP/1.1" 200 14935 "https://pulsehost.co.uk//wp-login.php" "Mozilla/5.0 (Windows NT 10.0; Win64; x64) AppleWebKit/537.36 (KHTML, like Gecko) Chrome/88.0.4240.193 Safari/537.36"
66.249.66.69 - - [08/Sep/2025:14:50:18 +0000] "GET /?shopdetail/18156927 HTTP/1.1" 200 26639 "-" "Mozilla/5.0 (Linux; Android 6.0.1; Nexus 5X Build/MMB29P) AppleWebKit/537.36 (KHTML, like Gecko) Chrome/138.0.7204.183 Mobile Safari/537.36 (compatible; Googlebot/2.1; +http://www.google.com/bot.html)"
188.166.176.134 - - [08/Sep/2025:14:50:15 +0000] "POST //wp-login.php HTTP/1.1" 200 14935 "https://pulsehost.co.uk//wp-login.php" "Mozilla/5.0 (Windows NT 10.0; Win64; x64) AppleWebKit/537.36 (KHTML, like Gecko) Chrome/88.0.4240.193 Safari/537.36"
188.166.176.134 - - [08/Sep/2025:14:50:30 +0000] "POST //wp-login.php HTTP/1.1" 200 14935 "https://pulsehost.co.uk//wp-login.php" "Mozilla/5.0 (Windows NT 10.0; Win64; x64) AppleWebKit/537.36 (KHTML, like Gecko) Chrome/88.0.4240.193 Safari/537.36"
188.166.176.134 - - [08/Sep/2025:14:50:46 +0000] "POST //wp-login.php HTTP/1.1" 200 14935 "https://pulsehost.co.uk//wp-login.php" "Mozilla/5.0 (Windows NT 10.0; Win64; x64) AppleWebKit/537.36 (KHTML, like Gecko) Chrome/88.0.4240.193 Safari/537.36"
188.166.176.134 - - [08/Sep/2025:14:51:00 +0000] "POST //wp-login.php HTTP/1.1" 200 14935 "https://pulsehost.co.uk//wp-login.php" "Mozilla/5.0 (Windows NT 10.0; Win64; x64) AppleWebKit/537.36 (KHTML, like Gecko) Chrome/88.0.4240.193 Safari/537.36"
188.166.176.134 - - [08/Sep/2025:14:51:15 +0000] "POST //wp-login.php HTTP/1.1" 200 14935 "https://pulsehost.co.uk//wp-login.php" "Mozilla/5.0 (Windows NT 10.0; Win64; x64) AppleWebKit/537.36 (KHTML, like Gecko) Chrome/88.0.4240.193 Safari/537.36"
188.166.176.134 - - [08/Sep/2025:14:51:30 +0000] "POST //wp-login.php HTTP/1.1" 200 14935 "https://pulsehost.co.uk//wp-login.php" "Mozilla/5.0 (Windows NT 10.0; Win64; x64) AppleWebKit/537.36 (KHTML, like Gecko) Chrome/88.0.4240.193 Safari/537.36"
177.8.29.38 - - [08/Sep/2025:14:51:52 +0000] "GET /?shopdetail/4782738 HTTP/1.1" 301 0 "https://pulsehost.co.uk/" "Mozilla/5.0 (Windows NT 10.0; Win64; x64) AppleWebKit/537.36 (KHTML, like Gecko) Chrome/135.0.0.0 Safari/537.36"
143.208.101.125 - - [08/Sep/2025:14:51:53 +0000] "GET /?shopdetail/19964949 HTTP/1.1" 301 0 "https://pulsehost.co.uk/" "Mozilla/5.0 (Windows NT 10.0; Win64; x64) AppleWebKit/537.36 (KHTML, like Gecko) Chrome/132.0.0.0 Safari/537.36"
45.171.252.222 - - [08/Sep/2025:14:51:54 +0000] "GET /?shopdetail/4782738 HTTP/1.1" 301 0 "https://pulsehost.co.uk/" "Mozilla/5.0 (Windows NT 10.0; Win64; x64) AppleWebKit/537.36 (KHTML, like Gecko) Chrome/135.0.0.0 Safari/537.36"
179.106.174.188 - - [08/Sep/2025:14:51:57 +0000] "GET /?shopdetail/19964949 HTTP/1.1" 301 0 "https://pulsehost.co.uk/" "Mozilla/5.0 (Windows NT 10.0; Win64; x64) AppleWebKit/537.36 (KHTML, like Gecko) Chrome/132.0.0.0 Safari/537.36"
188.166.176.134 - - [08/Sep/2025:14:51:45 +0000] "POST //wp-login.php HTTP/1.1" 200 14935 "https://pulsehost.co.uk//wp-login.php" "Mozilla/5.0 (Windows NT 10.0; Win64; x64) AppleWebKit/537.36 (KHTML, like Gecko) Chrome/88.0.4240.193 Safari/537.36"
201.177.91.179 - - [08/Sep/2025:14:52:02 +0000] "GET /?shopdetail/28434905 HTTP/1.1" 301 0 "https://pulsehost.co.uk/" "Mozilla/5.0 (Windows NT 10.0; Win64; x64) AppleWebKit/537.36 (KHTML, like Gecko) Chrome/135.0.0.0 Safari/537.36"
201.71.27.214 - - [08/Sep/2025:14:52:07 +0000] "GET /?shopdetail/14314861 HTTP/1.1" 301 0 "https://pulsehost.co.uk/" "Mozilla/5.0 (Windows NT 10.0; Win64; x64; rv:127.0) Gecko/20100101 Firefox/127.0"
66.249.66.164 - - [08/Sep/2025:14:52:09 +0000] "GET /?product/edit/90260893 HTTP/1.1" 200 24042 "-" "Mozilla/5.0 (Linux; Android 6.0.1; Nexus 5X Build/MMB29P) AppleWebKit/537.36 (KHTML, like Gecko) Chrome/138.0.7204.183 Mobile Safari/537.36 (compatible; Googlebot/2.1; +http://www.google.com/bot.html)"
66.249.66.165 - - [08/Sep/2025:14:52:15 +0000] "GET /?jmpip/z3084460.html HTTP/1.1" 200 24609 "-" "Mozilla/5.0 (Linux; Android 6.0.1; Nexus 5X Build/MMB29P) AppleWebKit/537.36 (KHTML, like Gecko) Chrome/138.0.7204.183 Mobile Safari/537.36 (compatible; GoogleOther)"
188.166.176.134 - - [08/Sep/2025:14:52:01 +0000] "POST //wp-login.php HTTP/1.1" 200 14935 "https://pulsehost.co.uk//wp-login.php" "Mozilla/5.0 (Windows NT 10.0; Win64; x64) AppleWebKit/537.36 (KHTML, like Gecko) Chrome/88.0.4240.193 Safari/537.36"
188.166.176.134 - - [08/Sep/2025:14:52:15 +0000] "POST //wp-login.php HTTP/1.1" 200 14935 "https://pulsehost.co.uk//wp-login.php" "Mozilla/5.0 (Windows NT 10.0; Win64; x64) AppleWebKit/537.36 (KHTML, like Gecko) Chrome/88.0.4240.193 Safari/537.36"
66.249.66.196 - - [08/Sep/2025:14:52:35 +0000] "GET /robots.txt HTTP/1.1" 200 0 "-" "Mozilla/5.0 (compatible; Googlebot/2.1; +http://www.google.com/bot.html)"
177.37.142.92 - - [08/Sep/2025:14:52:39 +0000] "GET /?shopdetail/2864316 HTTP/1.1" 301 0 "https://pulsehost.co.uk/" "Mozilla/5.0 (Macintosh; Intel Mac OS X 10_15_7) AppleWebKit/537.36 (KHTML, like Gecko) Chrome/135.0.0.0 Safari/537.36"
179.127.250.194 - - [08/Sep/2025:14:52:45 +0000] "GET /?shopdetail/2864316 HTTP/1.1" 301 0 "https://pulsehost.co.uk/" "Mozilla/5.0 (Macintosh; Intel Mac OS X 10_15_7) AppleWebKit/537.36 (KHTML, like Gecko) Chrome/135.0.0.0 Safari/537.36"
188.166.176.134 - - [08/Sep/2025:14:52:30 +0000] "POST //wp-login.php HTTP/1.1" 200 14935 "https://pulsehost.co.uk//wp-login.php" "Mozilla/5.0 (Windows NT 10.0; Win64; x64) AppleWebKit/537.36 (KHTML, like Gecko) Chrome/88.0.4240.193 Safari/537.36"
188.166.176.134 - - [08/Sep/2025:14:52:45 +0000] "POST //wp-login.php HTTP/1.1" 200 14935 "https://pulsehost.co.uk//wp-login.php" "Mozilla/5.0 (Windows NT 10.0; Win64; x64) AppleWebKit/537.36 (KHTML, like Gecko) Chrome/88.0.4240.193 Safari/537.36"
57.141.6.63 - - [08/Sep/2025:14:53:08 +0000] "GET /?sciat/a943489.html HTTP/2" 301 0 "-" "meta-externalagent/1.1 (+https://developers.facebook.com/docs/sharing/webmasters/crawler)"
188.166.176.134 - - [08/Sep/2025:14:53:01 +0000] "POST //wp-login.php HTTP/1.1" 200 14935 "https://pulsehost.co.uk//wp-login.php" "Mozilla/5.0 (Windows NT 10.0; Win64; x64) AppleWebKit/537.36 (KHTML, like Gecko) Chrome/88.0.4240.193 Safari/537.36"
188.166.176.134 - - [08/Sep/2025:14:53:15 +0000] "POST //wp-login.php HTTP/1.1" 200 14935 "https://pulsehost.co.uk//wp-login.php" "Mozilla/5.0 (Windows NT 10.0; Win64; x64) AppleWebKit/537.36 (KHTML, like Gecko) Chrome/88.0.4240.193 Safari/537.36"
188.166.176.134 - - [08/Sep/2025:14:53:30 +0000] "POST //wp-login.php HTTP/1.1" 200 14935 "https://pulsehost.co.uk//wp-login.php" "Mozilla/5.0 (Windows NT 10.0; Win64; x64) AppleWebKit/537.36 (KHTML, like Gecko) Chrome/88.0.4240.193 Safari/537.36"
188.166.176.134 - - [08/Sep/2025:14:53:45 +0000] "POST //wp-login.php HTTP/1.1" 200 14935 "https://pulsehost.co.uk//wp-login.php" "Mozilla/5.0 (Windows NT 10.0; Win64; x64) AppleWebKit/537.36 (KHTML, like Gecko) Chrome/88.0.4240.193 Safari/537.36"
66.249.66.69 - - [08/Sep/2025:14:54:00 +0000] "GET /?shopdetail/22996149 HTTP/1.1" 200 25300 "-" "Mozilla/5.0 (Linux; Android 6.0.1; Nexus 5X Build/MMB29P) AppleWebKit/537.36 (KHTML, like Gecko) Chrome/138.0.7204.183 Mobile Safari/537.36 (compatible; Googlebot/2.1; +http://www.google.com/bot.html)"
188.166.176.134 - - [08/Sep/2025:14:54:00 +0000] "POST //wp-login.php HTTP/1.1" 200 14935 "https://pulsehost.co.uk//wp-login.php" "Mozilla/5.0 (Windows NT 10.0; Win64; x64) AppleWebKit/537.36 (KHTML, like Gecko) Chrome/88.0.4240.193 Safari/537.36"
213.180.203.206 - - [08/Sep/2025:14:54:16 +0000] "GET /robots.txt HTTP/1.1" 200 1070 "-" "Mozilla/5.0 (compatible; YandexBot/3.0; +http://yandex.com/bots)"
35.209.108.223 - - [08/Sep/2025:14:54:27 +0000] "POST /xmlrpc.php HTTP/2" 403 1242 "-" "Mozilla/5.0 (Windows NT 6.3; Win64; x64) AppleWebKit/537.36 (KHTML, like Gecko) Chrome/67.0.3396.87 Safari/537.36"
188.166.176.134 - - [08/Sep/2025:14:54:15 +0000] "POST //wp-login.php HTTP/1.1" 200 14935 "https://pulsehost.co.uk//wp-login.php" "Mozilla/5.0 (Windows NT 10.0; Win64; x64) AppleWebKit/537.36 (KHTML, like Gecko) Chrome/88.0.4240.193 Safari/537.36"
35.209.108.223 - - [08/Sep/2025:14:54:33 +0000] "POST /xmlrpc.php HTTP/2" 403 1242 "-" "Mozilla/5.0 (Windows NT 6.3; Win64; x64) AppleWebKit/537.36 (KHTML, like Gecko) Chrome/67.0.3396.87 Safari/537.36"
35.209.108.223 - - [08/Sep/2025:14:54:39 +0000] "POST /xmlrpc.php HTTP/2" 403 1242 "-" "Mozilla/5.0 (Windows NT 6.3; Win64; x64) AppleWebKit/537.36 (KHTML, like Gecko) Chrome/67.0.3396.87 Safari/537.36"
35.209.108.223 - - [08/Sep/2025:14:54:40 +0000] "POST /xmlrpc.php HTTP/2" 403 1242 "-" "Mozilla/5.0 (Windows NT 6.3; Win64; x64) AppleWebKit/537.36 (KHTML, like Gecko) Chrome/67.0.3396.87 Safari/537.36"
66.249.66.164 - - [08/Sep/2025:14:47:33 +0000] "GET /?zhHant/product/surugaya/12193784?campaign_uid=f64d716db5e979ed2f947dbaf4296895b951ae7f HTTP/1.1" 200 27115 "-" "Mozilla/5.0 (Linux; Android 6.0.1; Nexus 5X Build/MMB29P) AppleWebKit/537.36 (KHTML, like Gecko) Chrome/138.0.7204.183 Mobile Safari/537.36 (compatible; GoogleOther)"
66.249.66.164 - - [08/Sep/2025:14:48:41 +0000] "GET /?hkpdf/t110366.html HTTP/1.1" 200 25635 "-" "Mozilla/5.0 (Linux; Android 6.0.1; Nexus 5X Build/MMB29P) AppleWebKit/537.36 (KHTML, like Gecko) Chrome/138.0.7204.183 Mobile Safari/537.36 (compatible; GoogleOther)"
66.249.66.165 - - [08/Sep/2025:14:49:07 +0000] "GET /?zhHant/product/surugaya/88580222?campaign_uid=f64d716db5e979ed2f947dbaf4296895b951ae7f HTTP/1.1" 200 25752 "-" "Mozilla/5.0 (Linux; Android 6.0.1; Nexus 5X Build/MMB29P) AppleWebKit/537.36 (KHTML, like Gecko) Chrome/138.0.7204.183 Mobile Safari/537.36 (compatible; GoogleOther)"
57.141.6.58 - - [08/Sep/2025:14:50:08 +0000] "GET /?xgire/x991118.html HTTP/2" 301 0 "-" "meta-externalagent/1.1 (+https://developers.facebook.com/docs/sharing/webmasters/crawler)"
57.141.6.31 - - [08/Sep/2025:14:50:13 +0000] "GET /?xgire%2Fx991118_html HTTP/2" 200 150388 "-" "meta-externalagent/1.1 (+https://developers.facebook.com/docs/sharing/webmasters/crawler)"
66.249.66.164 - - [08/Sep/2025:14:50:41 +0000] "GET /?ihoqn/j264328.html HTTP/1.1" 200 25411 "-" "Mozilla/5.0 (Linux; Android 6.0.1; Nexus 5X Build/MMB29P) AppleWebKit/537.36 (KHTML, like Gecko) Chrome/138.0.7204.183 Mobile Safari/537.36 (compatible; GoogleOther)"
160.238.190.245 - - [08/Sep/2025:14:51:59 +0000] "GET /?shopdetail/28434905 HTTP/1.1" 301 0 "https://pulsehost.co.uk/" "Mozilla/5.0 (Windows NT 10.0; Win64; x64) AppleWebKit/537.36 (KHTML, like Gecko) Chrome/135.0.0.0 Safari/537.36"
66.249.66.68 - - [08/Sep/2025:14:52:08 +0000] "GET /?shopdetail/1746194 HTTP/1.1" 200 24845 "-" "Mozilla/5.0 (Linux; Android 6.0.1; Nexus 5X Build/MMB29P) AppleWebKit/537.36 (KHTML, like Gecko) Chrome/138.0.7204.183 Mobile Safari/537.36 (compatible; Googlebot/2.1; +http://www.google.com/bot.html)"
170.78.23.176 - - [08/Sep/2025:14:52:13 +0000] "GET /?shopdetail/14314861 HTTP/1.1" 301 0 "https://pulsehost.co.uk/" "Mozilla/5.0 (Windows NT 10.0; Win64; x64; rv:127.0) Gecko/20100101 Firefox/127.0"
66.249.66.165 - - [08/Sep/2025:14:53:04 +0000] "GET /?product/edit/78894619 HTTP/1.1" 200 25062 "-" "Mozilla/5.0 (Linux; Android 6.0.1; Nexus 5X Build/MMB29P) AppleWebKit/537.36 (KHTML, like Gecko) Chrome/138.0.7204.183 Mobile Safari/537.36 (compatible; Googlebot/2.1; +http://www.google.com/bot.html)"
57.141.6.12 - - [08/Sep/2025:14:53:12 +0000] "GET /?sciat%2Fa943489_html HTTP/2" 200 150388 "-" "meta-externalagent/1.1 (+https://developers.facebook.com/docs/sharing/webmasters/crawler)"
66.249.66.165 - - [08/Sep/2025:14:53:49 +0000] "GET /?zhHant/product/surugaya/17761440?campaign_uid=f64d716db5e979ed2f947dbaf4296895b951ae7f HTTP/1.1" 200 24908 "-" "Mozilla/5.0 (Linux; Android 6.0.1; Nexus 5X Build/MMB29P) AppleWebKit/537.36 (KHTML, like Gecko) Chrome/138.0.7204.183 Mobile Safari/537.36 (compatible; GoogleOther)"
87.250.224.39 - - [08/Sep/2025:14:54:17 +0000] "GET /client-area/?ccce=cart&a=add&pid=4&systpl=six&language=romanian HTTP/1.1" 403 0 "-" "Mozilla/5.0 (compatible; YandexBot/3.0; +http://yandex.com/bots)"
35.209.108.223 - - [08/Sep/2025:14:54:25 +0000] "POST /xmlrpc.php HTTP/2" 403 1242 "-" "Mozilla/5.0 (Windows NT 6.3; Win64; x64) AppleWebKit/537.36 (KHTML, like Gecko) Chrome/67.0.3396.87 Safari/537.36"
35.209.108.223 - - [08/Sep/2025:14:54:29 +0000] "POST /xmlrpc.php HTTP/2" 403 1242 "-" "Mozilla/5.0 (Windows NT 6.3; Win64; x64) AppleWebKit/537.36 (KHTML, like Gecko) Chrome/67.0.3396.87 Safari/537.36"
43.133.45.19 - - [08/Sep/2025:14:54:47 +0000] "GET /enhance-wellness-by-doing-something-different-with-nlp/ HTTP/1.1" 404 12952 "-" "Mozilla/5.0 (Windows NT 10.0; Win64; x64) AppleWebKit/537.36 (KHTML, like Gecko) Chrome/131.0.0.0 Safari/537.36"
