45.61.184.72 - - [08/Sep/2025:12:40:22 +0000] "GET /wp-login.php HTTP/1.1" 200 3630 "-" "Mozilla/5.0 (Windows NT 6.3; WOW64) AppleWebKit/537.36 (KHTML, like Gecko) Chrome/35.0.1916.153 Safari/537.36"
18.97.14.88 - - [08/Sep/2025:12:40:22 +0000] "GET /?hlwrf%2Fo256063_html HTTP/2" 200 19060 "-" "CCBot/2.0 (https://commoncrawl.org/faq/)"
18.97.14.88 - - [08/Sep/2025:12:40:55 +0000] "GET /?xzmrh/y1916251.html HTTP/2" 301 0 "-" "CCBot/2.0 (https://commoncrawl.org/faq/)"
18.97.14.88 - - [08/Sep/2025:12:40:56 +0000] "GET /?xzmrh%2Fy1916251_html HTTP/2" 200 19071 "-" "CCBot/2.0 (https://commoncrawl.org/faq/)"
57.141.6.2 - - [08/Sep/2025:12:41:00 +0000] "GET /?anozv/m1953237.html HTTP/2" 301 0 "-" "meta-externalagent/1.1 (+https://developers.facebook.com/docs/sharing/webmasters/crawler)"
57.141.6.67 - - [08/Sep/2025:12:41:03 +0000] "GET /?anozv%2Fm1953237_html HTTP/2" 200 150389 "-" "meta-externalagent/1.1 (+https://developers.facebook.com/docs/sharing/webmasters/crawler)"
57.141.6.66 - - [08/Sep/2025:12:41:14 +0000] "GET /?mhhqs/e713549.html HTTP/2" 301 0 "-" "meta-externalagent/1.1 (+https://developers.facebook.com/docs/sharing/webmasters/crawler)"
57.141.6.51 - - [08/Sep/2025:12:41:18 +0000] "GET /?iqoot/a2556581.html HTTP/2" 301 0 "-" "meta-externalagent/1.1 (+https://developers.facebook.com/docs/sharing/webmasters/crawler)"
187.54.71.189 - - [08/Sep/2025:12:41:25 +0000] "GET /?shopdetail/14429983 HTTP/1.1" 301 0 "https://pulsehost.co.uk/" "Mozilla/5.0 (Macintosh; Intel Mac OS X 10_15_7) AppleWebKit/537.36 (KHTML, like Gecko) Chrome/134.0.0.0 Safari/537.36"
18.97.14.88 - - [08/Sep/2025:12:41:28 +0000] "GET /?lqksw/i2267911.html HTTP/2" 301 0 "-" "CCBot/2.0 (https://commoncrawl.org/faq/)"
18.97.14.88 - - [08/Sep/2025:12:41:29 +0000] "GET /?lqksw%2Fi2267911_html HTTP/2" 200 19069 "-" "CCBot/2.0 (https://commoncrawl.org/faq/)"
57.141.6.17 - - [08/Sep/2025:12:39:49 +0000] "GET /?jzbvu/c2826281.html HTTP/2" 301 0 "-" "meta-externalagent/1.1 (+https://developers.facebook.com/docs/sharing/webmasters/crawler)"
216.73.216.161 - - [08/Sep/2025:12:39:54 +0000] "GET /robots.txt HTTP/2" 200 140 "-" "Mozilla/5.0 AppleWebKit/537.36 (KHTML, like Gecko; compatible; ClaudeBot/1.0; +claudebot@anthropic.com)"
181.117.184.63 - - [08/Sep/2025:12:40:23 +0000] "GET /?shopdetail/17817372 HTTP/1.1" 301 0 "https://pulsehost.co.uk/" "Mozilla/5.0 (Windows NT 10.0; Win64; x64) AppleWebKit/537.36 (KHTML, like Gecko) Chrome/135.0.0.0 Safari/537.36 Edg/135.0.0.0"
66.249.66.193 - - [08/Sep/2025:12:41:06 +0000] "GET /?shopdetail/4072183 HTTP/1.1" 200 24611 "-" "Mozilla/5.0 (Linux; Android 6.0.1; Nexus 5X Build/MMB29P) AppleWebKit/537.36 (KHTML, like Gecko) Chrome/138.0.7204.183 Mobile Safari/537.36 (compatible; Googlebot/2.1; +http://www.google.com/bot.html)"
57.141.6.13 - - [08/Sep/2025:12:41:17 +0000] "GET /?mhhqs%2Fe713549_html HTTP/2" 200 150388 "-" "meta-externalagent/1.1 (+https://developers.facebook.com/docs/sharing/webmasters/crawler)"
187.95.25.103 - - [08/Sep/2025:12:41:21 +0000] "GET /?shopdetail/14429983 HTTP/1.1" 301 0 "https://pulsehost.co.uk/" "Mozilla/5.0 (Macintosh; Intel Mac OS X 10_15_7) AppleWebKit/537.36 (KHTML, like Gecko) Chrome/134.0.0.0 Safari/537.36"
57.141.6.37 - - [08/Sep/2025:12:41:22 +0000] "GET /?iqoot%2Fa2556581_html HTTP/2" 200 150389 "-" "meta-externalagent/1.1 (+https://developers.facebook.com/docs/sharing/webmasters/crawler)"
57.141.6.66 - - [08/Sep/2025:12:41:26 +0000] "GET /?jsdnr/r2355462.html HTTP/2" 301 0 "-" "meta-externalagent/1.1 (+https://developers.facebook.com/docs/sharing/webmasters/crawler)"
57.141.6.29 - - [08/Sep/2025:12:41:28 +0000] "GET /?aopdz/n896208.html HTTP/2" 301 0 "-" "meta-externalagent/1.1 (+https://developers.facebook.com/docs/sharing/webmasters/crawler)"
45.228.191.69 - - [08/Sep/2025:12:41:37 +0000] "GET /?shopdetail/4896861 HTTP/1.1" 301 0 "https://www.pulsehost.co.uk/" "Mozilla/5.0 (Windows NT 10.0; Win64; x64) AppleWebKit/537.36 (KHTML, like Gecko) Chrome/135.0.0.0 Safari/537.36"
216.73.216.161 - - [08/Sep/2025:12:42:25 +0000] "GET / HTTP/2" 403 0 "-" "Mozilla/5.0 AppleWebKit/537.36 (KHTML, like Gecko; compatible; ClaudeBot/1.0; +claudebot@anthropic.com)"
57.141.6.2 - - [08/Sep/2025:12:42:35 +0000] "GET /?fzwsq%2Fe1058543_html HTTP/2" 200 150389 "-" "meta-externalagent/1.1 (+https://developers.facebook.com/docs/sharing/webmasters/crawler)"
66.249.66.165 - - [08/Sep/2025:12:42:41 +0000] "GET /?shopdetail/3067450 HTTP/1.1" 200 24868 "-" "Mozilla/5.0 (Linux; Android 6.0.1; Nexus 5X Build/MMB29P) AppleWebKit/537.36 (KHTML, like Gecko) Chrome/138.0.7204.183 Mobile Safari/537.36 (compatible; Googlebot/2.1; +http://www.google.com/bot.html)"
57.141.6.71 - - [08/Sep/2025:12:42:50 +0000] "GET /?ffbue/x2194502.html HTTP/2" 301 0 "-" "meta-externalagent/1.1 (+https://developers.facebook.com/docs/sharing/webmasters/crawler)"
57.141.6.4 - - [08/Sep/2025:12:42:54 +0000] "GET /?ffbue%2Fx2194502_html HTTP/2" 200 150389 "-" "meta-externalagent/1.1 (+https://developers.facebook.com/docs/sharing/webmasters/crawler)"
66.249.66.193 - - [08/Sep/2025:12:43:36 +0000] "GET /?zhHant/product/surugaya/74014903?campaign_uid=f64d716db5e979ed2f947dbaf4296895b951ae7f HTTP/1.1" 200 25065 "-" "Mozilla/5.0 (Linux; Android 6.0.1; Nexus 5X Build/MMB29P) AppleWebKit/537.36 (KHTML, like Gecko) Chrome/138.0.7204.183 Mobile Safari/537.36 (compatible; Googlebot/2.1; +http://www.google.com/bot.html)"
57.141.6.49 - - [08/Sep/2025:12:43:44 +0000] "GET /?ljjtp/s156565.html HTTP/2" 301 0 "-" "meta-externalagent/1.1 (+https://developers.facebook.com/docs/sharing/webmasters/crawler)"
57.141.6.3 - - [08/Sep/2025:12:43:51 +0000] "GET /?atqfc%2Fy1932319_html HTTP/2" 200 150389 "-" "meta-externalagent/1.1 (+https://developers.facebook.com/docs/sharing/webmasters/crawler)"
57.141.6.46 - - [08/Sep/2025:12:43:53 +0000] "GET /?fmecm/t2074144.html HTTP/2" 301 0 "-" "meta-externalagent/1.1 (+https://developers.facebook.com/docs/sharing/webmasters/crawler)"
57.141.6.12 - - [08/Sep/2025:12:41:29 +0000] "GET /?jsdnr%2Fr2355462_html HTTP/2" 200 150389 "-" "meta-externalagent/1.1 (+https://developers.facebook.com/docs/sharing/webmasters/crawler)"
57.141.6.57 - - [08/Sep/2025:12:41:32 +0000] "GET /?aopdz%2Fn896208_html HTTP/2" 200 150388 "-" "meta-externalagent/1.1 (+https://developers.facebook.com/docs/sharing/webmasters/crawler)"
177.37.248.94 - - [08/Sep/2025:12:41:40 +0000] "GET /?shopdetail/8363650 HTTP/1.1" 301 0 "https://pulsehost.co.uk/" "Mozilla/5.0 (X11; Linux x86_64; rv:125.0) Gecko/20100101 Firefox/125.0"
187.73.201.78 - - [08/Sep/2025:12:41:45 +0000] "GET /?shopdetail/4896861 HTTP/1.1" 301 0 "https://www.pulsehost.co.uk/" "Mozilla/5.0 (Windows NT 10.0; Win64; x64) AppleWebKit/537.36 (KHTML, like Gecko) Chrome/135.0.0.0 Safari/537.36"
170.246.209.244 - - [08/Sep/2025:12:41:45 +0000] "GET /?shopdetail/8363650 HTTP/1.1" 301 0 "https://pulsehost.co.uk/" "Mozilla/5.0 (X11; Linux x86_64; rv:125.0) Gecko/20100101 Firefox/125.0"
18.97.14.88 - - [08/Sep/2025:12:42:01 +0000] "GET /?mswwb/z2444312.html HTTP/2" 301 0 "-" "CCBot/2.0 (https://commoncrawl.org/faq/)"
18.97.14.88 - - [08/Sep/2025:12:42:02 +0000] "GET /?mswwb%2Fz2444312_html HTTP/2" 200 19070 "-" "CCBot/2.0 (https://commoncrawl.org/faq/)"
57.141.6.61 - - [08/Sep/2025:12:42:30 +0000] "GET /?vcraz/n549368.html HTTP/2" 301 0 "-" "meta-externalagent/1.1 (+https://developers.facebook.com/docs/sharing/webmasters/crawler)"
57.141.6.50 - - [08/Sep/2025:12:42:31 +0000] "GET /?fzwsq/e1058543.html HTTP/2" 301 0 "-" "meta-externalagent/1.1 (+https://developers.facebook.com/docs/sharing/webmasters/crawler)"
57.141.6.28 - - [08/Sep/2025:12:42:33 +0000] "GET /?vcraz%2Fn549368_html HTTP/2" 200 150388 "-" "meta-externalagent/1.1 (+https://developers.facebook.com/docs/sharing/webmasters/crawler)"
18.97.14.88 - - [08/Sep/2025:12:42:37 +0000] "GET /blog/page/2/ HTTP/2" 200 12630 "-" "CCBot/2.0 (https://commoncrawl.org/faq/)"
66.249.66.165 - - [08/Sep/2025:12:42:40 +0000] "GET /?pjnom/e1965945.html HTTP/1.1" 200 28372 "-" "Mozilla/5.0 (Linux; Android 6.0.1; Nexus 5X Build/MMB29P) AppleWebKit/537.36 (KHTML, like Gecko) Chrome/138.0.7204.183 Mobile Safari/537.36 (compatible; GoogleOther)"
18.97.14.88 - - [08/Sep/2025:12:43:10 +0000] "GET /?bmnhu/a1460837.html HTTP/2" 301 0 "-" "CCBot/2.0 (https://commoncrawl.org/faq/)"
18.97.14.88 - - [08/Sep/2025:12:43:10 +0000] "GET /?bmnhu%2Fa1460837_html HTTP/2" 200 19069 "-" "CCBot/2.0 (https://commoncrawl.org/faq/)"
66.249.66.164 - - [08/Sep/2025:12:43:22 +0000] "GET /?pdfgk/a2076441.html HTTP/1.1" 200 27034 "-" "Mozilla/5.0 (Linux; Android 6.0.1; Nexus 5X Build/MMB29P) AppleWebKit/537.36 (KHTML, like Gecko) Chrome/138.0.7204.183 Mobile Safari/537.36 (compatible; GoogleOther)"
18.97.14.88 - - [08/Sep/2025:12:43:43 +0000] "GET /?ijsxd/t2891038.html HTTP/2" 301 0 "-" "CCBot/2.0 (https://commoncrawl.org/faq/)"
18.97.14.88 - - [08/Sep/2025:12:43:43 +0000] "GET /?ijsxd%2Ft2891038_html HTTP/2" 200 19068 "-" "CCBot/2.0 (https://commoncrawl.org/faq/)"
57.141.6.71 - - [08/Sep/2025:12:43:45 +0000] "GET /?atqfc/y1932319.html HTTP/2" 301 0 "-" "meta-externalagent/1.1 (+https://developers.facebook.com/docs/sharing/webmasters/crawler)"
57.141.6.27 - - [08/Sep/2025:12:43:49 +0000] "GET /?ljjtp%2Fs156565_html HTTP/2" 200 150388 "-" "meta-externalagent/1.1 (+https://developers.facebook.com/docs/sharing/webmasters/crawler)"
57.141.6.38 - - [08/Sep/2025:12:44:03 +0000] "GET /?zlyqe/r2412142.html HTTP/2" 301 0 "-" "meta-externalagent/1.1 (+https://developers.facebook.com/docs/sharing/webmasters/crawler)"
18.97.14.88 - - [08/Sep/2025:12:44:15 +0000] "GET /?moqjj/i1390801.html HTTP/2" 301 0 "-" "CCBot/2.0 (https://commoncrawl.org/faq/)"
18.97.14.88 - - [08/Sep/2025:12:44:15 +0000] "GET /?moqjj%2Fi1390801_html HTTP/2" 200 19068 "-" "CCBot/2.0 (https://commoncrawl.org/faq/)"
57.141.6.59 - - [08/Sep/2025:12:44:17 +0000] "GET /?bkpvf/s739693.html HTTP/2" 301 0 "-" "meta-externalagent/1.1 (+https://developers.facebook.com/docs/sharing/webmasters/crawler)"
66.249.66.193 - - [08/Sep/2025:12:44:32 +0000] "GET /?product/edit/11601948 HTTP/1.1" 200 25827 "-" "Mozilla/5.0 (Linux; Android 6.0.1; Nexus 5X Build/MMB29P) AppleWebKit/537.36 (KHTML, like Gecko) Chrome/138.0.7204.183 Mobile Safari/537.36 (compatible; Googlebot/2.1; +http://www.google.com/bot.html)"
18.97.14.88 - - [08/Sep/2025:12:44:48 +0000] "GET /?zknuz/m1477411.html HTTP/2" 301 0 "-" "CCBot/2.0 (https://commoncrawl.org/faq/)"
18.97.14.88 - - [08/Sep/2025:12:44:48 +0000] "GET /?zknuz%2Fm1477411_html HTTP/2" 200 19068 "-" "CCBot/2.0 (https://commoncrawl.org/faq/)"
57.141.6.50 - - [08/Sep/2025:12:44:55 +0000] "GET /?uuvrt/w1327349.html HTTP/2" 301 0 "-" "meta-externalagent/1.1 (+https://developers.facebook.com/docs/sharing/webmasters/crawler)"
57.141.6.35 - - [08/Sep/2025:12:45:00 +0000] "GET /?uuvrt%2Fw1327349_html HTTP/2" 200 150389 "-" "meta-externalagent/1.1 (+https://developers.facebook.com/docs/sharing/webmasters/crawler)"
18.97.14.88 - - [08/Sep/2025:12:45:22 +0000] "GET /service/video-production-services/ HTTP/2" 200 13507 "-" "CCBot/2.0 (https://commoncrawl.org/faq/)"
18.97.14.88 - - [08/Sep/2025:12:45:55 +0000] "GET /?gwfrv/y1130401.html HTTP/2" 301 0 "-" "CCBot/2.0 (https://commoncrawl.org/faq/)"
18.97.14.88 - - [08/Sep/2025:12:45:56 +0000] "GET /?gwfrv%2Fy1130401_html HTTP/2" 200 19070 "-" "CCBot/2.0 (https://commoncrawl.org/faq/)"
18.97.14.88 - - [08/Sep/2025:12:46:26 +0000] "GET /?xdbmi/c1488737.html HTTP/2" 301 0 "-" "CCBot/2.0 (https://commoncrawl.org/faq/)"
18.97.14.88 - - [08/Sep/2025:12:46:26 +0000] "GET /?xdbmi%2Fc1488737_html HTTP/2" 200 19070 "-" "CCBot/2.0 (https://commoncrawl.org/faq/)"
18.97.14.88 - - [08/Sep/2025:12:46:57 +0000] "GET /?llnrb/e2272561.html HTTP/2" 301 0 "-" "CCBot/2.0 (https://commoncrawl.org/faq/)"
18.97.14.88 - - [08/Sep/2025:12:46:57 +0000] "GET /?llnrb%2Fe2272561_html HTTP/2" 200 19068 "-" "CCBot/2.0 (https://commoncrawl.org/faq/)"
66.249.66.192 - - [08/Sep/2025:12:47:20 +0000] "GET /?zhHant/product/surugaya/22733408?campaign_uid=f64d716db5e979ed2f947dbaf4296895b951ae7f HTTP/1.1" 200 24422 "-" "Mozilla/5.0 (Linux; Android 6.0.1; Nexus 5X Build/MMB29P) AppleWebKit/537.36 (KHTML, like Gecko) Chrome/138.0.7204.183 Mobile Safari/537.36 (compatible; Googlebot/2.1; +http://www.google.com/bot.html)"
18.97.14.88 - - [08/Sep/2025:12:47:27 +0000] "GET /?wpgyl/y1251301.html HTTP/2" 301 0 "-" "CCBot/2.0 (https://commoncrawl.org/faq/)"
18.97.14.88 - - [08/Sep/2025:12:47:28 +0000] "GET /?wpgyl%2Fy1251301_html HTTP/2" 200 19070 "-" "CCBot/2.0 (https://commoncrawl.org/faq/)"
18.97.14.88 - - [08/Sep/2025:12:47:57 +0000] "GET /project/designing-a-meeting-scheduler-app-for-timesync/ HTTP/2" 200 13983 "-" "CCBot/2.0 (https://commoncrawl.org/faq/)"
66.249.66.192 - - [08/Sep/2025:12:48:15 +0000] "GET /?cbvhk/p2756458.html HTTP/1.1" 200 24154 "-" "Mozilla/5.0 (Linux; Android 6.0.1; Nexus 5X Build/MMB29P) AppleWebKit/537.36 (KHTML, like Gecko) Chrome/138.0.7204.183 Mobile Safari/537.36 (compatible; Googlebot/2.1; +http://www.google.com/bot.html)"
18.97.14.88 - - [08/Sep/2025:12:48:26 +0000] "GET /?uojke/z1235312.html HTTP/2" 301 0 "-" "CCBot/2.0 (https://commoncrawl.org/faq/)"
18.97.14.88 - - [08/Sep/2025:12:48:27 +0000] "GET /?uojke%2Fz1235312_html HTTP/2" 200 19068 "-" "CCBot/2.0 (https://commoncrawl.org/faq/)"
18.97.14.88 - - [08/Sep/2025:12:48:55 +0000] "GET /?xbobw/r2363236.html HTTP/2" 301 0 "-" "CCBot/2.0 (https://commoncrawl.org/faq/)"
18.97.14.88 - - [08/Sep/2025:12:48:55 +0000] "GET /?xbobw%2Fr2363236_html HTTP/2" 200 19070 "-" "CCBot/2.0 (https://commoncrawl.org/faq/)"
18.97.14.88 - - [08/Sep/2025:12:49:24 +0000] "GET /?odqrg/b1988326.html HTTP/2" 301 0 "-" "CCBot/2.0 (https://commoncrawl.org/faq/)"
18.97.14.88 - - [08/Sep/2025:12:49:24 +0000] "GET /?odqrg%2Fb1988326_html HTTP/2" 200 19069 "-" "CCBot/2.0 (https://commoncrawl.org/faq/)"
18.97.14.88 - - [08/Sep/2025:12:49:54 +0000] "GET /?wuuhl/h2495462.html HTTP/2" 301 0 "-" "CCBot/2.0 (https://commoncrawl.org/faq/)"
57.141.6.53 - - [08/Sep/2025:12:43:56 +0000] "GET /?fmecm%2Ft2074144_html HTTP/2" 200 150389 "-" "meta-externalagent/1.1 (+https://developers.facebook.com/docs/sharing/webmasters/crawler)"
57.141.6.2 - - [08/Sep/2025:12:44:08 +0000] "GET /?zlyqe%2Fr2412142_html HTTP/2" 200 150389 "-" "meta-externalagent/1.1 (+https://developers.facebook.com/docs/sharing/webmasters/crawler)"
57.141.6.6 - - [08/Sep/2025:12:44:23 +0000] "GET /?bkpvf%2Fs739693_html HTTP/2" 200 150388 "-" "meta-externalagent/1.1 (+https://developers.facebook.com/docs/sharing/webmasters/crawler)"
66.249.66.192 - - [08/Sep/2025:12:45:27 +0000] "GET /?product/edit/43152603 HTTP/1.1" 200 24561 "-" "Mozilla/5.0 (Linux; Android 6.0.1; Nexus 5X Build/MMB29P) AppleWebKit/537.36 (KHTML, like Gecko) Chrome/138.0.7204.183 Mobile Safari/537.36 (compatible; Googlebot/2.1; +http://www.google.com/bot.html)"
43.129.66.88 - - [08/Sep/2025:12:45:35 +0000] "GET /do-your-self-realizations-quickly-fade/ HTTP/1.1" 404 12936 "-" "Mozilla/5.0 (Windows NT 10.0; Win64; x64) AppleWebKit/537.36 (KHTML, like Gecko) Chrome/116.0.0.0 Safari/537.36"
57.141.6.59 - - [08/Sep/2025:12:46:17 +0000] "GET /?gbdsy/s2936719.html HTTP/2" 301 0 "-" "meta-externalagent/1.1 (+https://developers.facebook.com/docs/sharing/webmasters/crawler)"
57.141.6.6 - - [08/Sep/2025:12:46:20 +0000] "GET /?gbdsy%2Fs2936719_html HTTP/2" 200 150389 "-" "meta-externalagent/1.1 (+https://developers.facebook.com/docs/sharing/webmasters/crawler)"
66.249.66.194 - - [08/Sep/2025:12:46:23 +0000] "GET /?zhHant/product/surugaya/38387057?campaign_uid=f64d716db5e979ed2f947dbaf4296895b951ae7f HTTP/1.1" 200 24811 "-" "Mozilla/5.0 (Linux; Android 6.0.1; Nexus 5X Build/MMB29P) AppleWebKit/537.36 (KHTML, like Gecko) Chrome/138.0.7204.183 Mobile Safari/537.36 (compatible; Googlebot/2.1; +http://www.google.com/bot.html)"
66.249.66.194 - - [08/Sep/2025:12:46:23 +0000] "GET /?zibcw/c2785825.html HTTP/1.1" 200 25235 "-" "Mozilla/5.0 (Linux; Android 6.0.1; Nexus 5X Build/MMB29P) AppleWebKit/537.36 (KHTML, like Gecko) Chrome/138.0.7204.183 Mobile Safari/537.36 (compatible; Googlebot/2.1; +http://www.google.com/bot.html)"
66.249.66.193 - - [08/Sep/2025:12:46:24 +0000] "GET /?zhHant/product/surugaya/57390550?campaign_uid=f64d716db5e979ed2f947dbaf4296895b951ae7f HTTP/1.1" 200 24335 "-" "Mozilla/5.0 (Linux; Android 6.0.1; Nexus 5X Build/MMB29P) AppleWebKit/537.36 (KHTML, like Gecko) Chrome/138.0.7204.183 Mobile Safari/537.36 (compatible; Googlebot/2.1; +http://www.google.com/bot.html)"
57.141.6.23 - - [08/Sep/2025:12:46:31 +0000] "GET /?vzpjd/r1089964.html HTTP/2" 301 0 "-" "meta-externalagent/1.1 (+https://developers.facebook.com/docs/sharing/webmasters/crawler)"
57.141.6.23 - - [08/Sep/2025:12:46:34 +0000] "GET /?vzpjd%2Fr1089964_html HTTP/2" 200 150389 "-" "meta-externalagent/1.1 (+https://developers.facebook.com/docs/sharing/webmasters/crawler)"
66.249.66.164 - - [08/Sep/2025:12:50:05 +0000] "GET /?ssbwo/k1293877.html HTTP/1.1" 200 24415 "-" "Mozilla/5.0 (Linux; Android 6.0.1; Nexus 5X Build/MMB29P) AppleWebKit/537.36 (KHTML, like Gecko) Chrome/138.0.7204.183 Mobile Safari/537.36 (compatible; Googlebot/2.1; +http://www.google.com/bot.html)"
18.97.14.88 - - [08/Sep/2025:12:49:54 +0000] "GET /?wuuhl%2Fh2495462_html HTTP/2" 200 19070 "-" "CCBot/2.0 (https://commoncrawl.org/faq/)"
18.97.14.88 - - [08/Sep/2025:12:50:27 +0000] "GET /?hfvuy/q1684037.html HTTP/2" 301 0 "-" "CCBot/2.0 (https://commoncrawl.org/faq/)"
18.97.14.88 - - [08/Sep/2025:12:50:27 +0000] "GET /?hfvuy%2Fq1684037_html HTTP/2" 200 19070 "-" "CCBot/2.0 (https://commoncrawl.org/faq/)"
18.97.14.88 - - [08/Sep/2025:12:50:57 +0000] "GET /?uejjc/x1540186.html HTTP/2" 301 0 "-" "CCBot/2.0 (https://commoncrawl.org/faq/)"
18.97.14.88 - - [08/Sep/2025:12:50:57 +0000] "GET /?uejjc%2Fx1540186_html HTTP/2" 200 19069 "-" "CCBot/2.0 (https://commoncrawl.org/faq/)"
18.97.14.88 - - [08/Sep/2025:12:51:26 +0000] "GET /?whjro/x2523688.html HTTP/2" 301 0 "-" "CCBot/2.0 (https://commoncrawl.org/faq/)"
18.97.14.88 - - [08/Sep/2025:12:51:27 +0000] "GET /?whjro%2Fx2523688_html HTTP/2" 200 19071 "-" "CCBot/2.0 (https://commoncrawl.org/faq/)"
18.97.14.88 - - [08/Sep/2025:12:51:56 +0000] "GET /?ufooh/z923338.html HTTP/2" 301 0 "-" "CCBot/2.0 (https://commoncrawl.org/faq/)"
18.97.14.88 - - [08/Sep/2025:12:51:57 +0000] "GET /?ufooh%2Fz923338_html HTTP/2" 200 19062 "-" "CCBot/2.0 (https://commoncrawl.org/faq/)"
201.150.149.209 - - [08/Sep/2025:12:52:05 +0000] "GET /?shopdetail/18535350 HTTP/1.1" 301 0 "https://www.pulsehost.co.uk/" "Mozilla/5.0 (Macintosh; Intel Mac OS X 10_15_7) AppleWebKit/537.36 (KHTML, like Gecko) Chrome/135.0.0.0 Safari/537.36"
18.97.14.88 - - [08/Sep/2025:12:52:31 +0000] "GET /?hkejt/p2486162.html HTTP/2" 301 0 "-" "CCBot/2.0 (https://commoncrawl.org/faq/)"
18.97.14.88 - - [08/Sep/2025:12:52:32 +0000] "GET /?hkejt%2Fp2486162_html HTTP/2" 200 19072 "-" "CCBot/2.0 (https://commoncrawl.org/faq/)"
18.97.14.88 - - [08/Sep/2025:12:53:06 +0000] "GET /category/ui-ux-design/ HTTP/2" 200 12384 "-" "CCBot/2.0 (https://commoncrawl.org/faq/)"
18.97.14.88 - - [08/Sep/2025:12:53:38 +0000] "GET /?nsptn/i2026111.html HTTP/2" 301 0 "-" "CCBot/2.0 (https://commoncrawl.org/faq/)"
18.97.14.88 - - [08/Sep/2025:12:53:39 +0000] "GET /?nsptn%2Fi2026111_html HTTP/2" 200 19068 "-" "CCBot/2.0 (https://commoncrawl.org/faq/)"
66.249.66.193 - - [08/Sep/2025:12:53:48 +0000] "GET /?product/edit/69283954 HTTP/1.1" 200 25373 "-" "Mozilla/5.0 (Linux; Android 6.0.1; Nexus 5X Build/MMB29P) AppleWebKit/537.36 (KHTML, like Gecko) Chrome/138.0.7204.183 Mobile Safari/537.36 (compatible; Googlebot/2.1; +http://www.google.com/bot.html)"
57.141.6.75 - - [08/Sep/2025:12:54:05 +0000] "GET /?xltlo%2Ff437768_html HTTP/2" 200 150388 "-" "meta-externalagent/1.1 (+https://developers.facebook.com/docs/sharing/webmasters/crawler)"
18.97.14.88 - - [08/Sep/2025:12:54:10 +0000] "GET /2025/05/13/how-to-balance-vibrancy-and-professionalism/ HTTP/2" 200 14682 "-" "CCBot/2.0 (https://commoncrawl.org/faq/)"
18.97.14.88 - - [08/Sep/2025:12:54:36 +0000] "GET /?sidnd/w2539963.html HTTP/2" 301 0 "-" "CCBot/2.0 (https://commoncrawl.org/faq/)"
18.97.14.88 - - [08/Sep/2025:12:54:36 +0000] "GET /?sidnd%2Fw2539963_html HTTP/2" 200 19070 "-" "CCBot/2.0 (https://commoncrawl.org/faq/)"
66.249.66.192 - - [08/Sep/2025:12:54:43 +0000] "GET /?zhHant/product/surugaya/20872972?campaign_uid=f64d716db5e979ed2f947dbaf4296895b951ae7f HTTP/1.1" 200 26594 "-" "Mozilla/5.0 (Linux; Android 6.0.1; Nexus 5X Build/MMB29P) AppleWebKit/537.36 (KHTML, like Gecko) Chrome/138.0.7204.183 Mobile Safari/537.36 (compatible; Googlebot/2.1; +http://www.google.com/bot.html)"
189.63.41.6 - - [08/Sep/2025:12:54:44 +0000] "GET /?shopdetail/11880783 HTTP/1.1" 301 0 "https://www.pulsehost.co.uk/" "Mozilla/5.0 (Macintosh; Intel Mac OS X 10_15_7) AppleWebKit/605.1.15 (KHTML, like Gecko) Version/18.3.1 Safari/605.1.15"
66.249.66.192 - - [08/Sep/2025:12:54:45 +0000] "GET /?product/edit/27012968 HTTP/1.1" 200 25198 "-" "Mozilla/5.0 (Linux; Android 6.0.1; Nexus 5X Build/MMB29P) AppleWebKit/537.36 (KHTML, like Gecko) Chrome/138.0.7204.183 Mobile Safari/537.36 (compatible; Googlebot/2.1; +http://www.google.com/bot.html)"
181.66.151.233 - - [08/Sep/2025:12:54:47 +0000] "GET /?shopdetail/11880783 HTTP/1.1" 301 0 "https://www.pulsehost.co.uk/" "Mozilla/5.0 (Macintosh; Intel Mac OS X 10_15_7) AppleWebKit/605.1.15 (KHTML, like Gecko) Version/18.3.1 Safari/605.1.15"
18.97.14.88 - - [08/Sep/2025:12:55:05 +0000] "GET /?lsujc/u2072611.html HTTP/2" 301 0 "-" "CCBot/2.0 (https://commoncrawl.org/faq/)"
66.249.66.193 - - [08/Sep/2025:12:51:01 +0000] "GET /?zhHant/product/surugaya/69435876?campaign_uid=f64d716db5e979ed2f947dbaf4296895b951ae7f HTTP/1.1" 200 25546 "-" "Mozilla/5.0 (Linux; Android 6.0.1; Nexus 5X Build/MMB29P) AppleWebKit/537.36 (KHTML, like Gecko) Chrome/138.0.7204.183 Mobile Safari/537.36 (compatible; Googlebot/2.1; +http://www.google.com/bot.html)"
109.205.183.172 - - [08/Sep/2025:12:51:23 +0000] "GET / HTTP/1.0" 301 0 "-" "nvdorz"
168.90.17.254 - - [08/Sep/2025:12:52:02 +0000] "GET /?shopdetail/18535350 HTTP/1.1" 301 0 "https://www.pulsehost.co.uk/" "Mozilla/5.0 (Macintosh; Intel Mac OS X 10_15_7) AppleWebKit/537.36 (KHTML, like Gecko) Chrome/135.0.0.0 Safari/537.36"
47.82.11.59 - - [08/Sep/2025:12:53:09 +0000] "GET /?shopdetail/28355950 HTTP/1.1" 301 0 "https://pulsehost.co.uk/" "Mozilla/5.0 (Windows NT 10.0; Win64; x64) AppleWebKit/537.36 (KHTML, like Gecko) Chrome/135.0.0.0 Safari/537.36"
47.82.11.59 - - [08/Sep/2025:12:53:09 +0000] "GET /?shopdetail/28355950 HTTP/1.1" 301 0 "https://pulsehost.co.uk/" "Mozilla/5.0 (Windows NT 10.0; Win64; x64) AppleWebKit/537.36 (KHTML, like Gecko) Chrome/135.0.0.0 Safari/537.36"
57.141.6.63 - - [08/Sep/2025:12:53:28 +0000] "GET /?auzvn/x887924.html HTTP/2" 301 0 "-" "meta-externalagent/1.1 (+https://developers.facebook.com/docs/sharing/webmasters/crawler)"
57.141.6.4 - - [08/Sep/2025:12:53:32 +0000] "GET /?auzvn%2Fx887924_html HTTP/2" 200 150388 "-" "meta-externalagent/1.1 (+https://developers.facebook.com/docs/sharing/webmasters/crawler)"
57.141.6.27 - - [08/Sep/2025:12:54:01 +0000] "GET /?xltlo/f437768.html HTTP/2" 301 0 "-" "meta-externalagent/1.1 (+https://developers.facebook.com/docs/sharing/webmasters/crawler)"
66.249.66.166 - - [08/Sep/2025:12:54:44 +0000] "GET /?zhHant/product/surugaya/50214185?campaign_uid=f64d716db5e979ed2f947dbaf4296895b951ae7f HTTP/1.1" 200 25302 "-" "Mozilla/5.0 (Linux; Android 6.0.1; Nexus 5X Build/MMB29P) AppleWebKit/537.36 (KHTML, like Gecko) Chrome/138.0.7204.183 Mobile Safari/537.36 (compatible; Googlebot/2.1; +http://www.google.com/bot.html)"
66.249.66.194 - - [08/Sep/2025:12:54:45 +0000] "GET /?zhHant/product/surugaya/33888904?campaign_uid=f64d716db5e979ed2f947dbaf4296895b951ae7f HTTP/1.1" 200 24810 "-" "Mozilla/5.0 (Linux; Android 6.0.1; Nexus 5X Build/MMB29P) AppleWebKit/537.36 (KHTML, like Gecko) Chrome/138.0.7204.183 Mobile Safari/537.36 (compatible; Googlebot/2.1; +http://www.google.com/bot.html)"
66.249.66.194 - - [08/Sep/2025:12:54:46 +0000] "GET /?product/edit/65725442 HTTP/1.1" 200 24645 "-" "Mozilla/5.0 (Linux; Android 6.0.1; Nexus 5X Build/MMB29P) AppleWebKit/537.36 (KHTML, like Gecko) Chrome/138.0.7204.183 Mobile Safari/537.36 (compatible; Googlebot/2.1; +http://www.google.com/bot.html)"
57.141.6.8 - - [08/Sep/2025:12:56:24 +0000] "GET /?ixqlb/y521143.html HTTP/2" 301 0 "-" "meta-externalagent/1.1 (+https://developers.facebook.com/docs/sharing/webmasters/crawler)"
47.236.244.156 - - [08/Sep/2025:12:56:29 +0000] "GET /wp-login.php HTTP/2" 200 3630 "-" "Mozilla/5.0 (Windows NT 10.0; Trident/7.0; rv:11.0) like Gecko"
47.236.244.156 - - [08/Sep/2025:12:56:30 +0000] "POST /wp-login.php HTTP/2" 200 3767 "https://pulsehost.co.uk/wp-login.php" "Mozilla/5.0 (Windows NT 10.0; Trident/7.0; rv:11.0) like Gecko"
66.249.66.164 - - [08/Sep/2025:12:56:36 +0000] "GET /?product/edit/86064218 HTTP/1.1" 200 24352 "-" "Mozilla/5.0 (Linux; Android 6.0.1; Nexus 5X Build/MMB29P) AppleWebKit/537.36 (KHTML, like Gecko) Chrome/138.0.7204.183 Mobile Safari/537.36 (compatible; Googlebot/2.1; +http://www.google.com/bot.html)"
57.141.6.23 - - [08/Sep/2025:12:57:25 +0000] "GET /?eiyhy%2Ft1765758_html HTTP/2" 200 150389 "-" "meta-externalagent/1.1 (+https://developers.facebook.com/docs/sharing/webmasters/crawler)"
66.249.66.193 - - [08/Sep/2025:12:58:27 +0000] "GET /?product/edit/32846074 HTTP/1.1" 200 26862 "-" "Mozilla/5.0 (Linux; Android 6.0.1; Nexus 5X Build/MMB29P) AppleWebKit/537.36 (KHTML, like Gecko) Chrome/138.0.7204.183 Mobile Safari/537.36 (compatible; Googlebot/2.1; +http://www.google.com/bot.html)"
18.97.14.88 - - [08/Sep/2025:12:55:06 +0000] "GET /?lsujc%2Fu2072611_html HTTP/2" 200 19068 "-" "CCBot/2.0 (https://commoncrawl.org/faq/)"
18.97.14.88 - - [08/Sep/2025:12:55:35 +0000] "GET /project/creating-a-crm-mobile-app-for-salespulse/ HTTP/2" 200 13958 "-" "CCBot/2.0 (https://commoncrawl.org/faq/)"
18.97.14.88 - - [08/Sep/2025:12:56:05 +0000] "GET /?xllwf/m2263261.html HTTP/2" 301 0 "-" "CCBot/2.0 (https://commoncrawl.org/faq/)"
18.97.14.88 - - [08/Sep/2025:12:56:06 +0000] "GET /?xllwf%2Fm2263261_html HTTP/2" 200 19070 "-" "CCBot/2.0 (https://commoncrawl.org/faq/)"
57.141.6.46 - - [08/Sep/2025:12:56:22 +0000] "GET /?eipxj/p1391510.html HTTP/2" 301 0 "-" "meta-externalagent/1.1 (+https://developers.facebook.com/docs/sharing/webmasters/crawler)"
57.141.6.16 - - [08/Sep/2025:12:56:26 +0000] "GET /?eipxj%2Fp1391510_html HTTP/2" 200 150389 "-" "meta-externalagent/1.1 (+https://developers.facebook.com/docs/sharing/webmasters/crawler)"
57.141.6.17 - - [08/Sep/2025:12:56:28 +0000] "GET /?ixqlb%2Fy521143_html HTTP/2" 200 150388 "-" "meta-externalagent/1.1 (+https://developers.facebook.com/docs/sharing/webmasters/crawler)"
18.97.14.88 - - [08/Sep/2025:12:56:36 +0000] "GET /service/3d-modeling-rendering/ HTTP/2" 200 13519 "-" "CCBot/2.0 (https://commoncrawl.org/faq/)"
18.97.14.88 - - [08/Sep/2025:12:57:04 +0000] "GET /?cfepx/i1542511.html HTTP/2" 301 0 "-" "CCBot/2.0 (https://commoncrawl.org/faq/)"
18.97.14.88 - - [08/Sep/2025:12:57:04 +0000] "GET /?cfepx%2Fi1542511_html HTTP/2" 200 19070 "-" "CCBot/2.0 (https://commoncrawl.org/faq/)"
57.141.6.57 - - [08/Sep/2025:12:57:21 +0000] "GET /?eiyhy/t1765758.html HTTP/2" 301 0 "-" "meta-externalagent/1.1 (+https://developers.facebook.com/docs/sharing/webmasters/crawler)"
57.141.6.12 - - [08/Sep/2025:12:57:29 +0000] "GET /?lpyal/u198791.html HTTP/2" 301 0 "-" "meta-externalagent/1.1 (+https://developers.facebook.com/docs/sharing/webmasters/crawler)"
66.249.66.192 - - [08/Sep/2025:12:57:32 +0000] "GET /?product/edit/12427380 HTTP/1.1" 200 25424 "-" "Mozilla/5.0 (Linux; Android 6.0.1; Nexus 5X Build/MMB29P) AppleWebKit/537.36 (KHTML, like Gecko) Chrome/138.0.7204.183 Mobile Safari/537.36 (compatible; Googlebot/2.1; +http://www.google.com/bot.html)"
18.97.14.88 - - [08/Sep/2025:12:57:34 +0000] "GET /service/brand-identity-design/ HTTP/2" 200 13482 "-" "CCBot/2.0 (https://commoncrawl.org/faq/)"
57.141.6.17 - - [08/Sep/2025:12:57:35 +0000] "GET /?lpyal%2Fu198791_html HTTP/2" 200 150388 "-" "meta-externalagent/1.1 (+https://developers.facebook.com/docs/sharing/webmasters/crawler)"
18.97.14.88 - - [08/Sep/2025:12:58:04 +0000] "GET /?tjune/r146788.html HTTP/2" 301 0 "-" "CCBot/2.0 (https://commoncrawl.org/faq/)"
18.97.14.88 - - [08/Sep/2025:12:58:04 +0000] "GET /?tjune%2Fr146788_html HTTP/2" 200 19060 "-" "CCBot/2.0 (https://commoncrawl.org/faq/)"
57.141.6.49 - - [08/Sep/2025:12:58:07 +0000] "GET /?kzcyl/d1003058.html HTTP/2" 301 0 "-" "meta-externalagent/1.1 (+https://developers.facebook.com/docs/sharing/webmasters/crawler)"
57.141.6.19 - - [08/Sep/2025:12:58:12 +0000] "GET /?kzcyl%2Fd1003058_html HTTP/2" 200 150389 "-" "meta-externalagent/1.1 (+https://developers.facebook.com/docs/sharing/webmasters/crawler)"
18.97.14.88 - - [08/Sep/2025:12:58:34 +0000] "GET /project/developing-a-document-scanner-app-for-quickpdf/ HTTP/2" 200 13977 "-" "CCBot/2.0 (https://commoncrawl.org/faq/)"
18.97.14.88 - - [08/Sep/2025:12:59:02 +0000] "GET /?haquf/v1421312.html HTTP/2" 301 0 "-" "CCBot/2.0 (https://commoncrawl.org/faq/)"
18.97.14.88 - - [08/Sep/2025:12:59:02 +0000] "GET /?haquf%2Fv1421312_html HTTP/2" 200 19070 "-" "CCBot/2.0 (https://commoncrawl.org/faq/)"
66.249.66.192 - - [08/Sep/2025:12:59:24 +0000] "GET /?safe_search/config?return_url=/product/detail/81027206 HTTP/1.1" 200 27560 "-" "Mozilla/5.0 (Linux; Android 6.0.1; Nexus 5X Build/MMB29P) AppleWebKit/537.36 (KHTML, like Gecko) Chrome/138.0.7204.183 Mobile Safari/537.36 (compatible; Googlebot/2.1; +http://www.google.com/bot.html)"
66.249.66.192 - - [08/Sep/2025:12:59:24 +0000] "GET /?product/edit/51438797 HTTP/1.1" 200 25250 "-" "Mozilla/5.0 (Linux; Android 6.0.1; Nexus 5X Build/MMB29P) AppleWebKit/537.36 (KHTML, like Gecko) Chrome/138.0.7204.183 Mobile Safari/537.36 (compatible; Googlebot/2.1; +http://www.google.com/bot.html)"
18.97.14.88 - - [08/Sep/2025:12:59:30 +0000] "GET /?achbq/c1790701.html HTTP/2" 301 0 "-" "CCBot/2.0 (https://commoncrawl.org/faq/)"
18.97.14.88 - - [08/Sep/2025:12:59:30 +0000] "GET /?achbq%2Fc1790701_html HTTP/2" 200 19068 "-" "CCBot/2.0 (https://commoncrawl.org/faq/)"
57.141.6.3 - - [08/Sep/2025:12:59:31 +0000] "GET /?xsfdq%2Fo2895089_html HTTP/2" 200 150389 "-" "meta-externalagent/1.1 (+https://developers.facebook.com/docs/sharing/webmasters/crawler)"
18.97.14.88 - - [08/Sep/2025:12:59:59 +0000] "GET /?tigvf/f1500362.html HTTP/2" 301 0 "-" "CCBot/2.0 (https://commoncrawl.org/faq/)"
18.97.14.88 - - [08/Sep/2025:13:00:00 +0000] "GET /?tigvf%2Ff1500362_html HTTP/2" 200 19070 "-" "CCBot/2.0 (https://commoncrawl.org/faq/)"
18.97.14.88 - - [08/Sep/2025:13:00:29 +0000] "GET /?umzri/i1209451.html HTTP/2" 301 0 "-" "CCBot/2.0 (https://commoncrawl.org/faq/)"
18.97.14.88 - - [08/Sep/2025:13:00:30 +0000] "GET /?umzri%2Fi1209451_html HTTP/2" 200 19070 "-" "CCBot/2.0 (https://commoncrawl.org/faq/)"
18.97.14.88 - - [08/Sep/2025:13:00:59 +0000] "GET /?zhmzj/a2156311.html HTTP/2" 301 0 "-" "CCBot/2.0 (https://commoncrawl.org/faq/)"
18.97.14.88 - - [08/Sep/2025:13:01:00 +0000] "GET /?zhmzj%2Fa2156311_html HTTP/2" 200 19068 "-" "CCBot/2.0 (https://commoncrawl.org/faq/)"
57.141.6.26 - - [08/Sep/2025:13:01:24 +0000] "GET /?sqjnx/u731167.html HTTP/2" 301 0 "-" "meta-externalagent/1.1 (+https://developers.facebook.com/docs/sharing/webmasters/crawler)"
18.97.14.88 - - [08/Sep/2025:13:01:29 +0000] "GET /?csoln/f2467562.html HTTP/2" 301 0 "-" "CCBot/2.0 (https://commoncrawl.org/faq/)"
18.97.14.88 - - [08/Sep/2025:13:01:30 +0000] "GET /?csoln%2Ff2467562_html HTTP/2" 200 19070 "-" "CCBot/2.0 (https://commoncrawl.org/faq/)"
92.205.64.28 - - [08/Sep/2025:13:01:40 +0000] "POST /xmlrpc.php HTTP/2" 403 1242 "-" "Mozilla/5.0 (SAP NetWeaverBusinessClient; Windows NT 6.2; WOW64; Trident/7.0; rv:11.0) like Gecko"
92.205.64.28 - - [08/Sep/2025:13:01:41 +0000] "POST /xmlrpc.php HTTP/2" 403 1242 "-" "Mozilla/5.0 (SAP NetWeaverBusinessClient; Windows NT 6.2; WOW64; Trident/7.0; rv:11.0) like Gecko"
92.205.64.28 - - [08/Sep/2025:13:01:41 +0000] "POST /xmlrpc.php HTTP/2" 403 1242 "-" "Mozilla/5.0 (SAP NetWeaverBusinessClient; Windows NT 6.2; WOW64; Trident/7.0; rv:11.0) like Gecko"
18.97.14.88 - - [08/Sep/2025:13:02:00 +0000] "GET /2025/05/13/color-mistakes-that-ruin-conversion-rates/ HTTP/2" 200 14675 "-" "CCBot/2.0 (https://commoncrawl.org/faq/)"
66.249.66.193 - - [08/Sep/2025:13:02:11 +0000] "GET /?zhHant/product/surugaya/65490468?campaign_uid=f64d716db5e979ed2f947dbaf4296895b951ae7f HTTP/1.1" 200 25732 "-" "Mozilla/5.0 (Linux; Android 6.0.1; Nexus 5X Build/MMB29P) AppleWebKit/537.36 (KHTML, like Gecko) Chrome/138.0.7204.183 Mobile Safari/537.36 (compatible; Googlebot/2.1; +http://www.google.com/bot.html)"
201.46.20.12 - - [08/Sep/2025:13:02:14 +0000] "GET /?shopdetail/25048738 HTTP/1.1" 301 0 "https://pulsehost.co.uk/" "Mozilla/5.0 (Windows NT 10.0; Win64; x64) AppleWebKit/537.36 (KHTML, like Gecko) Chrome/135.0.0.0 Safari/537.36"
18.97.14.88 - - [08/Sep/2025:13:02:31 +0000] "GET /?owogu/o2351611.html HTTP/2" 301 0 "-" "CCBot/2.0 (https://commoncrawl.org/faq/)"
18.97.14.88 - - [08/Sep/2025:13:02:31 +0000] "GET /?owogu%2Fo2351611_html HTTP/2" 200 19069 "-" "CCBot/2.0 (https://commoncrawl.org/faq/)"
18.97.14.88 - - [08/Sep/2025:13:03:01 +0000] "GET /?nxdln/t1937176.html HTTP/2" 301 0 "-" "CCBot/2.0 (https://commoncrawl.org/faq/)"
18.97.14.88 - - [08/Sep/2025:13:03:01 +0000] "GET /?nxdln%2Ft1937176_html HTTP/2" 200 19070 "-" "CCBot/2.0 (https://commoncrawl.org/faq/)"
57.141.6.8 - - [08/Sep/2025:13:03:03 +0000] "GET /?tnqtq%2Fe2204337_html HTTP/2" 200 150389 "-" "meta-externalagent/1.1 (+https://developers.facebook.com/docs/sharing/webmasters/crawler)"
66.249.66.194 - - [08/Sep/2025:12:58:28 +0000] "GET /?zhHant/product/surugaya/83052772?campaign_uid=f64d716db5e979ed2f947dbaf4296895b951ae7f HTTP/1.1" 200 25168 "-" "Mozilla/5.0 (Linux; Android 6.0.1; Nexus 5X Build/MMB29P) AppleWebKit/537.36 (KHTML, like Gecko) Chrome/138.0.7204.183 Mobile Safari/537.36 (compatible; Googlebot/2.1; +http://www.google.com/bot.html)"
57.141.6.5 - - [08/Sep/2025:12:59:26 +0000] "GET /?xsfdq/o2895089.html HTTP/2" 301 0 "-" "meta-externalagent/1.1 (+https://developers.facebook.com/docs/sharing/webmasters/crawler)"
3.149.59.26 - - [08/Sep/2025:13:00:24 +0000] "GET / HTTP/1.1" 301 0 "-" "Mozilla/5.0 (Macintosh; Intel Mac OS X 10_15_7) Chrome/126.0.0.0 Safari/537.36"
156.228.125.86 - - [08/Sep/2025:13:00:31 +0000] "GET / HTTP/1.1" 200 37464 "-" "Mozilla/5.0 (Windows NT 10.0; Win64; x64) AppleWebKit/537.36 (KHTML, like Gecko) Chrome/107.0.0.0 Safari/537.36"
156.228.125.86 - - [08/Sep/2025:13:00:32 +0000] "POST /login/?login_only=1 HTTP/1.1" 401 38 "-" "Mozilla/5.0 (Windows NT 10.0; Win64; x64) AppleWebKit/537.36 (KHTML, like Gecko) Chrome/107.0.0.0 Safari/537.36"
66.249.66.166 - - [08/Sep/2025:13:01:14 +0000] "GET /?product/edit/13025187 HTTP/1.1" 200 26977 "-" "Mozilla/5.0 (Linux; Android 6.0.1; Nexus 5X Build/MMB29P) AppleWebKit/537.36 (KHTML, like Gecko) Chrome/138.0.7204.183 Mobile Safari/537.36 (compatible; Googlebot/2.1; +http://www.google.com/bot.html)"
57.141.6.3 - - [08/Sep/2025:13:01:27 +0000] "GET /?sqjnx%2Fu731167_html HTTP/2" 200 150388 "-" "meta-externalagent/1.1 (+https://developers.facebook.com/docs/sharing/webmasters/crawler)"
92.205.64.28 - - [08/Sep/2025:13:01:39 +0000] "POST /xmlrpc.php HTTP/2" 403 1242 "-" "Mozilla/5.0 (SAP NetWeaverBusinessClient; Windows NT 6.2; WOW64; Trident/7.0; rv:11.0) like Gecko"
92.205.64.28 - - [08/Sep/2025:13:01:40 +0000] "POST /xmlrpc.php HTTP/2" 403 1242 "-" "Mozilla/5.0 (SAP NetWeaverBusinessClient; Windows NT 6.2; WOW64; Trident/7.0; rv:11.0) like Gecko"
92.205.64.28 - - [08/Sep/2025:13:01:41 +0000] "POST /xmlrpc.php HTTP/2" 403 1242 "-" "Mozilla/5.0 (SAP NetWeaverBusinessClient; Windows NT 6.2; WOW64; Trident/7.0; rv:11.0) like Gecko"
66.249.66.192 - - [08/Sep/2025:13:02:10 +0000] "GET /?product/edit/88230830 HTTP/1.1" 200 24432 "-" "Mozilla/5.0 (Linux; Android 6.0.1; Nexus 5X Build/MMB29P) AppleWebKit/537.36 (KHTML, like Gecko) Chrome/138.0.7204.183 Mobile Safari/537.36 (compatible; Googlebot/2.1; +http://www.google.com/bot.html)"
143.255.3.122 - - [08/Sep/2025:13:02:10 +0000] "GET /?shopdetail/25048738 HTTP/1.1" 301 0 "https://pulsehost.co.uk/" "Mozilla/5.0 (Windows NT 10.0; Win64; x64) AppleWebKit/537.36 (KHTML, like Gecko) Chrome/135.0.0.0 Safari/537.36"
57.141.6.48 - - [08/Sep/2025:13:02:58 +0000] "GET /?tnqtq/e2204337.html HTTP/2" 301 0 "-" "meta-externalagent/1.1 (+https://developers.facebook.com/docs/sharing/webmasters/crawler)"
103.124.95.161 - - [08/Sep/2025:13:03:27 +0000] "GET /wp-login.php HTTP/2" 200 3630 "-" "Mozilla/4.0 (compatible; MSIE 7.0; Windows NT 6.1; Win64; x64; Trident/7.0; .NET CLR 2.0.50727; SLCC2; .NET CLR 3.5.30729; .NET CLR 3.0.30729; Media Center PC 6.0; .NET4.0C; .NET4.0E; InfoPath.3; Tablet PC 2.0)"
103.124.95.161 - - [08/Sep/2025:13:03:28 +0000] "POST /wp-login.php HTTP/2" 200 3767 "https://pulsehost.co.uk/wp-login.php" "Mozilla/4.0 (compatible; MSIE 7.0; Windows NT 6.1; Win64; x64; Trident/7.0; .NET CLR 2.0.50727; SLCC2; .NET CLR 3.5.30729; .NET CLR 3.0.30729; Media Center PC 6.0; .NET4.0C; .NET4.0E; InfoPath.3; Tablet PC 2.0)"
57.141.6.2 - - [08/Sep/2025:13:03:58 +0000] "GET /?qvdyx/n1384358.html HTTP/2" 301 0 "-" "meta-externalagent/1.1 (+https://developers.facebook.com/docs/sharing/webmasters/crawler)"
66.249.66.194 - - [08/Sep/2025:13:04:01 +0000] "GET /?shopdetail/1000183 HTTP/1.1" 200 26675 "-" "Mozilla/5.0 (Linux; Android 6.0.1; Nexus 5X Build/MMB29P) AppleWebKit/537.36 (KHTML, like Gecko) Chrome/138.0.7204.183 Mobile Safari/537.36 (compatible; Googlebot/2.1; +http://www.google.com/bot.html)"
18.97.14.88 - - [08/Sep/2025:13:03:29 +0000] "GET /?wgtwi/c1337911.html HTTP/2" 301 0 "-" "CCBot/2.0 (https://commoncrawl.org/faq/)"
18.97.14.88 - - [08/Sep/2025:13:03:30 +0000] "GET /?wgtwi%2Fc1337911_html HTTP/2" 200 19070 "-" "CCBot/2.0 (https://commoncrawl.org/faq/)"
57.141.6.40 - - [08/Sep/2025:13:03:38 +0000] "GET /?drkec/m1586767.html HTTP/2" 301 0 "-" "meta-externalagent/1.1 (+https://developers.facebook.com/docs/sharing/webmasters/crawler)"
57.141.6.27 - - [08/Sep/2025:13:03:49 +0000] "GET /?drkec%2Fm1586767_html HTTP/2" 200 150389 "-" "meta-externalagent/1.1 (+https://developers.facebook.com/docs/sharing/webmasters/crawler)"
18.97.14.88 - - [08/Sep/2025:13:03:58 +0000] "GET /?fhcck/s614113.html HTTP/2" 301 0 "-" "CCBot/2.0 (https://commoncrawl.org/faq/)"
18.97.14.88 - - [08/Sep/2025:13:03:58 +0000] "GET /?fhcck%2Fs614113_html HTTP/2" 200 19061 "-" "CCBot/2.0 (https://commoncrawl.org/faq/)"
57.141.6.56 - - [08/Sep/2025:13:04:24 +0000] "GET /?yhlhf%2Fr908614_html HTTP/2" 200 150388 "-" "meta-externalagent/1.1 (+https://developers.facebook.com/docs/sharing/webmasters/crawler)"
18.97.14.88 - - [08/Sep/2025:13:04:25 +0000] "GET /?gsvij/h2011576.html HTTP/2" 301 0 "-" "CCBot/2.0 (https://commoncrawl.org/faq/)"
18.97.14.88 - - [08/Sep/2025:13:04:25 +0000] "GET /?gsvij%2Fh2011576_html HTTP/2" 200 19069 "-" "CCBot/2.0 (https://commoncrawl.org/faq/)"
18.97.14.88 - - [08/Sep/2025:13:04:53 +0000] "GET /?redirected=1 HTTP/2" 200 19062 "-" "CCBot/2.0 (https://commoncrawl.org/faq/)"
57.141.6.41 - - [08/Sep/2025:13:05:09 +0000] "GET /?nnblt/n169508.html HTTP/2" 301 0 "-" "meta-externalagent/1.1 (+https://developers.facebook.com/docs/sharing/webmasters/crawler)"
18.97.14.88 - - [08/Sep/2025:13:05:23 +0000] "GET /?naqdo/p118888.html HTTP/2" 301 0 "-" "CCBot/2.0 (https://commoncrawl.org/faq/)"
18.97.14.88 - - [08/Sep/2025:13:05:23 +0000] "GET /?naqdo%2Fp118888_html HTTP/2" 200 19060 "-" "CCBot/2.0 (https://commoncrawl.org/faq/)"
66.249.66.194 - - [08/Sep/2025:13:05:51 +0000] "GET /?shopdetail/21531972 HTTP/1.1" 200 25784 "-" "Mozilla/5.0 (Linux; Android 6.0.1; Nexus 5X Build/MMB29P) AppleWebKit/537.36 (KHTML, like Gecko) Chrome/138.0.7204.183 Mobile Safari/537.36 (compatible; Googlebot/2.1; +http://www.google.com/bot.html)"
18.97.14.88 - - [08/Sep/2025:13:05:55 +0000] "GET /?nrbgi/o800113.html HTTP/2" 301 0 "-" "CCBot/2.0 (https://commoncrawl.org/faq/)"
18.97.14.88 - - [08/Sep/2025:13:05:55 +0000] "GET /?nrbgi%2Fo800113_html HTTP/2" 200 19061 "-" "CCBot/2.0 (https://commoncrawl.org/faq/)"
57.141.6.8 - - [08/Sep/2025:13:06:04 +0000] "GET /?eeaim%2Fh1305442_html HTTP/2" 200 150389 "-" "meta-externalagent/1.1 (+https://developers.facebook.com/docs/sharing/webmasters/crawler)"
18.97.14.88 - - [08/Sep/2025:13:06:25 +0000] "GET /?tyeqk/a1097851.html HTTP/2" 301 0 "-" "CCBot/2.0 (https://commoncrawl.org/faq/)"
18.97.14.88 - - [08/Sep/2025:13:06:25 +0000] "GET /?tyeqk%2Fa1097851_html HTTP/2" 200 19069 "-" "CCBot/2.0 (https://commoncrawl.org/faq/)"
57.141.6.56 - - [08/Sep/2025:13:06:43 +0000] "GET /?kfuwr%2Fv416412_html HTTP/2" 200 150388 "-" "meta-externalagent/1.1 (+https://developers.facebook.com/docs/sharing/webmasters/crawler)"
18.97.14.88 - - [08/Sep/2025:13:06:54 +0000] "GET /category/development/ HTTP/2" 200 12206 "-" "CCBot/2.0 (https://commoncrawl.org/faq/)"
57.141.6.57 - - [08/Sep/2025:13:04:03 +0000] "GET /?qvdyx%2Fn1384358_html HTTP/2" 200 150389 "-" "meta-externalagent/1.1 (+https://developers.facebook.com/docs/sharing/webmasters/crawler)"
57.141.6.4 - - [08/Sep/2025:13:04:20 +0000] "GET /?yhlhf/r908614.html HTTP/2" 301 0 "-" "meta-externalagent/1.1 (+https://developers.facebook.com/docs/sharing/webmasters/crawler)"
57.141.6.50 - - [08/Sep/2025:13:05:12 +0000] "GET /?nnblt%2Fn169508_html HTTP/2" 200 150388 "-" "meta-externalagent/1.1 (+https://developers.facebook.com/docs/sharing/webmasters/crawler)"
57.141.6.16 - - [08/Sep/2025:13:06:00 +0000] "GET /?eeaim/h1305442.html HTTP/2" 301 0 "-" "meta-externalagent/1.1 (+https://developers.facebook.com/docs/sharing/webmasters/crawler)"
57.141.6.59 - - [08/Sep/2025:13:06:39 +0000] "GET /?kfuwr/v416412.html HTTP/2" 301 0 "-" "meta-externalagent/1.1 (+https://developers.facebook.com/docs/sharing/webmasters/crawler)"
216.73.216.161 - - [08/Sep/2025:13:06:59 +0000] "GET / HTTP/2" 403 0 "-" "Mozilla/5.0 AppleWebKit/537.36 (KHTML, like Gecko; compatible; ClaudeBot/1.0; +claudebot@anthropic.com)"
18.97.14.88 - - [08/Sep/2025:13:07:24 +0000] "GET /?edszz/j1555876.html HTTP/2" 301 0 "-" "CCBot/2.0 (https://commoncrawl.org/faq/)"
18.97.14.88 - - [08/Sep/2025:13:07:24 +0000] "GET /?edszz%2Fj1555876_html HTTP/2" 200 19069 "-" "CCBot/2.0 (https://commoncrawl.org/faq/)"
66.249.66.194 - - [08/Sep/2025:13:07:42 +0000] "GET /?zhHant/product/surugaya/90478275?campaign_uid=f64d716db5e979ed2f947dbaf4296895b951ae7f HTTP/1.1" 200 24773 "-" "Mozilla/5.0 (Linux; Android 6.0.1; Nexus 5X Build/MMB29P) AppleWebKit/537.36 (KHTML, like Gecko) Chrome/138.0.7204.183 Mobile Safari/537.36 (compatible; Googlebot/2.1; +http://www.google.com/bot.html)"
18.97.14.88 - - [08/Sep/2025:13:07:54 +0000] "GET /?qnnmg/j1707586.html HTTP/2" 301 0 "-" "CCBot/2.0 (https://commoncrawl.org/faq/)"
18.97.14.88 - - [08/Sep/2025:13:07:54 +0000] "GET /?qnnmg%2Fj1707586_html HTTP/2" 200 19071 "-" "CCBot/2.0 (https://commoncrawl.org/faq/)"
66.249.66.68 - - [08/Sep/2025:13:08:10 +0000] "GET /?bgkad/c371309.html HTTP/1.1" 200 24685 "-" "Mozilla/5.0 AppleWebKit/537.36 (KHTML, like Gecko; compatible; Googlebot/2.1; +http://www.google.com/bot.html) Chrome/139.0.7258.127 Safari/537.36"
18.97.14.88 - - [08/Sep/2025:13:08:25 +0000] "GET /?jnowy/a181663.html HTTP/2" 301 0 "-" "CCBot/2.0 (https://commoncrawl.org/faq/)"
18.97.14.88 - - [08/Sep/2025:13:08:25 +0000] "GET /?jnowy%2Fa181663_html HTTP/2" 200 19060 "-" "CCBot/2.0 (https://commoncrawl.org/faq/)"
66.249.66.194 - - [08/Sep/2025:13:08:38 +0000] "GET /?zhHant/product/surugaya/46348693?campaign_uid=f64d716db5e979ed2f947dbaf4296895b951ae7f HTTP/1.1" 200 28871 "-" "Mozilla/5.0 (Linux; Android 6.0.1; Nexus 5X Build/MMB29P) AppleWebKit/537.36 (KHTML, like Gecko) Chrome/138.0.7204.183 Mobile Safari/537.36 (compatible; Googlebot/2.1; +http://www.google.com/bot.html)"
66.249.66.194 - - [08/Sep/2025:13:08:38 +0000] "GET /?zhHant/product/surugaya/20228212?campaign_uid=f64d716db5e979ed2f947dbaf4296895b951ae7f HTTP/1.1" 200 25964 "-" "Mozilla/5.0 (Linux; Android 6.0.1; Nexus 5X Build/MMB29P) AppleWebKit/537.36 (KHTML, like Gecko) Chrome/138.0.7204.183 Mobile Safari/537.36 (compatible; Googlebot/2.1; +http://www.google.com/bot.html)"
18.97.14.88 - - [08/Sep/2025:13:08:56 +0000] "GET /2025/05/13/the-role-of-white-space-in-colorful-designs/ HTTP/2" 200 14664 "-" "CCBot/2.0 (https://commoncrawl.org/faq/)"
18.97.14.88 - - [08/Sep/2025:13:09:27 +0000] "GET /project/development-of-an-expense-tracker-app-for-budgetplus/ HTTP/2" 200 13979 "-" "CCBot/2.0 (https://commoncrawl.org/faq/)"
57.141.6.16 - - [08/Sep/2025:13:09:51 +0000] "GET /?hreud/w964649.html HTTP/2" 301 0 "-" "meta-externalagent/1.1 (+https://developers.facebook.com/docs/sharing/webmasters/crawler)"
57.141.6.4 - - [08/Sep/2025:13:09:53 +0000] "GET /?ewmww/o961391.html HTTP/2" 301 0 "-" "meta-externalagent/1.1 (+https://developers.facebook.com/docs/sharing/webmasters/crawler)"
18.97.14.88 - - [08/Sep/2025:13:09:56 +0000] "GET /?dikze/o1777037.html HTTP/2" 301 0 "-" "CCBot/2.0 (https://commoncrawl.org/faq/)"
18.97.14.88 - - [08/Sep/2025:13:09:57 +0000] "GET /?dikze%2Fo1777037_html HTTP/2" 200 19068 "-" "CCBot/2.0 (https://commoncrawl.org/faq/)"
57.141.6.12 - - [08/Sep/2025:13:09:58 +0000] "GET /?ewmww%2Fo961391_html HTTP/2" 200 150388 "-" "meta-externalagent/1.1 (+https://developers.facebook.com/docs/sharing/webmasters/crawler)"
18.97.14.88 - - [08/Sep/2025:13:10:26 +0000] "GET /?qjphr/j1858412.html HTTP/2" 301 0 "-" "CCBot/2.0 (https://commoncrawl.org/faq/)"
18.97.14.88 - - [08/Sep/2025:13:10:27 +0000] "GET /?qjphr%2Fj1858412_html HTTP/2" 200 19072 "-" "CCBot/2.0 (https://commoncrawl.org/faq/)"
57.141.6.3 - - [08/Sep/2025:13:10:50 +0000] "GET /?azmoc/w2388019.html HTTP/2" 301 0 "-" "meta-externalagent/1.1 (+https://developers.facebook.com/docs/sharing/webmasters/crawler)"
18.97.14.88 - - [08/Sep/2025:13:10:58 +0000] "GET /?mjdti/d1351562.html HTTP/2" 301 0 "-" "CCBot/2.0 (https://commoncrawl.org/faq/)"
18.97.14.88 - - [08/Sep/2025:13:10:58 +0000] "GET /?mjdti%2Fd1351562_html HTTP/2" 200 19068 "-" "CCBot/2.0 (https://commoncrawl.org/faq/)"
57.141.6.3 - - [08/Sep/2025:13:07:20 +0000] "GET /?gemhu/q2859341.html HTTP/2" 301 0 "-" "meta-externalagent/1.1 (+https://developers.facebook.com/docs/sharing/webmasters/crawler)"
57.141.6.35 - - [08/Sep/2025:13:07:24 +0000] "GET /?gemhu%2Fq2859341_html HTTP/2" 200 150389 "-" "meta-externalagent/1.1 (+https://developers.facebook.com/docs/sharing/webmasters/crawler)"
66.249.66.193 - - [08/Sep/2025:13:07:42 +0000] "GET /?shopdetail/20177327 HTTP/1.1" 200 27562 "-" "Mozilla/5.0 (Linux; Android 6.0.1; Nexus 5X Build/MMB29P) AppleWebKit/537.36 (KHTML, like Gecko) Chrome/138.0.7204.183 Mobile Safari/537.36 (compatible; Googlebot/2.1; +http://www.google.com/bot.html)"
57.141.6.45 - - [08/Sep/2025:13:09:56 +0000] "GET /?hreud%2Fw964649_html HTTP/2" 200 150388 "-" "meta-externalagent/1.1 (+https://developers.facebook.com/docs/sharing/webmasters/crawler)"
66.249.66.194 - - [08/Sep/2025:13:10:29 +0000] "GET /?shopdetail/1137372 HTTP/1.1" 200 25033 "-" "Mozilla/5.0 (Linux; Android 6.0.1; Nexus 5X Build/MMB29P) AppleWebKit/537.36 (KHTML, like Gecko) Chrome/138.0.7204.183 Mobile Safari/537.36 (compatible; Googlebot/2.1; +http://www.google.com/bot.html)"
57.141.6.61 - - [08/Sep/2025:13:10:55 +0000] "GET /?azmoc%2Fw2388019_html HTTP/2" 200 150389 "-" "meta-externalagent/1.1 (+https://developers.facebook.com/docs/sharing/webmasters/crawler)"
57.141.6.68 - - [08/Sep/2025:13:11:13 +0000] "GET /?dwerp/w1422899.html HTTP/2" 301 0 "-" "meta-externalagent/1.1 (+https://developers.facebook.com/docs/sharing/webmasters/crawler)"
57.141.6.5 - - [08/Sep/2025:13:11:16 +0000] "GET /?dwerp%2Fw1422899_html HTTP/2" 200 150389 "-" "meta-externalagent/1.1 (+https://developers.facebook.com/docs/sharing/webmasters/crawler)"
216.98.210.171 - - [08/Sep/2025:13:11:29 +0000] "GET /?shopdetail/4189916 HTTP/1.1" 301 0 "https://www.pulsehost.co.uk/" "Mozilla/5.0 (X11; Linux x86_64) AppleWebKit/537.36 (KHTML, like Gecko) Chrome/129.0.0.0 Safari/537.36"
186.237.1.248 - - [08/Sep/2025:13:11:32 +0000] "GET /?shopdetail/4189916 HTTP/1.1" 301 0 "https://www.pulsehost.co.uk/" "Mozilla/5.0 (X11; Linux x86_64) AppleWebKit/537.36 (KHTML, like Gecko) Chrome/129.0.0.0 Safari/537.36"
57.141.6.61 - - [08/Sep/2025:13:11:34 +0000] "GET /?ncuft/z461006.html HTTP/2" 301 0 "-" "meta-externalagent/1.1 (+https://developers.facebook.com/docs/sharing/webmasters/crawler)"
57.141.6.22 - - [08/Sep/2025:13:11:36 +0000] "GET /?fxbcu/n920414.html HTTP/2" 301 0 "-" "meta-externalagent/1.1 (+https://developers.facebook.com/docs/sharing/webmasters/crawler)"
57.141.6.49 - - [08/Sep/2025:13:11:38 +0000] "GET /?ncuft%2Fz461006_html HTTP/2" 200 150388 "-" "meta-externalagent/1.1 (+https://developers.facebook.com/docs/sharing/webmasters/crawler)"
66.249.66.194 - - [08/Sep/2025:13:12:19 +0000] "GET /?shopdetail/20541005 HTTP/1.1" 200 24332 "-" "Mozilla/5.0 (Linux; Android 6.0.1; Nexus 5X Build/MMB29P) AppleWebKit/537.36 (KHTML, like Gecko) Chrome/138.0.7204.183 Mobile Safari/537.36 (compatible; Googlebot/2.1; +http://www.google.com/bot.html)"
66.249.66.194 - - [08/Sep/2025:13:12:19 +0000] "GET /?qmykx/v2279442.html HTTP/1.1" 200 24761 "-" "Mozilla/5.0 (Linux; Android 6.0.1; Nexus 5X Build/MMB29P) AppleWebKit/537.36 (KHTML, like Gecko) Chrome/138.0.7204.183 Mobile Safari/537.36 (compatible; Googlebot/2.1; +http://www.google.com/bot.html)"
66.249.66.164 - - [08/Sep/2025:13:13:22 +0000] "GET /?pdfdk/b2939018.html HTTP/1.1" 200 24596 "-" "Mozilla/5.0 (Linux; Android 6.0.1; Nexus 5X Build/MMB29P) AppleWebKit/537.36 (KHTML, like Gecko) Chrome/138.0.7204.183 Mobile Safari/537.36 (compatible; GoogleOther)"
57.141.6.50 - - [08/Sep/2025:13:13:28 +0000] "GET /?pszwc/u1728631.html HTTP/2" 301 0 "-" "meta-externalagent/1.1 (+https://developers.facebook.com/docs/sharing/webmasters/crawler)"
