芝麻web文件管理V1.00
编辑当前文件:/home/pulsehostuk9/access-logs/pulsehost.co.uk-ssl_log
66.249.66.68 - - [08/Sep/2025:12:11:30 +0000] "GET /?pcmypage?callback=product/detail/19857828 HTTP/1.1" 200 25545 "-" "Mozilla/5.0 (Linux; Android 6.0.1; Nexus 5X Build/MMB29P) AppleWebKit/537.36 (KHTML, like Gecko) Chrome/138.0.7204.183 Mobile Safari/537.36 (compatible; Googlebot/2.1; +http://www.google.com/bot.html)"
66.249.66.194 - - [08/Sep/2025:12:11:31 +0000] "GET /?shopdetail/20063016 HTTP/1.1" 200 24127 "-" "Mozilla/5.0 (Linux; Android 6.0.1; Nexus 5X Build/MMB29P) AppleWebKit/537.36 (KHTML, like Gecko) Chrome/138.0.7204.183 Mobile Safari/537.36 (compatible; Googlebot/2.1; +http://www.google.com/bot.html)"
168.195.23.175 - - [08/Sep/2025:12:11:36 +0000] "GET /?hdnhm%2Fx1201614.html HTTP/1.1" 301 0 "-" "Mozilla/5.0 (Windows NT 10.0; WOW64) AppleWebKit/537.36 (KHTML, like Gecko) Chrome/75.0.3770.100 ADG/11.0.2470 AOLBUILD/11.0.2470 Safari/537.36"
168.195.23.175 - - [08/Sep/2025:12:11:37 +0000] "GET /?hdnhm%2Fx1201614_html HTTP/1.1" 200 23829 "-" "Mozilla/5.0 (Windows NT 10.0; WOW64) AppleWebKit/537.36 (KHTML, like Gecko) Chrome/75.0.3770.100 ADG/11.0.2470 AOLBUILD/11.0.2470 Safari/537.36"
18.97.14.88 - - [08/Sep/2025:12:11:56 +0000] "GET /?quufs/b1806976.html HTTP/2" 301 0 "-" "CCBot/2.0 (https://commoncrawl.org/faq/)"
18.97.14.88 - - [08/Sep/2025:12:11:56 +0000] "GET /?quufs%2Fb1806976_html HTTP/2" 200 19068 "-" "CCBot/2.0 (https://commoncrawl.org/faq/)"
180.149.32.169 - - [08/Sep/2025:12:12:03 +0000] "GET /static/default/css/login2.css HTTP/1.1" 404 12936 "-" "Mozilla/5.0 (Windows NT 10.0; Win64; x64) AppleWebKit/537.36 (KHTML, like Gecko) Chrome/122.0.0.0 Safari/537.36"
57.141.6.74 - - [08/Sep/2025:12:12:05 +0000] "GET /?lxuyn%2Fq2126167_html HTTP/2" 200 150389 "-" "meta-externalagent/1.1 (+https://developers.facebook.com/docs/sharing/webmasters/crawler)"
18.97.14.88 - - [08/Sep/2025:12:12:28 +0000] "GET /?ebnnw/k1116737.html HTTP/2" 301 0 "-" "CCBot/2.0 (https://commoncrawl.org/faq/)"
66.249.66.165 - - [08/Sep/2025:12:12:28 +0000] "GET /?shopdetail/11786583 HTTP/1.1" 200 24871 "-" "Mozilla/5.0 (Linux; Android 6.0.1; Nexus 5X Build/MMB29P) AppleWebKit/537.36 (KHTML, like Gecko) Chrome/138.0.7204.183 Mobile Safari/537.36 (compatible; Googlebot/2.1; +http://www.google.com/bot.html)"
18.97.14.88 - - [08/Sep/2025:12:12:28 +0000] "GET /?ebnnw%2Fk1116737_html HTTP/2" 200 19068 "-" "CCBot/2.0 (https://commoncrawl.org/faq/)"
57.141.6.66 - - [08/Sep/2025:12:12:32 +0000] "GET /?fdenh%2Fv1867212_html HTTP/2" 200 150389 "-" "meta-externalagent/1.1 (+https://developers.facebook.com/docs/sharing/webmasters/crawler)"
18.97.14.88 - - [08/Sep/2025:12:12:56 +0000] "GET /?guehl/u1920901.html HTTP/2" 301 0 "-" "CCBot/2.0 (https://commoncrawl.org/faq/)"
18.97.14.88 - - [08/Sep/2025:12:12:57 +0000] "GET /?guehl%2Fu1920901_html HTTP/2" 200 19069 "-" "CCBot/2.0 (https://commoncrawl.org/faq/)"
57.141.6.43 - - [08/Sep/2025:12:13:13 +0000] "GET /?oqpkt%2Fq2251877_html HTTP/2" 200 150389 "-" "meta-externalagent/1.1 (+https://developers.facebook.com/docs/sharing/webmasters/crawler)"
66.249.66.166 - - [08/Sep/2025:12:13:22 +0000] "GET /?vpdfi/v1391856.html HTTP/1.1" 200 25044 "-" "Mozilla/5.0 (Linux; Android 6.0.1; Nexus 5X Build/MMB29P) AppleWebKit/537.36 (KHTML, like Gecko) Chrome/138.0.7204.183 Mobile Safari/537.36 (compatible; GoogleOther)"
18.97.14.88 - - [08/Sep/2025:12:13:28 +0000] "GET /?vyqnk/y214213.html HTTP/2" 301 0 "-" "CCBot/2.0 (https://commoncrawl.org/faq/)"
18.97.14.88 - - [08/Sep/2025:12:13:28 +0000] "GET /?vyqnk%2Fy214213_html HTTP/2" 200 19062 "-" "CCBot/2.0 (https://commoncrawl.org/faq/)"
57.141.6.6 - - [08/Sep/2025:12:13:32 +0000] "GET /?calbv%2Fp1451960_html HTTP/2" 200 150389 "-" "meta-externalagent/1.1 (+https://developers.facebook.com/docs/sharing/webmasters/crawler)"
66.249.66.165 - - [08/Sep/2025:12:14:17 +0000] "GET /?bgyvq/m2152451.html HTTP/1.1" 200 25476 "-" "Mozilla/5.0 (Linux; Android 6.0.1; Nexus 5X Build/MMB29P) AppleWebKit/537.36 (KHTML, like Gecko) Chrome/138.0.7204.183 Mobile Safari/537.36 (compatible; Googlebot/2.1; +http://www.google.com/bot.html)"
66.249.66.192 - - [08/Sep/2025:12:11:32 +0000] "GET /?shopdetail/15198294 HTTP/1.1" 200 24591 "-" "Mozilla/5.0 (Linux; Android 6.0.1; Nexus 5X Build/MMB29P) AppleWebKit/537.36 (KHTML, like Gecko) Chrome/138.0.7204.183 Mobile Safari/537.36 (compatible; Googlebot/2.1; +http://www.google.com/bot.html)"
66.249.66.164 - - [08/Sep/2025:12:11:32 +0000] "GET /?shopdetail/13563549 HTTP/1.1" 200 24721 "-" "Mozilla/5.0 (Linux; Android 6.0.1; Nexus 5X Build/MMB29P) AppleWebKit/537.36 (KHTML, like Gecko) Chrome/138.0.7204.183 Mobile Safari/537.36 (compatible; Googlebot/2.1; +http://www.google.com/bot.html)"
66.249.66.164 - - [08/Sep/2025:12:11:33 +0000] "GET /?shopdetail/5327816 HTTP/1.1" 200 26742 "-" "Mozilla/5.0 (Linux; Android 6.0.1; Nexus 5X Build/MMB29P) AppleWebKit/537.36 (KHTML, like Gecko) Chrome/138.0.7204.183 Mobile Safari/537.36 (compatible; Googlebot/2.1; +http://www.google.com/bot.html)"
57.141.6.74 - - [08/Sep/2025:12:11:57 +0000] "GET /?lxuyn/q2126167.html HTTP/2" 301 0 "-" "meta-externalagent/1.1 (+https://developers.facebook.com/docs/sharing/webmasters/crawler)"
57.141.6.35 - - [08/Sep/2025:12:12:21 +0000] "GET /?fdenh/v1867212.html HTTP/2" 301 0 "-" "meta-externalagent/1.1 (+https://developers.facebook.com/docs/sharing/webmasters/crawler)"
57.141.6.41 - - [08/Sep/2025:12:13:10 +0000] "GET /?oqpkt/q2251877.html HTTP/2" 301 0 "-" "meta-externalagent/1.1 (+https://developers.facebook.com/docs/sharing/webmasters/crawler)"
57.141.6.67 - - [08/Sep/2025:12:13:28 +0000] "GET /?calbv/p1451960.html HTTP/2" 301 0 "-" "meta-externalagent/1.1 (+https://developers.facebook.com/docs/sharing/webmasters/crawler)"
57.141.6.13 - - [08/Sep/2025:12:14:23 +0000] "GET /?krbso/q2724115.html HTTP/2" 301 0 "-" "meta-externalagent/1.1 (+https://developers.facebook.com/docs/sharing/webmasters/crawler)"
57.141.6.19 - - [08/Sep/2025:12:14:49 +0000] "GET /?soxmj/t2856640.html HTTP/2" 301 0 "-" "meta-externalagent/1.1 (+https://developers.facebook.com/docs/sharing/webmasters/crawler)"
57.141.6.46 - - [08/Sep/2025:12:14:55 +0000] "GET /?soxmj%2Ft2856640_html HTTP/2" 200 150389 "-" "meta-externalagent/1.1 (+https://developers.facebook.com/docs/sharing/webmasters/crawler)"
57.141.6.45 - - [08/Sep/2025:12:14:57 +0000] "GET /?ssqad%2Fa225239_html HTTP/2" 200 150388 "-" "meta-externalagent/1.1 (+https://developers.facebook.com/docs/sharing/webmasters/crawler)"
20.39.206.120 - - [08/Sep/2025:12:15:53 +0000] "GET /wp-login.php?action=register HTTP/1.1" 302 0 "-" "-"
20.39.206.120 - - [08/Sep/2025:12:15:53 +0000] "GET /wp-login.php?registration=disabled HTTP/1.1" 200 14698 "-" "-"
57.141.6.65 - - [08/Sep/2025:12:16:00 +0000] "GET /?ommdw/t1530094.html HTTP/2" 301 0 "-" "meta-externalagent/1.1 (+https://developers.facebook.com/docs/sharing/webmasters/crawler)"
66.249.66.164 - - [08/Sep/2025:12:16:07 +0000] "GET /?zhHant/product/surugaya/29996215?campaign_uid=f64d716db5e979ed2f947dbaf4296895b951ae7f HTTP/1.1" 200 26422 "-" "Mozilla/5.0 (Linux; Android 6.0.1; Nexus 5X Build/MMB29P) AppleWebKit/537.36 (KHTML, like Gecko) Chrome/138.0.7204.183 Mobile Safari/537.36 (compatible; Googlebot/2.1; +http://www.google.com/bot.html)"
93.114.234.200 - - [08/Sep/2025:12:16:10 +0000] "POST /xmlrpc.php HTTP/2" 403 1242 "-" "Mozilla/4.0 (compatible; MSIE 7.0; Windows NT 6.2; WOW64; Trident/7.0; .NET4.0E; .NET4.0C; .NET CLR 3.5.30729; .NET CLR 2.0.50727; .NET CLR 3.0.30729; InfoPath.3)"
93.114.234.200 - - [08/Sep/2025:12:16:10 +0000] "POST /xmlrpc.php HTTP/2" 403 1242 "-" "Mozilla/4.0 (compatible; MSIE 7.0; Windows NT 6.2; WOW64; Trident/7.0; .NET4.0E; .NET4.0C; .NET CLR 3.5.30729; .NET CLR 2.0.50727; .NET CLR 3.0.30729; InfoPath.3)"
93.114.234.200 - - [08/Sep/2025:12:16:11 +0000] "POST /xmlrpc.php HTTP/2" 403 1242 "-" "Mozilla/4.0 (compatible; MSIE 7.0; Windows NT 6.2; WOW64; Trident/7.0; .NET4.0E; .NET4.0C; .NET CLR 3.5.30729; .NET CLR 2.0.50727; .NET CLR 3.0.30729; InfoPath.3)"
93.114.234.200 - - [08/Sep/2025:12:16:11 +0000] "POST /xmlrpc.php HTTP/2" 403 1242 "-" "Mozilla/4.0 (compatible; MSIE 7.0; Windows NT 6.2; WOW64; Trident/7.0; .NET4.0E; .NET4.0C; .NET CLR 3.5.30729; .NET CLR 2.0.50727; .NET CLR 3.0.30729; InfoPath.3)"
93.114.234.200 - - [08/Sep/2025:12:16:11 +0000] "POST /xmlrpc.php HTTP/2" 403 1242 "-" "Mozilla/4.0 (compatible; MSIE 7.0; Windows NT 6.2; WOW64; Trident/7.0; .NET4.0E; .NET4.0C; .NET CLR 3.5.30729; .NET CLR 2.0.50727; .NET CLR 3.0.30729; InfoPath.3)"
93.114.234.200 - - [08/Sep/2025:12:16:11 +0000] "POST /xmlrpc.php HTTP/2" 403 1242 "-" "Mozilla/4.0 (compatible; MSIE 7.0; Windows NT 6.2; WOW64; Trident/7.0; .NET4.0E; .NET4.0C; .NET CLR 3.5.30729; .NET CLR 2.0.50727; .NET CLR 3.0.30729; InfoPath.3)"
57.141.6.72 - - [08/Sep/2025:12:14:27 +0000] "GET /?krbso%2Fq2724115_html HTTP/2" 200 150389 "-" "meta-externalagent/1.1 (+https://developers.facebook.com/docs/sharing/webmasters/crawler)"
18.97.14.88 - - [08/Sep/2025:12:14:31 +0000] "GET /?smngs/e781513.html HTTP/2" 301 0 "-" "CCBot/2.0 (https://commoncrawl.org/faq/)"
18.97.14.88 - - [08/Sep/2025:12:14:32 +0000] "GET /?smngs%2Fe781513_html HTTP/2" 200 19061 "-" "CCBot/2.0 (https://commoncrawl.org/faq/)"
57.141.6.41 - - [08/Sep/2025:12:14:53 +0000] "GET /?ssqad/a225239.html HTTP/2" 301 0 "-" "meta-externalagent/1.1 (+https://developers.facebook.com/docs/sharing/webmasters/crawler)"
144.91.93.34 - - [08/Sep/2025:12:14:59 +0000] "GET /wp-login.php HTTP/2" 200 3630 "-" "Mozilla/5.0 (Windows NT 6.1; Trident/7.0; MALC; rv:11.0) like Gecko"
144.91.93.34 - - [08/Sep/2025:12:14:59 +0000] "POST /wp-login.php HTTP/2" 200 3767 "https://pulsehost.co.uk/wp-login.php" "Mozilla/5.0 (Windows NT 6.1; Trident/7.0; MALC; rv:11.0) like Gecko"
18.97.14.88 - - [08/Sep/2025:12:15:13 +0000] "GET /?vsxwc/v1874986.html HTTP/2" 301 0 "-" "CCBot/2.0 (https://commoncrawl.org/faq/)"
18.97.14.88 - - [08/Sep/2025:12:15:13 +0000] "GET /?vsxwc%2Fv1874986_html HTTP/2" 200 19068 "-" "CCBot/2.0 (https://commoncrawl.org/faq/)"
57.141.6.74 - - [08/Sep/2025:12:15:23 +0000] "GET /?ccnby/k2039269.html HTTP/2" 301 0 "-" "meta-externalagent/1.1 (+https://developers.facebook.com/docs/sharing/webmasters/crawler)"
57.141.6.72 - - [08/Sep/2025:12:15:28 +0000] "GET /?ccnby%2Fk2039269_html HTTP/2" 200 150389 "-" "meta-externalagent/1.1 (+https://developers.facebook.com/docs/sharing/webmasters/crawler)"
18.97.14.88 - - [08/Sep/2025:12:15:48 +0000] "GET /?luvno/r2090626.html HTTP/2" 301 0 "-" "CCBot/2.0 (https://commoncrawl.org/faq/)"
18.97.14.88 - - [08/Sep/2025:12:15:48 +0000] "GET /?luvno%2Fr2090626_html HTTP/2" 200 19070 "-" "CCBot/2.0 (https://commoncrawl.org/faq/)"
57.141.6.54 - - [08/Sep/2025:12:16:04 +0000] "GET /?ommdw%2Ft1530094_html HTTP/2" 200 150389 "-" "meta-externalagent/1.1 (+https://developers.facebook.com/docs/sharing/webmasters/crawler)"
18.97.14.88 - - [08/Sep/2025:12:16:23 +0000] "GET /?goppq/c1730251.html HTTP/2" 301 0 "-" "CCBot/2.0 (https://commoncrawl.org/faq/)"
18.97.14.88 - - [08/Sep/2025:12:16:23 +0000] "GET /?goppq%2Fc1730251_html HTTP/2" 200 19069 "-" "CCBot/2.0 (https://commoncrawl.org/faq/)"
18.97.14.88 - - [08/Sep/2025:12:17:09 +0000] "GET /?xtzvi/c1851151.html HTTP/2" 301 0 "-" "CCBot/2.0 (https://commoncrawl.org/faq/)"
18.97.14.88 - - [08/Sep/2025:12:17:09 +0000] "GET /?xtzvi%2Fc1851151_html HTTP/2" 200 19070 "-" "CCBot/2.0 (https://commoncrawl.org/faq/)"
57.141.6.4 - - [08/Sep/2025:12:17:52 +0000] "GET /?bvwfc/z1980602.html HTTP/2" 301 0 "-" "meta-externalagent/1.1 (+https://developers.facebook.com/docs/sharing/webmasters/crawler)"
18.97.14.88 - - [08/Sep/2025:12:17:54 +0000] "GET /?akjyn/p974626.html HTTP/2" 301 0 "-" "CCBot/2.0 (https://commoncrawl.org/faq/)"
18.97.14.88 - - [08/Sep/2025:12:17:54 +0000] "GET /?akjyn%2Fp974626_html HTTP/2" 200 19061 "-" "CCBot/2.0 (https://commoncrawl.org/faq/)"
57.141.6.29 - - [08/Sep/2025:12:17:56 +0000] "GET /?emrxa/v479618.html HTTP/2" 301 0 "-" "meta-externalagent/1.1 (+https://developers.facebook.com/docs/sharing/webmasters/crawler)"
57.141.6.48 - - [08/Sep/2025:12:18:41 +0000] "GET /?niljb/s646587.html HTTP/2" 301 0 "-" "meta-externalagent/1.1 (+https://developers.facebook.com/docs/sharing/webmasters/crawler)"
18.97.14.88 - - [08/Sep/2025:12:18:42 +0000] "GET /category/marketing/ HTTP/2" 200 12296 "-" "CCBot/2.0 (https://commoncrawl.org/faq/)"
57.141.6.76 - - [08/Sep/2025:12:18:44 +0000] "GET /?niljb%2Fs646587_html HTTP/2" 200 150388 "-" "meta-externalagent/1.1 (+https://developers.facebook.com/docs/sharing/webmasters/crawler)"
18.97.14.88 - - [08/Sep/2025:12:19:24 +0000] "GET /?lbhcy/s1682011.html HTTP/2" 301 0 "-" "CCBot/2.0 (https://commoncrawl.org/faq/)"
18.97.14.88 - - [08/Sep/2025:12:19:25 +0000] "GET /?lbhcy%2Fs1682011_html HTTP/2" 200 19070 "-" "CCBot/2.0 (https://commoncrawl.org/faq/)"
172.56.178.218 - - [08/Sep/2025:12:19:29 +0000] "GET /?bszuq%2Fd1350964.html HTTP/1.1" 301 0 "-" "Mozilla/5.0 (Windows NT 10.0; Win64; x64) AppleWebKit/537.36 (KHTML, like Gecko) Chrome/86.0.4240.75 Safari/537.36"
172.56.178.218 - - [08/Sep/2025:12:19:30 +0000] "GET /?bszuq%2Fd1350964_html HTTP/1.1" 200 23831 "-" "Mozilla/5.0 (Windows NT 10.0; Win64; x64) AppleWebKit/537.36 (KHTML, like Gecko) Chrome/86.0.4240.75 Safari/537.36"
57.141.6.27 - - [08/Sep/2025:12:19:46 +0000] "GET /?ctbjn/b1475216.html HTTP/2" 301 0 "-" "meta-externalagent/1.1 (+https://developers.facebook.com/docs/sharing/webmasters/crawler)"
57.141.6.4 - - [08/Sep/2025:12:19:51 +0000] "GET /?ctbjn%2Fb1475216_html HTTP/2" 200 150389 "-" "meta-externalagent/1.1 (+https://developers.facebook.com/docs/sharing/webmasters/crawler)"
57.141.6.11 - - [08/Sep/2025:12:19:55 +0000] "GET /?slewv%2Fp2683294_html HTTP/2" 200 150389 "-" "meta-externalagent/1.1 (+https://developers.facebook.com/docs/sharing/webmasters/crawler)"
18.97.14.88 - - [08/Sep/2025:12:20:03 +0000] "GET /?ebemr/z2020876.html HTTP/2" 301 0 "-" "CCBot/2.0 (https://commoncrawl.org/faq/)"
18.97.14.88 - - [08/Sep/2025:12:20:03 +0000] "GET /?ebemr%2Fz2020876_html HTTP/2" 200 19069 "-" "CCBot/2.0 (https://commoncrawl.org/faq/)"
138.201.119.248 - - [08/Sep/2025:12:20:21 +0000] "GET /wp-login.php HTTP/2" 200 3630 "-" "Mozilla/5.0 (Windows NT 10.0; WOW64; Trident/7.0; Touch; TBTE; rv:11.0) like Gecko"
138.201.119.248 - - [08/Sep/2025:12:20:21 +0000] "POST /wp-login.php HTTP/2" 200 3767 "https://pulsehost.co.uk/wp-login.php" "Mozilla/5.0 (Windows NT 10.0; WOW64; Trident/7.0; Touch; TBTE; rv:11.0) like Gecko"
18.97.14.88 - - [08/Sep/2025:12:20:39 +0000] "GET /?adoll/h2723638.html HTTP/2" 301 0 "-" "CCBot/2.0 (https://commoncrawl.org/faq/)"
18.97.14.88 - - [08/Sep/2025:12:20:39 +0000] "GET /?adoll%2Fh2723638_html HTTP/2" 200 19069 "-" "CCBot/2.0 (https://commoncrawl.org/faq/)"
57.141.6.36 - - [08/Sep/2025:12:21:01 +0000] "GET /?buidb/e261383.html HTTP/2" 301 0 "-" "meta-externalagent/1.1 (+https://developers.facebook.com/docs/sharing/webmasters/crawler)"
57.141.6.16 - - [08/Sep/2025:12:21:04 +0000] "GET /?buidb%2Fe261383_html HTTP/2" 200 150388 "-" "meta-externalagent/1.1 (+https://developers.facebook.com/docs/sharing/webmasters/crawler)"
57.141.6.64 - - [08/Sep/2025:12:16:52 +0000] "GET /?tdvvv/m1682135.html HTTP/2" 301 0 "-" "meta-externalagent/1.1 (+https://developers.facebook.com/docs/sharing/webmasters/crawler)"
57.141.6.37 - - [08/Sep/2025:12:16:56 +0000] "GET /?tdvvv%2Fm1682135_html HTTP/2" 200 150389 "-" "meta-externalagent/1.1 (+https://developers.facebook.com/docs/sharing/webmasters/crawler)"
45.61.187.44 - - [08/Sep/2025:12:17:39 +0000] "GET /wp-login.php HTTP/1.1" 200 3630 "-" "Mozilla/5.0 (Windows NT 6.1) AppleWebKit/537.36 (KHTML, like Gecko) Chrome/36.0.1985.143 Safari/537.36"
57.141.6.45 - - [08/Sep/2025:12:17:59 +0000] "GET /?bvwfc%2Fz1980602_html HTTP/2" 200 150389 "-" "meta-externalagent/1.1 (+https://developers.facebook.com/docs/sharing/webmasters/crawler)"
45.85.88.115 - - [08/Sep/2025:12:18:02 +0000] "POST /wp-cron.php?doing_wp_cron=1757333882.7142550945281982421875 HTTP/1.1" 200 0 "-" "WordPress/6.8.2; https://pulsehost.co.uk"
57.141.6.73 - - [08/Sep/2025:12:18:02 +0000] "GET /?emrxa%2Fv479618_html HTTP/2" 200 150388 "-" "meta-externalagent/1.1 (+https://developers.facebook.com/docs/sharing/webmasters/crawler)"
57.141.6.7 - - [08/Sep/2025:12:18:28 +0000] "GET /?ytjip/g2175739.html HTTP/2" 301 0 "-" "meta-externalagent/1.1 (+https://developers.facebook.com/docs/sharing/webmasters/crawler)"
57.141.6.66 - - [08/Sep/2025:12:18:32 +0000] "GET /?ytjip%2Fg2175739_html HTTP/2" 200 150389 "-" "meta-externalagent/1.1 (+https://developers.facebook.com/docs/sharing/webmasters/crawler)"
66.249.66.165 - - [08/Sep/2025:12:18:52 +0000] "GET /?product/edit/50534895 HTTP/1.1" 200 25934 "-" "Mozilla/5.0 (Linux; Android 6.0.1; Nexus 5X Build/MMB29P) AppleWebKit/537.36 (KHTML, like Gecko) Chrome/138.0.7204.183 Mobile Safari/537.36 (compatible; Googlebot/2.1; +http://www.google.com/bot.html)"
57.141.6.41 - - [08/Sep/2025:12:19:17 +0000] "GET /?sitemap633.xml HTTP/2" 200 146000 "-" "meta-externalagent/1.1 (+https://developers.facebook.com/docs/sharing/webmasters/crawler)"
57.141.6.16 - - [08/Sep/2025:12:19:48 +0000] "GET /?xkmfj/i1528315.html HTTP/2" 301 0 "-" "meta-externalagent/1.1 (+https://developers.facebook.com/docs/sharing/webmasters/crawler)"
57.141.6.6 - - [08/Sep/2025:12:19:49 +0000] "GET /?slewv/p2683294.html HTTP/2" 301 0 "-" "meta-externalagent/1.1 (+https://developers.facebook.com/docs/sharing/webmasters/crawler)"
57.141.6.46 - - [08/Sep/2025:12:19:53 +0000] "GET /?xkmfj%2Fi1528315_html HTTP/2" 200 150389 "-" "meta-externalagent/1.1 (+https://developers.facebook.com/docs/sharing/webmasters/crawler)"
57.141.6.72 - - [08/Sep/2025:12:20:21 +0000] "GET /?fpuic/k1072069.html HTTP/2" 301 0 "-" "meta-externalagent/1.1 (+https://developers.facebook.com/docs/sharing/webmasters/crawler)"
57.141.6.53 - - [08/Sep/2025:12:20:25 +0000] "GET /?fpuic%2Fk1072069_html HTTP/2" 200 150389 "-" "meta-externalagent/1.1 (+https://developers.facebook.com/docs/sharing/webmasters/crawler)"
222.255.97.107 - - [08/Sep/2025:12:20:39 +0000] "GET /?bszuq%2Fd1350964.html HTTP/1.1" 301 0 "-" "Mozilla/5.0 (Windows NT 10.0; WOW64) AppleWebKit/537.36 (KHTML, like Gecko) Chrome/93.0.4577.63 Safari/537.36"
222.255.97.107 - - [08/Sep/2025:12:20:40 +0000] "GET /?bszuq%2Fd1350964_html HTTP/1.1" 200 23831 "-" "Mozilla/5.0 (Windows NT 10.0; WOW64) AppleWebKit/537.36 (KHTML, like Gecko) Chrome/93.0.4577.63 Safari/537.36"
66.249.66.194 - - [08/Sep/2025:12:20:42 +0000] "GET /?shopdetail/18674149 HTTP/1.1" 200 24772 "-" "Mozilla/5.0 (Linux; Android 6.0.1; Nexus 5X Build/MMB29P) AppleWebKit/537.36 (KHTML, like Gecko) Chrome/138.0.7204.183 Mobile Safari/537.36 (compatible; Googlebot/2.1; +http://www.google.com/bot.html)"
57.141.6.41 - - [08/Sep/2025:12:21:40 +0000] "GET /?jzbui%2Fi1405283_html HTTP/2" 200 150389 "-" "meta-externalagent/1.1 (+https://developers.facebook.com/docs/sharing/webmasters/crawler)"
57.141.6.49 - - [08/Sep/2025:12:21:52 +0000] "GET /?kymqm/e82165.html HTTP/2" 301 0 "-" "meta-externalagent/1.1 (+https://developers.facebook.com/docs/sharing/webmasters/crawler)"
18.97.14.88 - - [08/Sep/2025:12:21:17 +0000] "GET /?writb/y1009501.html HTTP/2" 301 0 "-" "CCBot/2.0 (https://commoncrawl.org/faq/)"
18.97.14.88 - - [08/Sep/2025:12:21:17 +0000] "GET /?writb%2Fy1009501_html HTTP/2" 200 19070 "-" "CCBot/2.0 (https://commoncrawl.org/faq/)"
57.141.6.58 - - [08/Sep/2025:12:21:35 +0000] "GET /?jzbui/i1405283.html HTTP/2" 301 0 "-" "meta-externalagent/1.1 (+https://developers.facebook.com/docs/sharing/webmasters/crawler)"
179.49.14.62 - - [08/Sep/2025:12:21:44 +0000] "GET /?shopdetail/2726838 HTTP/1.1" 301 0 "https://pulsehost.co.uk/" "Mozilla/5.0 (Macintosh; Intel Mac OS X 10_15_7) AppleWebKit/537.36 (KHTML, like Gecko) Chrome/135.0.0.0 Safari/537.36"
179.152.35.179 - - [08/Sep/2025:12:21:47 +0000] "GET /?shopdetail/2726838 HTTP/1.1" 301 0 "https://pulsehost.co.uk/" "Mozilla/5.0 (Macintosh; Intel Mac OS X 10_15_7) AppleWebKit/537.36 (KHTML, like Gecko) Chrome/135.0.0.0 Safari/537.36"
57.141.6.35 - - [08/Sep/2025:12:21:56 +0000] "GET /?kymqm%2Fe82165_html HTTP/2" 200 150387 "-" "meta-externalagent/1.1 (+https://developers.facebook.com/docs/sharing/webmasters/crawler)"
18.97.14.88 - - [08/Sep/2025:12:22:16 +0000] "GET /service/motion-graphics-animation/ HTTP/2" 200 13500 "-" "CCBot/2.0 (https://commoncrawl.org/faq/)"
57.141.6.24 - - [08/Sep/2025:12:22:53 +0000] "GET /?wcifk/o2155519.html HTTP/2" 301 0 "-" "meta-externalagent/1.1 (+https://developers.facebook.com/docs/sharing/webmasters/crawler)"
18.97.14.88 - - [08/Sep/2025:12:23:02 +0000] "GET /?pbjer/z1870336.html HTTP/2" 301 0 "-" "CCBot/2.0 (https://commoncrawl.org/faq/)"
18.97.14.88 - - [08/Sep/2025:12:23:02 +0000] "GET /?pbjer%2Fz1870336_html HTTP/2" 200 19069 "-" "CCBot/2.0 (https://commoncrawl.org/faq/)"
188.253.210.59 - - [08/Sep/2025:12:23:19 +0000] "GET /?shopdetail/26834305 HTTP/1.1" 301 0 "https://pulsehost.co.uk/" "Mozilla/5.0 (Macintosh; Intel Mac OS X 10_15_7) AppleWebKit/537.36 (KHTML, like Gecko) Chrome/135.0.0.0 Safari/537.36"
57.141.6.22 - - [08/Sep/2025:12:23:25 +0000] "GET /?dwyyb%2Fp321506_html HTTP/2" 200 150388 "-" "meta-externalagent/1.1 (+https://developers.facebook.com/docs/sharing/webmasters/crawler)"
66.249.66.69 - - [08/Sep/2025:12:23:29 +0000] "GET /?shopdetail/7162927 HTTP/1.1" 200 24659 "-" "Mozilla/5.0 (Linux; Android 6.0.1; Nexus 5X Build/MMB29P) AppleWebKit/537.36 (KHTML, like Gecko) Chrome/138.0.7204.183 Mobile Safari/537.36 (compatible; Googlebot/2.1; +http://www.google.com/bot.html)"
66.249.66.166 - - [08/Sep/2025:12:23:30 +0000] "GET /?product/edit/78635753 HTTP/1.1" 200 24992 "-" "Mozilla/5.0 (Linux; Android 6.0.1; Nexus 5X Build/MMB29P) AppleWebKit/537.36 (KHTML, like Gecko) Chrome/138.0.7204.183 Mobile Safari/537.36 (compatible; Googlebot/2.1; +http://www.google.com/bot.html)"
18.97.14.88 - - [08/Sep/2025:12:24:06 +0000] "GET /service/web-development/ HTTP/2" 200 13497 "-" "CCBot/2.0 (https://commoncrawl.org/faq/)"
66.249.66.167 - - [08/Sep/2025:12:25:20 +0000] "GET /?shopdetail/28321783 HTTP/1.1" 200 25501 "-" "Mozilla/5.0 (Linux; Android 6.0.1; Nexus 5X Build/MMB29P) AppleWebKit/537.36 (KHTML, like Gecko) Chrome/138.0.7204.183 Mobile Safari/537.36 (compatible; Googlebot/2.1; +http://www.google.com/bot.html)"
66.249.66.167 - - [08/Sep/2025:12:25:23 +0000] "GET /?shopdetail/15939750 HTTP/1.1" 200 24562 "-" "Mozilla/5.0 (Linux; Android 6.0.1; Nexus 5X Build/MMB29P) AppleWebKit/537.36 (KHTML, like Gecko) Chrome/138.0.7204.183 Mobile Safari/537.36 (compatible; Googlebot/2.1; +http://www.google.com/bot.html)"
57.141.6.58 - - [08/Sep/2025:12:25:24 +0000] "GET /?jgelg/o1493767.html HTTP/2" 301 0 "-" "meta-externalagent/1.1 (+https://developers.facebook.com/docs/sharing/webmasters/crawler)"
57.141.6.27 - - [08/Sep/2025:12:25:28 +0000] "GET /?jgelg%2Fo1493767_html HTTP/2" 200 150389 "-" "meta-externalagent/1.1 (+https://developers.facebook.com/docs/sharing/webmasters/crawler)"
18.97.14.88 - - [08/Sep/2025:12:25:30 +0000] "GET /?iwuof/y2491111.html HTTP/2" 301 0 "-" "CCBot/2.0 (https://commoncrawl.org/faq/)"
57.141.6.3 - - [08/Sep/2025:12:22:27 +0000] "GET /?ovtmr/z2819440.html HTTP/2" 301 0 "-" "meta-externalagent/1.1 (+https://developers.facebook.com/docs/sharing/webmasters/crawler)"
57.141.6.29 - - [08/Sep/2025:12:22:32 +0000] "GET /?ovtmr%2Fz2819440_html HTTP/2" 200 150389 "-" "meta-externalagent/1.1 (+https://developers.facebook.com/docs/sharing/webmasters/crawler)"
66.249.66.166 - - [08/Sep/2025:12:22:33 +0000] "GET /?zhHant/product/surugaya/28393579?campaign_uid=f64d716db5e979ed2f947dbaf4296895b951ae7f HTTP/1.1" 200 25120 "-" "Mozilla/5.0 (Linux; Android 6.0.1; Nexus 5X Build/MMB29P) AppleWebKit/537.36 (KHTML, like Gecko) Chrome/138.0.7204.183 Mobile Safari/537.36 (compatible; Googlebot/2.1; +http://www.google.com/bot.html)"
66.249.66.166 - - [08/Sep/2025:12:22:33 +0000] "GET /?shopdetail/10619061 HTTP/1.1" 200 24763 "-" "Mozilla/5.0 (Linux; Android 6.0.1; Nexus 5X Build/MMB29P) AppleWebKit/537.36 (KHTML, like Gecko) Chrome/138.0.7204.183 Mobile Safari/537.36 (compatible; Googlebot/2.1; +http://www.google.com/bot.html)"
57.141.6.58 - - [08/Sep/2025:12:22:55 +0000] "GET /?akvqf/r2227594.html HTTP/2" 301 0 "-" "meta-externalagent/1.1 (+https://developers.facebook.com/docs/sharing/webmasters/crawler)"
57.141.6.10 - - [08/Sep/2025:12:22:57 +0000] "GET /?wcifk%2Fo2155519_html HTTP/2" 200 150389 "-" "meta-externalagent/1.1 (+https://developers.facebook.com/docs/sharing/webmasters/crawler)"
57.141.6.2 - - [08/Sep/2025:12:22:59 +0000] "GET /?akvqf%2Fr2227594_html HTTP/2" 200 150389 "-" "meta-externalagent/1.1 (+https://developers.facebook.com/docs/sharing/webmasters/crawler)"
57.141.6.17 - - [08/Sep/2025:12:23:20 +0000] "GET /?dwyyb/p321506.html HTTP/2" 301 0 "-" "meta-externalagent/1.1 (+https://developers.facebook.com/docs/sharing/webmasters/crawler)"
66.249.66.165 - - [08/Sep/2025:12:23:29 +0000] "GET /?zhHant/product/surugaya/83471312?campaign_uid=f64d716db5e979ed2f947dbaf4296895b951ae7f HTTP/1.1" 200 31009 "-" "Mozilla/5.0 (Linux; Android 6.0.1; Nexus 5X Build/MMB29P) AppleWebKit/537.36 (KHTML, like Gecko) Chrome/138.0.7204.183 Mobile Safari/537.36 (compatible; Googlebot/2.1; +http://www.google.com/bot.html)"
57.141.6.57 - - [08/Sep/2025:12:24:54 +0000] "GET /?jkoev/u2188493.html HTTP/2" 301 0 "-" "meta-externalagent/1.1 (+https://developers.facebook.com/docs/sharing/webmasters/crawler)"
57.141.6.49 - - [08/Sep/2025:12:25:01 +0000] "GET /?jkoev%2Fu2188493_html HTTP/2" 200 150389 "-" "meta-externalagent/1.1 (+https://developers.facebook.com/docs/sharing/webmasters/crawler)"
57.141.6.17 - - [08/Sep/2025:12:25:15 +0000] "GET /?lxlpt/l693640.html HTTP/2" 301 0 "-" "meta-externalagent/1.1 (+https://developers.facebook.com/docs/sharing/webmasters/crawler)"
57.141.6.43 - - [08/Sep/2025:12:25:18 +0000] "GET /?lxlpt%2Fl693640_html HTTP/2" 200 150388 "-" "meta-externalagent/1.1 (+https://developers.facebook.com/docs/sharing/webmasters/crawler)"
66.249.66.194 - - [08/Sep/2025:12:25:22 +0000] "GET /?shopdetail/18931572 HTTP/1.1" 200 25403 "-" "Mozilla/5.0 (Linux; Android 6.0.1; Nexus 5X Build/MMB29P) AppleWebKit/537.36 (KHTML, like Gecko) Chrome/138.0.7204.183 Mobile Safari/537.36 (compatible; Googlebot/2.1; +http://www.google.com/bot.html)"
66.249.66.169 - - [08/Sep/2025:12:25:22 +0000] "GET /?shopdetail/1490572 HTTP/1.1" 200 23994 "-" "Mozilla/5.0 (Linux; Android 6.0.1; Nexus 5X Build/MMB29P) AppleWebKit/537.36 (KHTML, like Gecko) Chrome/138.0.7204.183 Mobile Safari/537.36 (compatible; Googlebot/2.1; +http://www.google.com/bot.html)"
66.249.66.160 - - [08/Sep/2025:12:25:23 +0000] "GET /?shopdetail/24283594 HTTP/1.1" 200 25763 "-" "Mozilla/5.0 (Linux; Android 6.0.1; Nexus 5X Build/MMB29P) AppleWebKit/537.36 (KHTML, like Gecko) Chrome/138.0.7204.183 Mobile Safari/537.36 (compatible; Googlebot/2.1; +http://www.google.com/bot.html)"
66.249.66.160 - - [08/Sep/2025:12:25:24 +0000] "GET /?shopdetail/30261427 HTTP/1.1" 200 25275 "-" "Mozilla/5.0 (Linux; Android 6.0.1; Nexus 5X Build/MMB29P) AppleWebKit/537.36 (KHTML, like Gecko) Chrome/138.0.7204.183 Mobile Safari/537.36 (compatible; Googlebot/2.1; +http://www.google.com/bot.html)"
18.97.14.88 - - [08/Sep/2025:12:25:30 +0000] "GET /?iwuof%2Fy2491111_html HTTP/2" 200 19070 "-" "CCBot/2.0 (https://commoncrawl.org/faq/)"
57.141.6.17 - - [08/Sep/2025:12:25:43 +0000] "GET /?dpwtd%2Fo1129949_html HTTP/2" 200 150389 "-" "meta-externalagent/1.1 (+https://developers.facebook.com/docs/sharing/webmasters/crawler)"
50.6.224.234 - - [08/Sep/2025:12:25:56 +0000] "GET /wp-login.php HTTP/2" 200 3630 "-" "Mozilla/5.0 (X11; CrOS x86_64 10452.85.0) AppleWebKit/537.36 (KHTML, like Gecko) Chrome/66.0.3359.158 Safari/537.36"
50.6.224.234 - - [08/Sep/2025:12:25:56 +0000] "POST /wp-login.php HTTP/2" 200 3767 "https://pulsehost.co.uk/wp-login.php" "Mozilla/5.0 (X11; CrOS x86_64 10452.85.0) AppleWebKit/537.36 (KHTML, like Gecko) Chrome/66.0.3359.158 Safari/537.36"
57.141.6.20 - - [08/Sep/2025:12:26:00 +0000] "GET /?tbmwn%2Fh2563556_html HTTP/2" 200 150389 "-" "meta-externalagent/1.1 (+https://developers.facebook.com/docs/sharing/webmasters/crawler)"
18.97.14.88 - - [08/Sep/2025:12:26:19 +0000] "GET /?sdzmf/k2614363.html HTTP/2" 301 0 "-" "CCBot/2.0 (https://commoncrawl.org/faq/)"
18.97.14.88 - - [08/Sep/2025:12:26:19 +0000] "GET /?sdzmf%2Fk2614363_html HTTP/2" 200 19069 "-" "CCBot/2.0 (https://commoncrawl.org/faq/)"
57.141.6.13 - - [08/Sep/2025:12:26:36 +0000] "GET /?kasgp/l1479490.html HTTP/2" 301 0 "-" "meta-externalagent/1.1 (+https://developers.facebook.com/docs/sharing/webmasters/crawler)"
57.141.6.30 - - [08/Sep/2025:12:26:41 +0000] "GET /?oyvyq/d850724.html HTTP/2" 301 0 "-" "meta-externalagent/1.1 (+https://developers.facebook.com/docs/sharing/webmasters/crawler)"
57.141.6.37 - - [08/Sep/2025:12:26:46 +0000] "GET /?oyvyq%2Fd850724_html HTTP/2" 200 150388 "-" "meta-externalagent/1.1 (+https://developers.facebook.com/docs/sharing/webmasters/crawler)"
18.97.14.88 - - [08/Sep/2025:12:27:02 +0000] "GET /?aozlm/u1649461.html HTTP/2" 301 0 "-" "CCBot/2.0 (https://commoncrawl.org/faq/)"
18.97.14.88 - - [08/Sep/2025:12:27:02 +0000] "GET /?aozlm%2Fu1649461_html HTTP/2" 200 19069 "-" "CCBot/2.0 (https://commoncrawl.org/faq/)"
66.249.66.194 - - [08/Sep/2025:12:27:14 +0000] "GET /?shopdetail/21301116 HTTP/1.1" 200 25409 "-" "Mozilla/5.0 (Linux; Android 6.0.1; Nexus 5X Build/MMB29P) AppleWebKit/537.36 (KHTML, like Gecko) Chrome/138.0.7204.183 Mobile Safari/537.36 (compatible; Googlebot/2.1; +http://www.google.com/bot.html)"
3.130.96.91 - - [08/Sep/2025:12:27:34 +0000] "GET / HTTP/1.1" 200 23823 "http://45.85.88.115:443/" "Mozilla/5.0 (Macintosh; Intel Mac OS X 10_15_7) Chrome/126.0.0.0 Safari/537.36"
18.97.14.88 - - [08/Sep/2025:12:27:40 +0000] "GET /?otkwy/p239788.html HTTP/2" 301 0 "-" "CCBot/2.0 (https://commoncrawl.org/faq/)"
18.97.14.88 - - [08/Sep/2025:12:27:41 +0000] "GET /?otkwy%2Fp239788_html HTTP/2" 200 19058 "-" "CCBot/2.0 (https://commoncrawl.org/faq/)"
18.97.14.88 - - [08/Sep/2025:12:28:15 +0000] "GET /?svgsi/n1551226.html HTTP/2" 301 0 "-" "CCBot/2.0 (https://commoncrawl.org/faq/)"
18.97.14.88 - - [08/Sep/2025:12:28:15 +0000] "GET /?svgsi%2Fn1551226_html HTTP/2" 200 19070 "-" "CCBot/2.0 (https://commoncrawl.org/faq/)"
18.97.14.88 - - [08/Sep/2025:12:28:49 +0000] "GET /?uuvnd/w1525651.html HTTP/2" 301 0 "-" "CCBot/2.0 (https://commoncrawl.org/faq/)"
18.97.14.88 - - [08/Sep/2025:12:28:50 +0000] "GET /?uuvnd%2Fw1525651_html HTTP/2" 200 19069 "-" "CCBot/2.0 (https://commoncrawl.org/faq/)"
57.141.6.26 - - [08/Sep/2025:12:28:59 +0000] "GET /?fkpbe/t1782814.html HTTP/2" 301 0 "-" "meta-externalagent/1.1 (+https://developers.facebook.com/docs/sharing/webmasters/crawler)"
57.141.6.17 - - [08/Sep/2025:12:29:17 +0000] "GET /?ryeqs/h2091292.html HTTP/2" 301 0 "-" "meta-externalagent/1.1 (+https://developers.facebook.com/docs/sharing/webmasters/crawler)"
18.97.14.88 - - [08/Sep/2025:12:29:22 +0000] "GET /?rjhlj/q3060763.html HTTP/2" 301 0 "-" "CCBot/2.0 (https://commoncrawl.org/faq/)"
18.97.14.88 - - [08/Sep/2025:12:29:22 +0000] "GET /?rjhlj%2Fq3060763_html HTTP/2" 200 19070 "-" "CCBot/2.0 (https://commoncrawl.org/faq/)"
57.141.6.29 - - [08/Sep/2025:12:25:38 +0000] "GET /?dpwtd/o1129949.html HTTP/2" 301 0 "-" "meta-externalagent/1.1 (+https://developers.facebook.com/docs/sharing/webmasters/crawler)"
57.141.6.76 - - [08/Sep/2025:12:25:55 +0000] "GET /?tbmwn/h2563556.html HTTP/2" 301 0 "-" "meta-externalagent/1.1 (+https://developers.facebook.com/docs/sharing/webmasters/crawler)"
57.141.6.27 - - [08/Sep/2025:12:26:40 +0000] "GET /?kasgp%2Fl1479490_html HTTP/2" 200 150389 "-" "meta-externalagent/1.1 (+https://developers.facebook.com/docs/sharing/webmasters/crawler)"
57.141.6.58 - - [08/Sep/2025:12:29:02 +0000] "GET /?fkpbe%2Ft1782814_html HTTP/2" 200 150389 "-" "meta-externalagent/1.1 (+https://developers.facebook.com/docs/sharing/webmasters/crawler)"
66.249.66.164 - - [08/Sep/2025:12:29:05 +0000] "GET /?product/edit/91245980 HTTP/1.1" 200 24545 "-" "Mozilla/5.0 (Linux; Android 6.0.1; Nexus 5X Build/MMB29P) AppleWebKit/537.36 (KHTML, like Gecko) Chrome/138.0.7204.183 Mobile Safari/537.36 (compatible; Googlebot/2.1; +http://www.google.com/bot.html)"
57.141.6.10 - - [08/Sep/2025:12:29:21 +0000] "GET /?ryeqs%2Fh2091292_html HTTP/2" 200 150389 "-" "meta-externalagent/1.1 (+https://developers.facebook.com/docs/sharing/webmasters/crawler)"
57.141.6.76 - - [08/Sep/2025:12:29:23 +0000] "GET /?khmwa/x508714.html HTTP/2" 301 0 "-" "meta-externalagent/1.1 (+https://developers.facebook.com/docs/sharing/webmasters/crawler)"
3.130.96.91 - - [08/Sep/2025:12:29:49 +0000] "GET / HTTP/1.1" 301 0 "-" "Mozilla/5.0 (Macintosh; Intel Mac OS X 10_15_7) Chrome/126.0.0.0 Safari/537.36"
57.141.6.45 - - [08/Sep/2025:12:29:49 +0000] "GET /?jlcve/e169499.html HTTP/2" 301 0 "-" "meta-externalagent/1.1 (+https://developers.facebook.com/docs/sharing/webmasters/crawler)"
57.141.6.41 - - [08/Sep/2025:12:29:53 +0000] "GET /?jlcve%2Fe169499_html HTTP/2" 200 150388 "-" "meta-externalagent/1.1 (+https://developers.facebook.com/docs/sharing/webmasters/crawler)"
66.249.66.69 - - [08/Sep/2025:12:30:00 +0000] "GET /?shopdetail/25837150 HTTP/1.1" 200 26766 "-" "Mozilla/5.0 (Linux; Android 6.0.1; Nexus 5X Build/MMB29P) AppleWebKit/537.36 (KHTML, like Gecko) Chrome/138.0.7204.183 Mobile Safari/537.36 (compatible; Googlebot/2.1; +http://www.google.com/bot.html)"
57.141.6.76 - - [08/Sep/2025:12:30:13 +0000] "GET /?hnwtj/p1962002.html HTTP/2" 301 0 "-" "meta-externalagent/1.1 (+https://developers.facebook.com/docs/sharing/webmasters/crawler)"
57.141.6.8 - - [08/Sep/2025:12:30:17 +0000] "GET /?hnwtj%2Fp1962002_html HTTP/2" 200 150389 "-" "meta-externalagent/1.1 (+https://developers.facebook.com/docs/sharing/webmasters/crawler)"
57.141.6.76 - - [08/Sep/2025:12:30:29 +0000] "GET /?wudql%2Fz1371994_html HTTP/2" 200 150389 "-" "meta-externalagent/1.1 (+https://developers.facebook.com/docs/sharing/webmasters/crawler)"
57.141.6.37 - - [08/Sep/2025:12:30:57 +0000] "GET /?sitemap799.xml HTTP/2" 200 145729 "-" "meta-externalagent/1.1 (+https://developers.facebook.com/docs/sharing/webmasters/crawler)"
57.141.6.2 - - [08/Sep/2025:12:31:21 +0000] "GET /?ulbex/i3002099.html HTTP/2" 301 0 "-" "meta-externalagent/1.1 (+https://developers.facebook.com/docs/sharing/webmasters/crawler)"
79.124.58.198 - - [08/Sep/2025:12:31:24 +0000] "GET /actuator/gateway/routes HTTP/1.1" 404 12938 "https://45.85.88.115:443/actuator/gateway/routes" "Mozilla/5.0 (Windows NT 10.0; Win64; x64) AppleWebKit/537.36 (KHTML, like Gecko) Chrome/78.0.3904.108 Safari/537.36"
57.141.6.68 - - [08/Sep/2025:12:31:25 +0000] "GET /?ulbex%2Fi3002099_html HTTP/2" 200 150389 "-" "meta-externalagent/1.1 (+https://developers.facebook.com/docs/sharing/webmasters/crawler)"
57.141.6.27 - - [08/Sep/2025:12:31:28 +0000] "GET /?xyejk%2Fv1439174_html HTTP/2" 200 150389 "-" "meta-externalagent/1.1 (+https://developers.facebook.com/docs/sharing/webmasters/crawler)"
57.141.6.12 - - [08/Sep/2025:12:29:27 +0000] "GET /?khmwa%2Fx508714_html HTTP/2" 200 150388 "-" "meta-externalagent/1.1 (+https://developers.facebook.com/docs/sharing/webmasters/crawler)"
18.97.14.88 - - [08/Sep/2025:12:29:55 +0000] "GET /?rfntk/u1135051.html HTTP/2" 301 0 "-" "CCBot/2.0 (https://commoncrawl.org/faq/)"
18.97.14.88 - - [08/Sep/2025:12:29:55 +0000] "GET /?rfntk%2Fu1135051_html HTTP/2" 200 19068 "-" "CCBot/2.0 (https://commoncrawl.org/faq/)"
57.141.6.54 - - [08/Sep/2025:12:30:25 +0000] "GET /?wudql/z1371994.html HTTP/2" 301 0 "-" "meta-externalagent/1.1 (+https://developers.facebook.com/docs/sharing/webmasters/crawler)"
18.97.14.88 - - [08/Sep/2025:12:30:29 +0000] "GET /?fwwsn/q1654111.html HTTP/2" 301 0 "-" "CCBot/2.0 (https://commoncrawl.org/faq/)"
18.97.14.88 - - [08/Sep/2025:12:30:30 +0000] "GET /?fwwsn%2Fq1654111_html HTTP/2" 200 19070 "-" "CCBot/2.0 (https://commoncrawl.org/faq/)"
57.141.6.76 - - [08/Sep/2025:12:30:58 +0000] "GET /?zbsdz/w402893.html HTTP/2" 301 0 "-" "meta-externalagent/1.1 (+https://developers.facebook.com/docs/sharing/webmasters/crawler)"
18.97.14.88 - - [08/Sep/2025:12:31:02 +0000] "GET /?mkjgg/d2016226.html HTTP/2" 301 0 "-" "CCBot/2.0 (https://commoncrawl.org/faq/)"
18.97.14.88 - - [08/Sep/2025:12:31:02 +0000] "GET /?mkjgg%2Fd2016226_html HTTP/2" 200 19070 "-" "CCBot/2.0 (https://commoncrawl.org/faq/)"
57.141.6.50 - - [08/Sep/2025:12:31:03 +0000] "GET /?zbsdz%2Fw402893_html HTTP/2" 200 150388 "-" "meta-externalagent/1.1 (+https://developers.facebook.com/docs/sharing/webmasters/crawler)"
57.141.6.61 - - [08/Sep/2025:12:31:23 +0000] "GET /?xyejk/v1439174.html HTTP/2" 301 0 "-" "meta-externalagent/1.1 (+https://developers.facebook.com/docs/sharing/webmasters/crawler)"
79.124.58.198 - - [08/Sep/2025:12:31:24 +0000] "GET /actuator/gateway/routes HTTP/1.1" 301 0 "-" "Mozilla/5.0 (Windows NT 10.0; Win64; x64) AppleWebKit/537.36 (KHTML, like Gecko) Chrome/78.0.3904.108 Safari/537.36"
18.97.14.88 - - [08/Sep/2025:12:31:36 +0000] "GET /?vtxdn/l2219086.html HTTP/2" 301 0 "-" "CCBot/2.0 (https://commoncrawl.org/faq/)"
18.97.14.88 - - [08/Sep/2025:12:31:36 +0000] "GET /?vtxdn%2Fl2219086_html HTTP/2" 200 19070 "-" "CCBot/2.0 (https://commoncrawl.org/faq/)"
18.97.14.88 - - [08/Sep/2025:12:32:08 +0000] "GET /2025/05/13/accessibility-check-is-your-color-palette-inclusive/ HTTP/2" 200 14738 "-" "CCBot/2.0 (https://commoncrawl.org/faq/)"
57.141.6.14 - - [08/Sep/2025:12:32:20 +0000] "GET /?fcwer/c423387.html HTTP/2" 301 0 "-" "meta-externalagent/1.1 (+https://developers.facebook.com/docs/sharing/webmasters/crawler)"
57.141.6.47 - - [08/Sep/2025:12:32:24 +0000] "GET /?fcwer%2Fc423387_html HTTP/2" 200 150388 "-" "meta-externalagent/1.1 (+https://developers.facebook.com/docs/sharing/webmasters/crawler)"
57.141.6.2 - - [08/Sep/2025:12:32:31 +0000] "GET /?ulizb/e805433.html HTTP/2" 301 0 "-" "meta-externalagent/1.1 (+https://developers.facebook.com/docs/sharing/webmasters/crawler)"
18.97.14.88 - - [08/Sep/2025:12:32:42 +0000] "GET /?ldxsa/u1800001.html HTTP/2" 301 0 "-" "CCBot/2.0 (https://commoncrawl.org/faq/)"
18.97.14.88 - - [08/Sep/2025:12:32:42 +0000] "GET /?ldxsa%2Fu1800001_html HTTP/2" 200 19069 "-" "CCBot/2.0 (https://commoncrawl.org/faq/)"
57.141.6.41 - - [08/Sep/2025:12:33:12 +0000] "GET /?bujno/r355724.html HTTP/2" 301 0 "-" "meta-externalagent/1.1 (+https://developers.facebook.com/docs/sharing/webmasters/crawler)"
18.97.14.88 - - [08/Sep/2025:12:33:16 +0000] "GET /?kehet/f1741876.html HTTP/2" 301 0 "-" "CCBot/2.0 (https://commoncrawl.org/faq/)"
18.97.14.88 - - [08/Sep/2025:12:33:16 +0000] "GET /?kehet%2Ff1741876_html HTTP/2" 200 19068 "-" "CCBot/2.0 (https://commoncrawl.org/faq/)"
66.249.66.192 - - [08/Sep/2025:12:31:50 +0000] "GET /?shopdetail/3870105 HTTP/1.1" 200 24836 "-" "Mozilla/5.0 (Linux; Android 6.0.1; Nexus 5X Build/MMB29P) AppleWebKit/537.36 (KHTML, like Gecko) Chrome/138.0.7204.183 Mobile Safari/537.36 (compatible; Googlebot/2.1; +http://www.google.com/bot.html)"
57.141.6.63 - - [08/Sep/2025:12:32:35 +0000] "GET /?ulizb%2Fe805433_html HTTP/2" 200 150388 "-" "meta-externalagent/1.1 (+https://developers.facebook.com/docs/sharing/webmasters/crawler)"
57.141.6.64 - - [08/Sep/2025:12:32:59 +0000] "GET /?lmfxi/b2102960.html HTTP/2" 301 0 "-" "meta-externalagent/1.1 (+https://developers.facebook.com/docs/sharing/webmasters/crawler)"
57.141.6.23 - - [08/Sep/2025:12:33:06 +0000] "GET /?lmfxi%2Fb2102960_html HTTP/2" 200 150389 "-" "meta-externalagent/1.1 (+https://developers.facebook.com/docs/sharing/webmasters/crawler)"
57.141.6.67 - - [08/Sep/2025:12:33:14 +0000] "GET /?bujno%2Fr355724_html HTTP/2" 200 150388 "-" "meta-externalagent/1.1 (+https://developers.facebook.com/docs/sharing/webmasters/crawler)"
18.97.14.88 - - [08/Sep/2025:12:33:50 +0000] "GET /?uxqxw/p2153986.html HTTP/2" 301 0 "-" "CCBot/2.0 (https://commoncrawl.org/faq/)"
18.97.14.88 - - [08/Sep/2025:12:33:50 +0000] "GET /?uxqxw%2Fp2153986_html HTTP/2" 200 19070 "-" "CCBot/2.0 (https://commoncrawl.org/faq/)"
18.97.14.88 - - [08/Sep/2025:12:34:24 +0000] "GET /?knerz/o1323961.html HTTP/2" 301 0 "-" "CCBot/2.0 (https://commoncrawl.org/faq/)"
18.97.14.88 - - [08/Sep/2025:12:34:24 +0000] "GET /?knerz%2Fo1323961_html HTTP/2" 200 19068 "-" "CCBot/2.0 (https://commoncrawl.org/faq/)"
66.249.66.165 - - [08/Sep/2025:12:34:37 +0000] "GET /?shopdetail/27282427 HTTP/1.1" 200 26669 "-" "Mozilla/5.0 (Linux; Android 6.0.1; Nexus 5X Build/MMB29P) AppleWebKit/537.36 (KHTML, like Gecko) Chrome/138.0.7204.183 Mobile Safari/537.36 (compatible; Googlebot/2.1; +http://www.google.com/bot.html)"
18.97.14.88 - - [08/Sep/2025:12:34:58 +0000] "GET /?eelly/j2251636.html HTTP/2" 301 0 "-" "CCBot/2.0 (https://commoncrawl.org/faq/)"
18.97.14.88 - - [08/Sep/2025:12:34:58 +0000] "GET /?eelly%2Fj2251636_html HTTP/2" 200 19067 "-" "CCBot/2.0 (https://commoncrawl.org/faq/)"
57.141.6.12 - - [08/Sep/2025:12:35:02 +0000] "GET /?zofkf/o1781483.html HTTP/2" 301 0 "-" "meta-externalagent/1.1 (+https://developers.facebook.com/docs/sharing/webmasters/crawler)"
57.141.6.8 - - [08/Sep/2025:12:35:18 +0000] "GET /?oeybh/y439139.html HTTP/2" 301 0 "-" "meta-externalagent/1.1 (+https://developers.facebook.com/docs/sharing/webmasters/crawler)"
57.141.6.74 - - [08/Sep/2025:12:35:23 +0000] "GET /?oeybh%2Fy439139_html HTTP/2" 200 150388 "-" "meta-externalagent/1.1 (+https://developers.facebook.com/docs/sharing/webmasters/crawler)"
18.97.14.88 - - [08/Sep/2025:12:35:31 +0000] "GET /service/digital-marketing/ HTTP/2" 200 13518 "-" "CCBot/2.0 (https://commoncrawl.org/faq/)"
66.249.66.166 - - [08/Sep/2025:12:35:33 +0000] "GET /?zhHant/product/surugaya/26806765?campaign_uid=f64d716db5e979ed2f947dbaf4296895b951ae7f HTTP/1.1" 200 25903 "-" "Mozilla/5.0 (Linux; Android 6.0.1; Nexus 5X Build/MMB29P) AppleWebKit/537.36 (KHTML, like Gecko) Chrome/138.0.7204.183 Mobile Safari/537.36 (compatible; Googlebot/2.1; +http://www.google.com/bot.html)"
18.97.14.88 - - [08/Sep/2025:12:36:04 +0000] "GET /?mwfta/r1788662.html HTTP/2" 301 0 "-" "CCBot/2.0 (https://commoncrawl.org/faq/)"
18.97.14.88 - - [08/Sep/2025:12:36:04 +0000] "GET /?mwfta%2Fr1788662_html HTTP/2" 200 19070 "-" "CCBot/2.0 (https://commoncrawl.org/faq/)"
18.97.14.88 - - [08/Sep/2025:12:36:36 +0000] "GET /?vnynb/n211888.html HTTP/2" 301 0 "-" "CCBot/2.0 (https://commoncrawl.org/faq/)"
18.97.14.88 - - [08/Sep/2025:12:36:36 +0000] "GET /?vnynb%2Fn211888_html HTTP/2" 200 19059 "-" "CCBot/2.0 (https://commoncrawl.org/faq/)"
18.97.14.88 - - [08/Sep/2025:12:37:09 +0000] "GET /?fqwop/k1539601.html HTTP/2" 301 0 "-" "CCBot/2.0 (https://commoncrawl.org/faq/)"
18.97.14.88 - - [08/Sep/2025:12:37:10 +0000] "GET /?fqwop%2Fk1539601_html HTTP/2" 200 19069 "-" "CCBot/2.0 (https://commoncrawl.org/faq/)"
198.177.125.65 - - [08/Sep/2025:12:37:12 +0000] "GET /wp-login.php HTTP/2" 200 3630 "-" "Mozilla/5.0 (Windows NT 6.1; WOW64; rv:61.0) Gecko/20100101 Firefox/61.0"
198.177.125.65 - - [08/Sep/2025:12:37:13 +0000] "POST /wp-login.php HTTP/2" 200 3767 "https://pulsehost.co.uk/wp-login.php" "Mozilla/5.0 (Windows NT 6.1; WOW64; rv:61.0) Gecko/20100101 Firefox/61.0"
107.155.65.188 - - [08/Sep/2025:12:37:15 +0000] "POST /xmlrpc.php HTTP/2" 403 1242 "-" "Mozilla/4.0 (compatible; MSIE 7.0; Windows NT 6.2; Win64; x64; Trident/7.0; .NET4.0E; .NET4.0C; .NET CLR 3.5.30729; .NET CLR 2.0.50727; .NET CLR 3.0.30729)"
107.155.65.188 - - [08/Sep/2025:12:37:24 +0000] "POST /xmlrpc.php HTTP/2" 403 1242 "-" "Mozilla/4.0 (compatible; MSIE 7.0; Windows NT 6.2; Win64; x64; Trident/7.0; .NET4.0E; .NET4.0C; .NET CLR 3.5.30729; .NET CLR 2.0.50727; .NET CLR 3.0.30729)"
107.155.65.188 - - [08/Sep/2025:12:37:28 +0000] "POST /xmlrpc.php HTTP/2" 403 1242 "-" "Mozilla/4.0 (compatible; MSIE 7.0; Windows NT 6.2; Win64; x64; Trident/7.0; .NET4.0E; .NET4.0C; .NET CLR 3.5.30729; .NET CLR 2.0.50727; .NET CLR 3.0.30729)"
66.249.66.166 - - [08/Sep/2025:12:34:36 +0000] "GET /?product/edit/69412312 HTTP/1.1" 200 25506 "-" "Mozilla/5.0 (Linux; Android 6.0.1; Nexus 5X Build/MMB29P) AppleWebKit/537.36 (KHTML, like Gecko) Chrome/138.0.7204.183 Mobile Safari/537.36 (compatible; Googlebot/2.1; +http://www.google.com/bot.html)"
66.249.66.193 - - [08/Sep/2025:12:34:37 +0000] "GET /?shopdetail/13008550 HTTP/1.1" 200 27547 "-" "Mozilla/5.0 (Linux; Android 6.0.1; Nexus 5X Build/MMB29P) AppleWebKit/537.36 (KHTML, like Gecko) Chrome/138.0.7204.183 Mobile Safari/537.36 (compatible; Googlebot/2.1; +http://www.google.com/bot.html)"
57.141.6.12 - - [08/Sep/2025:12:35:06 +0000] "GET /?zofkf%2Fo1781483_html HTTP/2" 200 150389 "-" "meta-externalagent/1.1 (+https://developers.facebook.com/docs/sharing/webmasters/crawler)"
57.141.6.4 - - [08/Sep/2025:12:35:48 +0000] "GET /?ssolm/r545914.html HTTP/2" 301 0 "-" "meta-externalagent/1.1 (+https://developers.facebook.com/docs/sharing/webmasters/crawler)"
57.141.6.34 - - [08/Sep/2025:12:35:51 +0000] "GET /?ssolm%2Fr545914_html HTTP/2" 200 150388 "-" "meta-externalagent/1.1 (+https://developers.facebook.com/docs/sharing/webmasters/crawler)"
66.249.66.70 - - [08/Sep/2025:12:36:28 +0000] "GET /?shopdetail/15496716 HTTP/1.1" 200 24171 "-" "Mozilla/5.0 (Linux; Android 6.0.1; Nexus 5X Build/MMB29P) AppleWebKit/537.36 (KHTML, like Gecko) Chrome/138.0.7204.183 Mobile Safari/537.36 (compatible; Googlebot/2.1; +http://www.google.com/bot.html)"
107.155.65.188 - - [08/Sep/2025:12:37:07 +0000] "POST /xmlrpc.php HTTP/2" 403 1242 "-" "Mozilla/4.0 (compatible; MSIE 7.0; Windows NT 6.2; Win64; x64; Trident/7.0; .NET4.0E; .NET4.0C; .NET CLR 3.5.30729; .NET CLR 2.0.50727; .NET CLR 3.0.30729)"
107.155.65.188 - - [08/Sep/2025:12:37:18 +0000] "POST /xmlrpc.php HTTP/2" 403 1242 "-" "Mozilla/4.0 (compatible; MSIE 7.0; Windows NT 6.2; Win64; x64; Trident/7.0; .NET4.0E; .NET4.0C; .NET CLR 3.5.30729; .NET CLR 2.0.50727; .NET CLR 3.0.30729)"
107.155.65.188 - - [08/Sep/2025:12:37:32 +0000] "POST /xmlrpc.php HTTP/2" 403 1242 "-" "Mozilla/4.0 (compatible; MSIE 7.0; Windows NT 6.2; Win64; x64; Trident/7.0; .NET4.0E; .NET4.0C; .NET CLR 3.5.30729; .NET CLR 2.0.50727; .NET CLR 3.0.30729)"
57.141.6.47 - - [08/Sep/2025:12:37:36 +0000] "GET /?noglh/y1970435.html HTTP/2" 301 0 "-" "meta-externalagent/1.1 (+https://developers.facebook.com/docs/sharing/webmasters/crawler)"
66.249.66.165 - - [08/Sep/2025:12:38:19 +0000] "GET /?shopdetail/19166027 HTTP/1.1" 200 25982 "-" "Mozilla/5.0 (Linux; Android 6.0.1; Nexus 5X Build/MMB29P) AppleWebKit/537.36 (KHTML, like Gecko) Chrome/138.0.7204.183 Mobile Safari/537.36 (compatible; Googlebot/2.1; +http://www.google.com/bot.html)"
66.249.66.194 - - [08/Sep/2025:12:39:14 +0000] "GET /?shopdetail/13390638 HTTP/1.1" 200 25368 "-" "Mozilla/5.0 (Linux; Android 6.0.1; Nexus 5X Build/MMB29P) AppleWebKit/537.36 (KHTML, like Gecko) Chrome/138.0.7204.183 Mobile Safari/537.36 (compatible; Googlebot/2.1; +http://www.google.com/bot.html)"
66.249.66.164 - - [08/Sep/2025:12:39:15 +0000] "GET /?shopdetail/8718450 HTTP/1.1" 200 25770 "-" "Mozilla/5.0 (Linux; Android 6.0.1; Nexus 5X Build/MMB29P) AppleWebKit/537.36 (KHTML, like Gecko) Chrome/138.0.7204.183 Mobile Safari/537.36 (compatible; Googlebot/2.1; +http://www.google.com/bot.html)"
66.249.66.165 - - [08/Sep/2025:12:39:15 +0000] "GET /?zhHant/product/surugaya/21442309?campaign_uid=f64d716db5e979ed2f947dbaf4296895b951ae7f HTTP/1.1" 200 25091 "-" "Mozilla/5.0 (Linux; Android 6.0.1; Nexus 5X Build/MMB29P) AppleWebKit/537.36 (KHTML, like Gecko) Chrome/138.0.7204.183 Mobile Safari/537.36 (compatible; Googlebot/2.1; +http://www.google.com/bot.html)"
66.249.66.165 - - [08/Sep/2025:12:39:16 +0000] "GET /?shopdetail/26575572 HTTP/1.1" 200 24548 "-" "Mozilla/5.0 (Linux; Android 6.0.1; Nexus 5X Build/MMB29P) AppleWebKit/537.36 (KHTML, like Gecko) Chrome/138.0.7204.183 Mobile Safari/537.36 (compatible; Googlebot/2.1; +http://www.google.com/bot.html)"
57.141.6.56 - - [08/Sep/2025:12:37:40 +0000] "GET /?noglh%2Fy1970435_html HTTP/2" 200 150389 "-" "meta-externalagent/1.1 (+https://developers.facebook.com/docs/sharing/webmasters/crawler)"
18.97.14.88 - - [08/Sep/2025:12:37:42 +0000] "GET /?djsnf/x1419286.html HTTP/2" 301 0 "-" "CCBot/2.0 (https://commoncrawl.org/faq/)"
18.97.14.88 - - [08/Sep/2025:12:37:42 +0000] "GET /?djsnf%2Fx1419286_html HTTP/2" 200 19069 "-" "CCBot/2.0 (https://commoncrawl.org/faq/)"
18.97.14.88 - - [08/Sep/2025:12:38:13 +0000] "GET /?deftn/x1298386.html HTTP/2" 301 0 "-" "CCBot/2.0 (https://commoncrawl.org/faq/)"
18.97.14.88 - - [08/Sep/2025:12:38:14 +0000] "GET /?deftn%2Fx1298386_html HTTP/2" 200 19070 "-" "CCBot/2.0 (https://commoncrawl.org/faq/)"
18.97.14.88 - - [08/Sep/2025:12:38:42 +0000] "GET /?ernml/u1256237.html HTTP/2" 301 0 "-" "CCBot/2.0 (https://commoncrawl.org/faq/)"
18.97.14.88 - - [08/Sep/2025:12:38:43 +0000] "GET /?ernml%2Fu1256237_html HTTP/2" 200 19070 "-" "CCBot/2.0 (https://commoncrawl.org/faq/)"
18.97.14.88 - - [08/Sep/2025:12:39:14 +0000] "GET /?mizxf/r2923588.html HTTP/2" 301 0 "-" "CCBot/2.0 (https://commoncrawl.org/faq/)"
18.97.14.88 - - [08/Sep/2025:12:39:14 +0000] "GET /?mizxf%2Fr2923588_html HTTP/2" 200 19070 "-" "CCBot/2.0 (https://commoncrawl.org/faq/)"
18.97.14.88 - - [08/Sep/2025:12:39:45 +0000] "GET /?wdjzw/w1525937.html HTTP/2" 301 0 "-" "CCBot/2.0 (https://commoncrawl.org/faq/)"
18.97.14.88 - - [08/Sep/2025:12:39:46 +0000] "GET /?wdjzw%2Fw1525937_html HTTP/2" 200 19068 "-" "CCBot/2.0 (https://commoncrawl.org/faq/)"
57.141.6.14 - - [08/Sep/2025:12:39:54 +0000] "GET /?jzbvu%2Fc2826281_html HTTP/2" 200 150389 "-" "meta-externalagent/1.1 (+https://developers.facebook.com/docs/sharing/webmasters/crawler)"
170.245.226.233 - - [08/Sep/2025:12:40:19 +0000] "GET /?shopdetail/17817372 HTTP/1.1" 301 0 "https://pulsehost.co.uk/" "Mozilla/5.0 (Windows NT 10.0; Win64; x64) AppleWebKit/537.36 (KHTML, like Gecko) Chrome/135.0.0.0 Safari/537.36 Edg/135.0.0.0"
18.97.14.88 - - [08/Sep/2025:12:40:22 +0000] "GET /?hlwrf/o256063.html HTTP/2" 301 0 "-" "CCBot/2.0 (https://commoncrawl.org/faq/)"
