188.166.176.134 - - [08/Sep/2025:14:54:31 +0000] "POST //wp-login.php HTTP/1.1" 200 14935 "https://pulsehost.co.uk//wp-login.php" "Mozilla/5.0 (Windows NT 10.0; Win64; x64) AppleWebKit/537.36 (KHTML, like Gecko) Chrome/88.0.4240.193 Safari/537.36"
188.166.176.134 - - [08/Sep/2025:14:54:45 +0000] "POST //wp-login.php HTTP/1.1" 200 14935 "https://pulsehost.co.uk//wp-login.php" "Mozilla/5.0 (Windows NT 10.0; Win64; x64) AppleWebKit/537.36 (KHTML, like Gecko) Chrome/88.0.4240.193 Safari/537.36"
188.166.176.134 - - [08/Sep/2025:14:55:00 +0000] "POST //wp-login.php HTTP/1.1" 200 14935 "https://pulsehost.co.uk//wp-login.php" "Mozilla/5.0 (Windows NT 10.0; Win64; x64) AppleWebKit/537.36 (KHTML, like Gecko) Chrome/88.0.4240.193 Safari/537.36"
66.249.66.164 - - [08/Sep/2025:14:55:22 +0000] "GET /?zhHant/product/surugaya/28393579?campaign_uid=f64d716db5e979ed2f947dbaf4296895b951ae7f HTTP/1.1" 200 25120 "-" "Mozilla/5.0 (Linux; Android 6.0.1; Nexus 5X Build/MMB29P) AppleWebKit/537.36 (KHTML, like Gecko) Chrome/138.0.7204.183 Mobile Safari/537.36 (compatible; GoogleOther)"
188.166.176.134 - - [08/Sep/2025:14:55:15 +0000] "POST //wp-login.php HTTP/1.1" 200 14935 "https://pulsehost.co.uk//wp-login.php" "Mozilla/5.0 (Windows NT 10.0; Win64; x64) AppleWebKit/537.36 (KHTML, like Gecko) Chrome/88.0.4240.193 Safari/537.36"
57.141.6.57 - - [08/Sep/2025:14:55:34 +0000] "GET /?jtkji%2Fd2636794_html HTTP/2" 200 150389 "-" "meta-externalagent/1.1 (+https://developers.facebook.com/docs/sharing/webmasters/crawler)"
57.141.6.72 - - [08/Sep/2025:14:55:35 +0000] "GET /?uzuis%2Fy871649_html HTTP/2" 200 150388 "-" "meta-externalagent/1.1 (+https://developers.facebook.com/docs/sharing/webmasters/crawler)"
188.166.176.134 - - [08/Sep/2025:14:55:30 +0000] "POST //wp-login.php HTTP/1.1" 200 14935 "https://pulsehost.co.uk//wp-login.php" "Mozilla/5.0 (Windows NT 10.0; Win64; x64) AppleWebKit/537.36 (KHTML, like Gecko) Chrome/88.0.4240.193 Safari/537.36"
188.166.176.134 - - [08/Sep/2025:14:55:46 +0000] "POST //wp-login.php HTTP/1.1" 200 14935 "https://pulsehost.co.uk//wp-login.php" "Mozilla/5.0 (Windows NT 10.0; Win64; x64) AppleWebKit/537.36 (KHTML, like Gecko) Chrome/88.0.4240.193 Safari/537.36"
188.166.176.134 - - [08/Sep/2025:14:56:00 +0000] "POST //wp-login.php HTTP/1.1" 200 14935 "https://pulsehost.co.uk//wp-login.php" "Mozilla/5.0 (Windows NT 10.0; Win64; x64) AppleWebKit/537.36 (KHTML, like Gecko) Chrome/88.0.4240.193 Safari/537.36"
57.141.6.68 - - [08/Sep/2025:14:56:21 +0000] "GET /?aumjf%2Fs1479783_html HTTP/2" 200 150389 "-" "meta-externalagent/1.1 (+https://developers.facebook.com/docs/sharing/webmasters/crawler)"
188.166.176.134 - - [08/Sep/2025:14:56:18 +0000] "POST //wp-login.php HTTP/1.1" 200 14785 "https://pulsehost.co.uk//wp-login.php" "Mozilla/5.0 (Windows NT 10.0; Win64; x64) AppleWebKit/537.36 (KHTML, like Gecko) Chrome/88.0.4240.193 Safari/537.36"
188.166.176.134 - - [08/Sep/2025:14:56:30 +0000] "POST //wp-login.php HTTP/1.1" 200 14935 "https://pulsehost.co.uk//wp-login.php" "Mozilla/5.0 (Windows NT 10.0; Win64; x64) AppleWebKit/537.36 (KHTML, like Gecko) Chrome/88.0.4240.193 Safari/537.36"
66.249.66.165 - - [08/Sep/2025:14:56:56 +0000] "GET /?zhHant/product/surugaya/70803527?campaign_uid=f64d716db5e979ed2f947dbaf4296895b951ae7f HTTP/1.1" 200 25637 "-" "Mozilla/5.0 (Linux; Android 6.0.1; Nexus 5X Build/MMB29P) AppleWebKit/537.36 (KHTML, like Gecko) Chrome/138.0.7204.183 Mobile Safari/537.36 (compatible; GoogleOther)"
188.166.176.134 - - [08/Sep/2025:14:56:45 +0000] "POST //wp-login.php HTTP/1.1" 200 14935 "https://pulsehost.co.uk//wp-login.php" "Mozilla/5.0 (Windows NT 10.0; Win64; x64) AppleWebKit/537.36 (KHTML, like Gecko) Chrome/88.0.4240.193 Safari/537.36"
188.166.176.134 - - [08/Sep/2025:14:57:01 +0000] "POST //wp-login.php HTTP/1.1" 200 14935 "https://pulsehost.co.uk//wp-login.php" "Mozilla/5.0 (Windows NT 10.0; Win64; x64) AppleWebKit/537.36 (KHTML, like Gecko) Chrome/88.0.4240.193 Safari/537.36"
188.166.176.134 - - [08/Sep/2025:14:57:15 +0000] "POST //wp-login.php HTTP/1.1" 200 14935 "https://pulsehost.co.uk//wp-login.php" "Mozilla/5.0 (Windows NT 10.0; Win64; x64) AppleWebKit/537.36 (KHTML, like Gecko) Chrome/88.0.4240.193 Safari/537.36"
57.141.6.29 - - [08/Sep/2025:14:57:36 +0000] "GET /?ihjyd%2Fx254408_html HTTP/2" 200 150388 "-" "meta-externalagent/1.1 (+https://developers.facebook.com/docs/sharing/webmasters/crawler)"
66.249.66.70 - - [08/Sep/2025:14:57:42 +0000] "GET /?shopdetail/5097783 HTTP/1.1" 200 25503 "-" "Mozilla/5.0 (Linux; Android 6.0.1; Nexus 5X Build/MMB29P) AppleWebKit/537.36 (KHTML, like Gecko) Chrome/138.0.7204.183 Mobile Safari/537.36 (compatible; Googlebot/2.1; +http://www.google.com/bot.html)"
188.166.176.134 - - [08/Sep/2025:14:57:30 +0000] "POST //wp-login.php HTTP/1.1" 200 14935 "https://pulsehost.co.uk//wp-login.php" "Mozilla/5.0 (Windows NT 10.0; Win64; x64) AppleWebKit/537.36 (KHTML, like Gecko) Chrome/88.0.4240.193 Safari/537.36"
188.166.176.134 - - [08/Sep/2025:14:57:45 +0000] "POST //wp-login.php HTTP/1.1" 200 14935 "https://pulsehost.co.uk//wp-login.php" "Mozilla/5.0 (Windows NT 10.0; Win64; x64) AppleWebKit/537.36 (KHTML, like Gecko) Chrome/88.0.4240.193 Safari/537.36"
57.141.6.66 - - [08/Sep/2025:14:58:13 +0000] "GET /?tyzmu%2Fj1031092_html HTTP/2" 200 150389 "-" "meta-externalagent/1.1 (+https://developers.facebook.com/docs/sharing/webmasters/crawler)"
188.166.176.134 - - [08/Sep/2025:14:58:00 +0000] "POST //wp-login.php HTTP/1.1" 200 14935 "https://pulsehost.co.uk//wp-login.php" "Mozilla/5.0 (Windows NT 10.0; Win64; x64) AppleWebKit/537.36 (KHTML, like Gecko) Chrome/88.0.4240.193 Safari/537.36"
57.141.6.74 - - [08/Sep/2025:14:58:27 +0000] "GET /?ejlui%2Fq553349_html HTTP/2" 200 150388 "-" "meta-externalagent/1.1 (+https://developers.facebook.com/docs/sharing/webmasters/crawler)"
188.166.176.134 - - [08/Sep/2025:14:58:15 +0000] "POST //wp-login.php HTTP/1.1" 200 14935 "https://pulsehost.co.uk//wp-login.php" "Mozilla/5.0 (Windows NT 10.0; Win64; x64) AppleWebKit/537.36 (KHTML, like Gecko) Chrome/88.0.4240.193 Safari/537.36"
66.249.66.164 - - [08/Sep/2025:14:58:37 +0000] "GET /?zhHant/product/surugaya/46999041?campaign_uid=f64d716db5e979ed2f947dbaf4296895b951ae7f HTTP/1.1" 200 28152 "-" "Mozilla/5.0 (Linux; Android 6.0.1; Nexus 5X Build/MMB29P) AppleWebKit/537.36 (KHTML, like Gecko) Chrome/138.0.7204.183 Mobile Safari/537.36 (compatible; Googlebot/2.1; +http://www.google.com/bot.html)"
66.249.66.164 - - [08/Sep/2025:14:58:38 +0000] "GET /?product/edit/41224276 HTTP/1.1" 200 24155 "-" "Mozilla/5.0 (Linux; Android 6.0.1; Nexus 5X Build/MMB29P) AppleWebKit/537.36 (KHTML, like Gecko) Chrome/138.0.7204.183 Mobile Safari/537.36 (compatible; Googlebot/2.1; +http://www.google.com/bot.html)"
188.166.176.134 - - [08/Sep/2025:14:58:30 +0000] "POST //wp-login.php HTTP/1.1" 200 14935 "https://pulsehost.co.uk//wp-login.php" "Mozilla/5.0 (Windows NT 10.0; Win64; x64) AppleWebKit/537.36 (KHTML, like Gecko) Chrome/88.0.4240.193 Safari/537.36"
188.166.176.134 - - [08/Sep/2025:14:58:45 +0000] "POST //wp-login.php HTTP/1.1" 200 14935 "https://pulsehost.co.uk//wp-login.php" "Mozilla/5.0 (Windows NT 10.0; Win64; x64) AppleWebKit/537.36 (KHTML, like Gecko) Chrome/88.0.4240.193 Safari/537.36"
188.166.176.134 - - [08/Sep/2025:14:59:00 +0000] "POST //wp-login.php HTTP/1.1" 200 14935 "https://pulsehost.co.uk//wp-login.php" "Mozilla/5.0 (Windows NT 10.0; Win64; x64) AppleWebKit/537.36 (KHTML, like Gecko) Chrome/88.0.4240.193 Safari/537.36"
188.166.176.134 - - [08/Sep/2025:14:59:16 +0000] "POST //wp-login.php HTTP/1.1" 200 14935 "https://pulsehost.co.uk//wp-login.php" "Mozilla/5.0 (Windows NT 10.0; Win64; x64) AppleWebKit/537.36 (KHTML, like Gecko) Chrome/88.0.4240.193 Safari/537.36"
66.249.66.166 - - [08/Sep/2025:14:59:34 +0000] "GET /?zhHant/product/surugaya/63321289?campaign_uid=f64d716db5e979ed2f947dbaf4296895b951ae7f HTTP/1.1" 200 28686 "-" "Mozilla/5.0 (Linux; Android 6.0.1; Nexus 5X Build/MMB29P) AppleWebKit/537.36 (KHTML, like Gecko) Chrome/138.0.7204.183 Mobile Safari/537.36 (compatible; Googlebot/2.1; +http://www.google.com/bot.html)"
188.166.176.134 - - [08/Sep/2025:14:59:30 +0000] "POST //wp-login.php HTTP/1.1" 200 14935 "https://pulsehost.co.uk//wp-login.php" "Mozilla/5.0 (Windows NT 10.0; Win64; x64) AppleWebKit/537.36 (KHTML, like Gecko) Chrome/88.0.4240.193 Safari/537.36"
57.141.6.49 - - [08/Sep/2025:14:59:53 +0000] "GET /?kfjcf/f1456240.html HTTP/2" 301 0 "-" "meta-externalagent/1.1 (+https://developers.facebook.com/docs/sharing/webmasters/crawler)"
57.141.6.61 - - [08/Sep/2025:14:59:58 +0000] "GET /?kfjcf%2Ff1456240_html HTTP/2" 200 150389 "-" "meta-externalagent/1.1 (+https://developers.facebook.com/docs/sharing/webmasters/crawler)"
188.166.176.134 - - [08/Sep/2025:14:59:45 +0000] "POST //wp-login.php HTTP/1.1" 200 14935 "https://pulsehost.co.uk//wp-login.php" "Mozilla/5.0 (Windows NT 10.0; Win64; x64) AppleWebKit/537.36 (KHTML, like Gecko) Chrome/88.0.4240.193 Safari/537.36"
66.249.66.164 - - [08/Sep/2025:15:00:04 +0000] "GET /?zhHant/product/surugaya/31771017?campaign_uid=f64d716db5e979ed2f947dbaf4296895b951ae7f HTTP/1.1" 200 24606 "-" "Mozilla/5.0 (Linux; Android 6.0.1; Nexus 5X Build/MMB29P) AppleWebKit/537.36 (KHTML, like Gecko) Chrome/138.0.7204.183 Mobile Safari/537.36 (compatible; GoogleOther)"
188.166.176.134 - - [08/Sep/2025:15:00:00 +0000] "POST //wp-login.php HTTP/1.1" 200 14935 "https://pulsehost.co.uk//wp-login.php" "Mozilla/5.0 (Windows NT 10.0; Win64; x64) AppleWebKit/537.36 (KHTML, like Gecko) Chrome/88.0.4240.193 Safari/537.36"
66.249.66.69 - - [08/Sep/2025:15:00:29 +0000] "GET /?shopdetail/12938283 HTTP/1.1" 200 24431 "-" "Mozilla/5.0 (Linux; Android 6.0.1; Nexus 5X Build/MMB29P) AppleWebKit/537.36 (KHTML, like Gecko) Chrome/138.0.7204.183 Mobile Safari/537.36 (compatible; Googlebot/2.1; +http://www.google.com/bot.html)"
188.166.176.134 - - [08/Sep/2025:15:00:16 +0000] "POST //wp-login.php HTTP/1.1" 200 14935 "https://pulsehost.co.uk//wp-login.php" "Mozilla/5.0 (Windows NT 10.0; Win64; x64) AppleWebKit/537.36 (KHTML, like Gecko) Chrome/88.0.4240.193 Safari/537.36"
66.249.66.69 - - [08/Sep/2025:15:00:30 +0000] "GET /?pcmypage?callback=/product/detail/36033589 HTTP/1.1" 200 24666 "-" "Mozilla/5.0 (Linux; Android 6.0.1; Nexus 5X Build/MMB29P) AppleWebKit/537.36 (KHTML, like Gecko) Chrome/138.0.7204.183 Mobile Safari/537.36 (compatible; Googlebot/2.1; +http://www.google.com/bot.html)"
66.249.66.164 - - [08/Sep/2025:15:00:31 +0000] "GET /?hnhbf/p3011884.html HTTP/1.1" 200 24212 "-" "Mozilla/5.0 (Linux; Android 6.0.1; Nexus 5X Build/MMB29P) AppleWebKit/537.36 (KHTML, like Gecko) Chrome/138.0.7204.183 Mobile Safari/537.36 (compatible; Googlebot/2.1; +http://www.google.com/bot.html)"
66.249.66.165 - - [08/Sep/2025:15:00:31 +0000] "GET /?zhHant/product/surugaya/89639742?campaign_uid=f64d716db5e979ed2f947dbaf4296895b951ae7f HTTP/1.1" 200 24643 "-" "Mozilla/5.0 (Linux; Android 6.0.1; Nexus 5X Build/MMB29P) AppleWebKit/537.36 (KHTML, like Gecko) Chrome/138.0.7204.183 Mobile Safari/537.36 (compatible; Googlebot/2.1; +http://www.google.com/bot.html)"
188.166.176.134 - - [08/Sep/2025:15:00:31 +0000] "POST //wp-login.php HTTP/1.1" 200 14935 "https://pulsehost.co.uk//wp-login.php" "Mozilla/5.0 (Windows NT 10.0; Win64; x64) AppleWebKit/537.36 (KHTML, like Gecko) Chrome/88.0.4240.193 Safari/537.36"
188.166.176.134 - - [08/Sep/2025:15:00:45 +0000] "POST //wp-login.php HTTP/1.1" 200 14935 "https://pulsehost.co.uk//wp-login.php" "Mozilla/5.0 (Windows NT 10.0; Win64; x64) AppleWebKit/537.36 (KHTML, like Gecko) Chrome/88.0.4240.193 Safari/537.36"
66.249.66.68 - - [08/Sep/2025:14:54:56 +0000] "GET /?pcmypage?callback=product/detail/86096530 HTTP/1.1" 200 25281 "-" "Mozilla/5.0 (Linux; Android 6.0.1; Nexus 5X Build/MMB29P) AppleWebKit/537.36 (KHTML, like Gecko) Chrome/138.0.7204.183 Mobile Safari/537.36 (compatible; Googlebot/2.1; +http://www.google.com/bot.html)"
57.141.6.58 - - [08/Sep/2025:14:55:30 +0000] "GET /?jtkji/d2636794.html HTTP/2" 301 0 "-" "meta-externalagent/1.1 (+https://developers.facebook.com/docs/sharing/webmasters/crawler)"
57.141.6.41 - - [08/Sep/2025:14:55:31 +0000] "GET /?uzuis/y871649.html HTTP/2" 301 0 "-" "meta-externalagent/1.1 (+https://developers.facebook.com/docs/sharing/webmasters/crawler)"
66.249.66.68 - - [08/Sep/2025:14:55:51 +0000] "GET /?shopdetail/25607238 HTTP/1.1" 200 24512 "-" "Mozilla/5.0 (Linux; Android 6.0.1; Nexus 5X Build/MMB29P) AppleWebKit/537.36 (KHTML, like Gecko) Chrome/138.0.7204.183 Mobile Safari/537.36 (compatible; Googlebot/2.1; +http://www.google.com/bot.html)"
57.141.6.73 - - [08/Sep/2025:14:56:16 +0000] "GET /?aumjf/s1479783.html HTTP/2" 301 0 "-" "meta-externalagent/1.1 (+https://developers.facebook.com/docs/sharing/webmasters/crawler)"
57.141.6.12 - - [08/Sep/2025:14:56:53 +0000] "GET /?onssx/v344756.html HTTP/2" 301 0 "-" "meta-externalagent/1.1 (+https://developers.facebook.com/docs/sharing/webmasters/crawler)"
57.141.6.12 - - [08/Sep/2025:14:56:59 +0000] "GET /?onssx%2Fv344756_html HTTP/2" 200 150388 "-" "meta-externalagent/1.1 (+https://developers.facebook.com/docs/sharing/webmasters/crawler)"
92.205.209.78 - - [08/Sep/2025:14:57:11 +0000] "GET /wp-login.php HTTP/2" 200 3630 "-" "Mozilla/5.0 (Macintosh; Intel Mac OS X 10_12_2) AppleWebKit/602.3.12 (KHTML, like Gecko) Version/10.0.2 Safari/602.3.12"
92.205.209.78 - - [08/Sep/2025:14:57:11 +0000] "POST /wp-login.php HTTP/2" 200 3767 "https://pulsehost.co.uk/wp-login.php" "Mozilla/5.0 (Macintosh; Intel Mac OS X 10_12_2) AppleWebKit/602.3.12 (KHTML, like Gecko) Version/10.0.2 Safari/602.3.12"
57.141.6.13 - - [08/Sep/2025:14:57:32 +0000] "GET /?ihjyd/x254408.html HTTP/2" 301 0 "-" "meta-externalagent/1.1 (+https://developers.facebook.com/docs/sharing/webmasters/crawler)"
57.141.6.8 - - [08/Sep/2025:14:58:08 +0000] "GET /?tyzmu/j1031092.html HTTP/2" 301 0 "-" "meta-externalagent/1.1 (+https://developers.facebook.com/docs/sharing/webmasters/crawler)"
57.141.6.3 - - [08/Sep/2025:14:58:21 +0000] "GET /?mpysx/e1292699.html HTTP/2" 301 0 "-" "meta-externalagent/1.1 (+https://developers.facebook.com/docs/sharing/webmasters/crawler)"
57.141.6.62 - - [08/Sep/2025:14:58:22 +0000] "GET /?ejlui/q553349.html HTTP/2" 301 0 "-" "meta-externalagent/1.1 (+https://developers.facebook.com/docs/sharing/webmasters/crawler)"
57.141.6.18 - - [08/Sep/2025:14:58:26 +0000] "GET /?mpysx%2Fe1292699_html HTTP/2" 200 150389 "-" "meta-externalagent/1.1 (+https://developers.facebook.com/docs/sharing/webmasters/crawler)"
66.249.66.165 - - [08/Sep/2025:14:58:30 +0000] "GET /?eulkf/f2598656.html HTTP/1.1" 200 24340 "-" "Mozilla/5.0 (Linux; Android 6.0.1; Nexus 5X Build/MMB29P) AppleWebKit/537.36 (KHTML, like Gecko) Chrome/138.0.7204.183 Mobile Safari/537.36 (compatible; GoogleOther)"
66.249.66.164 - - [08/Sep/2025:14:59:33 +0000] "GET /?zhHant/product/surugaya/38592329?campaign_uid=f64d716db5e979ed2f947dbaf4296895b951ae7f HTTP/1.1" 200 28740 "-" "Mozilla/5.0 (Linux; Android 6.0.1; Nexus 5X Build/MMB29P) AppleWebKit/537.36 (KHTML, like Gecko) Chrome/138.0.7204.183 Mobile Safari/537.36 (compatible; Googlebot/2.1; +http://www.google.com/bot.html)"
66.249.66.166 - - [08/Sep/2025:15:01:38 +0000] "GET /?zhHant/product/surugaya/82003827?campaign_uid=f64d716db5e979ed2f947dbaf4296895b951ae7f HTTP/1.1" 200 24552 "-" "Mozilla/5.0 (Linux; Android 6.0.1; Nexus 5X Build/MMB29P) AppleWebKit/537.36 (KHTML, like Gecko) Chrome/138.0.7204.183 Mobile Safari/537.36 (compatible; GoogleOther)"
188.166.176.134 - - [08/Sep/2025:15:01:01 +0000] "POST //wp-login.php HTTP/1.1" 200 14935 "https://pulsehost.co.uk//wp-login.php" "Mozilla/5.0 (Windows NT 10.0; Win64; x64) AppleWebKit/537.36 (KHTML, like Gecko) Chrome/88.0.4240.193 Safari/537.36"
188.166.176.134 - - [08/Sep/2025:15:01:15 +0000] "POST //wp-login.php HTTP/1.1" 200 14935 "https://pulsehost.co.uk//wp-login.php" "Mozilla/5.0 (Windows NT 10.0; Win64; x64) AppleWebKit/537.36 (KHTML, like Gecko) Chrome/88.0.4240.193 Safari/537.36"
188.166.176.134 - - [08/Sep/2025:15:01:30 +0000] "POST //wp-login.php HTTP/1.1" 200 14935 "https://pulsehost.co.uk//wp-login.php" "Mozilla/5.0 (Windows NT 10.0; Win64; x64) AppleWebKit/537.36 (KHTML, like Gecko) Chrome/88.0.4240.193 Safari/537.36"
188.166.176.134 - - [08/Sep/2025:15:01:46 +0000] "POST //wp-login.php HTTP/1.1" 200 14935 "https://pulsehost.co.uk//wp-login.php" "Mozilla/5.0 (Windows NT 10.0; Win64; x64) AppleWebKit/537.36 (KHTML, like Gecko) Chrome/88.0.4240.193 Safari/537.36"
45.225.169.71 - - [08/Sep/2025:15:02:06 +0000] "GET /?shopdetail/3626683 HTTP/1.1" 301 0 "https://www.pulsehost.co.uk/" "Mozilla/5.0 (Macintosh; Intel Mac OS X 10_15_7) AppleWebKit/605.1.15 (KHTML, like Gecko) Version/18.4 Safari/605.1.15"
188.166.176.134 - - [08/Sep/2025:15:02:01 +0000] "POST //wp-login.php HTTP/1.1" 200 14935 "https://pulsehost.co.uk//wp-login.php" "Mozilla/5.0 (Windows NT 10.0; Win64; x64) AppleWebKit/537.36 (KHTML, like Gecko) Chrome/88.0.4240.193 Safari/537.36"
66.249.66.68 - - [08/Sep/2025:15:02:22 +0000] "GET /?shopdetail/24762627 HTTP/1.1" 200 25163 "-" "Mozilla/5.0 (Linux; Android 6.0.1; Nexus 5X Build/MMB29P) AppleWebKit/537.36 (KHTML, like Gecko) Chrome/138.0.7204.183 Mobile Safari/537.36 (compatible; Googlebot/2.1; +http://www.google.com/bot.html)"
188.166.176.134 - - [08/Sep/2025:15:02:15 +0000] "POST //wp-login.php HTTP/1.1" 200 14935 "https://pulsehost.co.uk//wp-login.php" "Mozilla/5.0 (Windows NT 10.0; Win64; x64) AppleWebKit/537.36 (KHTML, like Gecko) Chrome/88.0.4240.193 Safari/537.36"
188.166.176.134 - - [08/Sep/2025:15:02:30 +0000] "POST //wp-login.php HTTP/1.1" 200 14935 "https://pulsehost.co.uk//wp-login.php" "Mozilla/5.0 (Windows NT 10.0; Win64; x64) AppleWebKit/537.36 (KHTML, like Gecko) Chrome/88.0.4240.193 Safari/537.36"
188.166.176.134 - - [08/Sep/2025:15:02:46 +0000] "POST //wp-login.php HTTP/1.1" 200 14935 "https://pulsehost.co.uk//wp-login.php" "Mozilla/5.0 (Windows NT 10.0; Win64; x64) AppleWebKit/537.36 (KHTML, like Gecko) Chrome/88.0.4240.193 Safari/537.36"
66.249.66.164 - - [08/Sep/2025:15:03:12 +0000] "GET /?zhHant/product/surugaya/78635753?campaign_uid=f64d716db5e979ed2f947dbaf4296895b951ae7f HTTP/1.1" 200 27277 "-" "Mozilla/5.0 (Linux; Android 6.0.1; Nexus 5X Build/MMB29P) AppleWebKit/537.36 (KHTML, like Gecko) Chrome/138.0.7204.183 Mobile Safari/537.36 (compatible; GoogleOther)"
188.166.176.134 - - [08/Sep/2025:15:03:01 +0000] "POST //wp-login.php HTTP/1.1" 200 14935 "https://pulsehost.co.uk//wp-login.php" "Mozilla/5.0 (Windows NT 10.0; Win64; x64) AppleWebKit/537.36 (KHTML, like Gecko) Chrome/88.0.4240.193 Safari/537.36"
45.71.122.90 - - [08/Sep/2025:15:03:26 +0000] "GET /?shopdetail/6917183 HTTP/1.1" 301 0 "https://pulsehost.co.uk/" "Mozilla/5.0 (Macintosh; Intel Mac OS X 10_15_7) AppleWebKit/537.36 (KHTML, like Gecko) Chrome/135.0.0.0 Safari/537.36"
188.166.176.134 - - [08/Sep/2025:15:03:16 +0000] "POST //wp-login.php HTTP/1.1" 200 14935 "https://pulsehost.co.uk//wp-login.php" "Mozilla/5.0 (Windows NT 10.0; Win64; x64) AppleWebKit/537.36 (KHTML, like Gecko) Chrome/88.0.4240.193 Safari/537.36"
94.25.184.106 - - [08/Sep/2025:15:03:38 +0000] "GET /?shopdetail/10324272 HTTP/1.1" 301 0 "https://www.pulsehost.co.uk/" "Mozilla/5.0 (Macintosh; Intel Mac OS X 10_15_7) AppleWebKit/537.36 (KHTML, like Gecko) Chrome/132.0.0.0 Safari/537.36"
187.198.248.107 - - [08/Sep/2025:15:03:40 +0000] "GET /?shopdetail/6917183 HTTP/1.1" 301 0 "https://pulsehost.co.uk/" "Mozilla/5.0 (Macintosh; Intel Mac OS X 10_15_7) AppleWebKit/537.36 (KHTML, like Gecko) Chrome/135.0.0.0 Safari/537.36"
179.0.118.182 - - [08/Sep/2025:15:02:00 +0000] "GET /?shopdetail/3626683 HTTP/1.1" 301 0 "https://www.pulsehost.co.uk/" "Mozilla/5.0 (Macintosh; Intel Mac OS X 10_15_7) AppleWebKit/605.1.15 (KHTML, like Gecko) Version/18.4 Safari/605.1.15"
191.37.175.73 - - [08/Sep/2025:15:03:22 +0000] "GET /?shopdetail/10324272 HTTP/1.1" 301 0 "https://www.pulsehost.co.uk/" "Mozilla/5.0 (Macintosh; Intel Mac OS X 10_15_7) AppleWebKit/537.36 (KHTML, like Gecko) Chrome/132.0.0.0 Safari/537.36"
57.141.6.66 - - [08/Sep/2025:15:03:24 +0000] "GET /?eawxo/j800966.html HTTP/2" 301 0 "-" "meta-externalagent/1.1 (+https://developers.facebook.com/docs/sharing/webmasters/crawler)"
57.141.6.41 - - [08/Sep/2025:15:03:30 +0000] "GET /?eawxo%2Fj800966_html HTTP/2" 200 150388 "-" "meta-externalagent/1.1 (+https://developers.facebook.com/docs/sharing/webmasters/crawler)"
188.166.176.134 - - [08/Sep/2025:15:03:31 +0000] "POST //wp-login.php HTTP/1.1" 200 14935 "https://pulsehost.co.uk//wp-login.php" "Mozilla/5.0 (Windows NT 10.0; Win64; x64) AppleWebKit/537.36 (KHTML, like Gecko) Chrome/88.0.4240.193 Safari/537.36"
92.205.209.78 - - [08/Sep/2025:15:03:47 +0000] "GET /wp-login.php HTTP/2" 200 3630 "-" "Mozilla/5.0 (Windows NT 6.3; WOW64; Trident/7.0; MDDCJS; rv:11.0) like Gecko"
92.205.209.78 - - [08/Sep/2025:15:03:47 +0000] "POST /wp-login.php HTTP/2" 200 3767 "https://pulsehost.co.uk/wp-login.php" "Mozilla/5.0 (Windows NT 6.3; WOW64; Trident/7.0; MDDCJS; rv:11.0) like Gecko"
57.141.6.22 - - [08/Sep/2025:15:04:05 +0000] "GET /?iluvs/p2029264.html HTTP/2" 301 0 "-" "meta-externalagent/1.1 (+https://developers.facebook.com/docs/sharing/webmasters/crawler)"
66.249.66.69 - - [08/Sep/2025:15:04:12 +0000] "GET /?shopdetail/29006149 HTTP/1.1" 200 24625 "-" "Mozilla/5.0 (Linux; Android 6.0.1; Nexus 5X Build/MMB29P) AppleWebKit/537.36 (KHTML, like Gecko) Chrome/138.0.7204.183 Mobile Safari/537.36 (compatible; Googlebot/2.1; +http://www.google.com/bot.html)"
66.249.66.165 - - [08/Sep/2025:15:04:46 +0000] "GET /?zhHant/product/surugaya/95340352?campaign_uid=f64d716db5e979ed2f947dbaf4296895b951ae7f HTTP/1.1" 200 25026 "-" "Mozilla/5.0 (Linux; Android 6.0.1; Nexus 5X Build/MMB29P) AppleWebKit/537.36 (KHTML, like Gecko) Chrome/138.0.7204.183 Mobile Safari/537.36 (compatible; GoogleOther)"
57.141.6.57 - - [08/Sep/2025:15:04:54 +0000] "GET /?rgkcf/i682015.html HTTP/2" 301 0 "-" "meta-externalagent/1.1 (+https://developers.facebook.com/docs/sharing/webmasters/crawler)"
149.57.117.251 - - [08/Sep/2025:15:05:42 +0000] "GET / HTTP/2" 200 19056 "-" "Mozilla/5.0 (Windows NT 10.0; Win64; x64) AppleWebKit/537.36 (KHTML, like Gecko) Chrome/139.0.0.0 Safari/537.36"
149.57.117.251 - - [08/Sep/2025:15:05:42 +0000] "GET /wp-content/plugins/contact-form-7/includes/css/styles.css?ver=6.0.6 HTTP/2" 200 890 "https://pulsehost.co.uk/" "Mozilla/5.0 (Windows NT 10.0; Win64; x64) AppleWebKit/537.36 (KHTML, like Gecko) Chrome/139.0.0.0 Safari/537.36"
149.57.117.251 - - [08/Sep/2025:15:05:42 +0000] "GET /wp-content/plugins/dexolix-core/library/extension/mega-menu/assets/css/teconce-mega-menu.css?ver=6.8.2 HTTP/2" 200 2250 "https://pulsehost.co.uk/" "Mozilla/5.0 (Windows NT 10.0; Win64; x64) AppleWebKit/537.36 (KHTML, like Gecko) Chrome/139.0.0.0 Safari/537.36"
149.57.117.251 - - [08/Sep/2025:15:05:42 +0000] "GET /wp-content/plugins/dexolix-core/public/css/dexolix-core-public.css?ver=1.0.0 HTTP/2" 200 98 "https://pulsehost.co.uk/" "Mozilla/5.0 (Windows NT 10.0; Win64; x64) AppleWebKit/537.36 (KHTML, like Gecko) Chrome/139.0.0.0 Safari/537.36"
149.57.117.251 - - [08/Sep/2025:15:05:42 +0000] "GET /wp-content/plugins/dexolix-core/elementor/assets/css/dexolix-icon.css?ver=1.0.0 HTTP/2" 200 1087 "https://pulsehost.co.uk/" "Mozilla/5.0 (Windows NT 10.0; Win64; x64) AppleWebKit/537.36 (KHTML, like Gecko) Chrome/139.0.0.0 Safari/537.36"
149.57.117.251 - - [08/Sep/2025:15:05:42 +0000] "GET /wp-content/themes/dexolix/style.css?ver=6.8.2 HTTP/2" 200 348 "https://pulsehost.co.uk/" "Mozilla/5.0 (Windows NT 10.0; Win64; x64) AppleWebKit/537.36 (KHTML, like Gecko) Chrome/139.0.0.0 Safari/537.36"
149.57.117.251 - - [08/Sep/2025:15:05:42 +0000] "GET /wp-content/plugins/dexolix-core/elementor/assets/css/dexolix-elementor.css?ver=1.1 HTTP/2" 200 7438 "https://pulsehost.co.uk/" "Mozilla/5.0 (Windows NT 10.0; Win64; x64) AppleWebKit/537.36 (KHTML, like Gecko) Chrome/139.0.0.0 Safari/537.36"
149.57.117.251 - - [08/Sep/2025:15:05:42 +0000] "GET /wp-content/plugins/elementor/assets/css/frontend.min.css?ver=3.29.2 HTTP/2" 200 6472 "https://pulsehost.co.uk/" "Mozilla/5.0 (Windows NT 10.0; Win64; x64) AppleWebKit/537.36 (KHTML, like Gecko) Chrome/139.0.0.0 Safari/537.36"
149.57.117.251 - - [08/Sep/2025:15:05:42 +0000] "GET /wp-content/uploads/elementor/css/post-695.css?ver=1750404280 HTTP/2" 200 1248 "https://pulsehost.co.uk/" "Mozilla/5.0 (Windows NT 10.0; Win64; x64) AppleWebKit/537.36 (KHTML, like Gecko) Chrome/139.0.0.0 Safari/537.36"
149.57.117.251 - - [08/Sep/2025:15:05:42 +0000] "GET /wp-content/plugins/elementor/assets/lib/eicons/css/elementor-icons.min.css?ver=5.40.0 HTTP/2" 200 3983 "https://pulsehost.co.uk/" "Mozilla/5.0 (Windows NT 10.0; Win64; x64) AppleWebKit/537.36 (KHTML, like Gecko) Chrome/139.0.0.0 Safari/537.36"
149.57.117.251 - - [08/Sep/2025:15:05:42 +0000] "GET /wp-content/uploads/elementor/css/post-6.css?ver=1750404281 HTTP/2" 200 323 "https://pulsehost.co.uk/" "Mozilla/5.0 (Windows NT 10.0; Win64; x64) AppleWebKit/537.36 (KHTML, like Gecko) Chrome/139.0.0.0 Safari/537.36"
149.57.117.251 - - [08/Sep/2025:15:05:42 +0000] "GET /wp-content/plugins/elementor/assets/css/widget-image.min.css?ver=3.29.2 HTTP/2" 200 119 "https://pulsehost.co.uk/" "Mozilla/5.0 (Windows NT 10.0; Win64; x64) AppleWebKit/537.36 (KHTML, like Gecko) Chrome/139.0.0.0 Safari/537.36"
149.57.117.251 - - [08/Sep/2025:15:05:42 +0000] "GET /wp-content/uploads/elementor/css/post-86.css?ver=1750404318 HTTP/2" 200 2251 "https://pulsehost.co.uk/" "Mozilla/5.0 (Windows NT 10.0; Win64; x64) AppleWebKit/537.36 (KHTML, like Gecko) Chrome/139.0.0.0 Safari/537.36"
149.57.117.251 - - [08/Sep/2025:15:05:42 +0000] "GET /wp-content/plugins/elementor/assets/css/widget-heading.min.css?ver=3.29.2 HTTP/2" 200 154 "https://pulsehost.co.uk/" "Mozilla/5.0 (Windows NT 10.0; Win64; x64) AppleWebKit/537.36 (KHTML, like Gecko) Chrome/139.0.0.0 Safari/537.36"
149.57.117.251 - - [08/Sep/2025:15:05:42 +0000] "GET /wp-content/themes/dexolix/assets/css/theme-default-css/lity.min.css?ver=1.0.0 HTTP/2" 200 956 "https://pulsehost.co.uk/" "Mozilla/5.0 (Windows NT 10.0; Win64; x64) AppleWebKit/537.36 (KHTML, like Gecko) Chrome/139.0.0.0 Safari/537.36"
149.57.117.251 - - [08/Sep/2025:15:05:42 +0000] "GET /wp-content/themes/dexolix-child/style.css?ver=1.0.0 HTTP/2" 200 195 "https://pulsehost.co.uk/" "Mozilla/5.0 (Windows NT 10.0; Win64; x64) AppleWebKit/537.36 (KHTML, like Gecko) Chrome/139.0.0.0 Safari/537.36"
149.57.117.251 - - [08/Sep/2025:15:05:42 +0000] "GET /wp-content/themes/dexolix/assets/css/theme-default-css/iconsax-icons.css?ver=1.0.0 HTTP/2" 200 7133 "https://pulsehost.co.uk/" "Mozilla/5.0 (Windows NT 10.0; Win64; x64) AppleWebKit/537.36 (KHTML, like Gecko) Chrome/139.0.0.0 Safari/537.36"
149.57.117.251 - - [08/Sep/2025:15:05:42 +0000] "GET /wp-content/themes/dexolix/assets/css/iconly.min.css?ver=1.0.0 HTTP/2" 200 421 "https://pulsehost.co.uk/" "Mozilla/5.0 (Windows NT 10.0; Win64; x64) AppleWebKit/537.36 (KHTML, like Gecko) Chrome/139.0.0.0 Safari/537.36"
149.57.117.251 - - [08/Sep/2025:15:05:42 +0000] "GET /wp-content/themes/dexolix/assets/css/theme-default-css/theme-default-style.css?ver=1.0.0 HTTP/2" 200 9518 "https://pulsehost.co.uk/" "Mozilla/5.0 (Windows NT 10.0; Win64; x64) AppleWebKit/537.36 (KHTML, like Gecko) Chrome/139.0.0.0 Safari/537.36"
149.57.117.251 - - [08/Sep/2025:15:05:42 +0000] "GET /wp-content/themes/dexolix/assets/css/theme-default-css/all.min.css?ver=1.0.0 HTTP/2" 200 20965 "https://pulsehost.co.uk/" "Mozilla/5.0 (Windows NT 10.0; Win64; x64) AppleWebKit/537.36 (KHTML, like Gecko) Chrome/139.0.0.0 Safari/537.36"
149.57.117.251 - - [08/Sep/2025:15:05:42 +0000] "GET /wp-content/themes/dexolix/assets/css/theme-default-css/bootstrap.min.css?ver=1.0.0 HTTP/2" 200 28321 "https://pulsehost.co.uk/" "Mozilla/5.0 (Windows NT 10.0; Win64; x64) AppleWebKit/537.36 (KHTML, like Gecko) Chrome/139.0.0.0 Safari/537.36"
149.57.117.251 - - [08/Sep/2025:15:05:42 +0000] "GET /wp-content/plugins/elementor/assets/lib/swiper/v8/css/swiper.min.css?ver=8.4.5 HTTP/2" 200 4248 "https://pulsehost.co.uk/" "Mozilla/5.0 (Windows NT 10.0; Win64; x64) AppleWebKit/537.36 (KHTML, like Gecko) Chrome/139.0.0.0 Safari/537.36"
149.57.117.251 - - [08/Sep/2025:15:05:42 +0000] "GET /wp-content/themes/dexolix/assets/css/jquery-accordion-menu.css?ver=1.0.0 HTTP/2" 200 1061 "https://pulsehost.co.uk/" "Mozilla/5.0 (Windows NT 10.0; Win64; x64) AppleWebKit/537.36 (KHTML, like Gecko) Chrome/139.0.0.0 Safari/537.36"
149.57.117.251 - - [08/Sep/2025:15:05:42 +0000] "GET /wp-content/themes/dexolix/assets/css/responsive.css?ver=1.0.0 HTTP/2" 200 6525 "https://pulsehost.co.uk/" "Mozilla/5.0 (Windows NT 10.0; Win64; x64) AppleWebKit/537.36 (KHTML, like Gecko) Chrome/139.0.0.0 Safari/537.36"
149.57.117.251 - - [08/Sep/2025:15:05:42 +0000] "GET /wp-content/themes/dexolix/assets/css/style.css?ver=1.0.0 HTTP/2" 200 14045 "https://pulsehost.co.uk/" "Mozilla/5.0 (Windows NT 10.0; Win64; x64) AppleWebKit/537.36 (KHTML, like Gecko) Chrome/139.0.0.0 Safari/537.36"
188.166.176.134 - - [08/Sep/2025:15:03:45 +0000] "POST //wp-login.php HTTP/1.1" 200 14935 "https://pulsehost.co.uk//wp-login.php" "Mozilla/5.0 (Windows NT 10.0; Win64; x64) AppleWebKit/537.36 (KHTML, like Gecko) Chrome/88.0.4240.193 Safari/537.36"
57.141.6.49 - - [08/Sep/2025:15:04:09 +0000] "GET /?iluvs%2Fp2029264_html HTTP/2" 200 150389 "-" "meta-externalagent/1.1 (+https://developers.facebook.com/docs/sharing/webmasters/crawler)"
188.166.176.134 - - [08/Sep/2025:15:04:00 +0000] "POST //wp-login.php HTTP/1.1" 200 14935 "https://pulsehost.co.uk//wp-login.php" "Mozilla/5.0 (Windows NT 10.0; Win64; x64) AppleWebKit/537.36 (KHTML, like Gecko) Chrome/88.0.4240.193 Safari/537.36"
188.166.176.134 - - [08/Sep/2025:15:04:16 +0000] "POST //wp-login.php HTTP/1.1" 200 14935 "https://pulsehost.co.uk//wp-login.php" "Mozilla/5.0 (Windows NT 10.0; Win64; x64) AppleWebKit/537.36 (KHTML, like Gecko) Chrome/88.0.4240.193 Safari/537.36"
3.137.73.221 - - [08/Sep/2025:15:04:36 +0000] "GET / HTTP/1.1" 200 23823 "http://45.85.88.115:443/" "Mozilla/5.0 (Macintosh; Intel Mac OS X 10_15_7) Chrome/126.0.0.0 Safari/537.36"
188.166.176.134 - - [08/Sep/2025:15:04:30 +0000] "POST //wp-login.php HTTP/1.1" 200 14935 "https://pulsehost.co.uk//wp-login.php" "Mozilla/5.0 (Windows NT 10.0; Win64; x64) AppleWebKit/537.36 (KHTML, like Gecko) Chrome/88.0.4240.193 Safari/537.36"
188.166.176.134 - - [08/Sep/2025:15:04:45 +0000] "POST //wp-login.php HTTP/1.1" 200 14935 "https://pulsehost.co.uk//wp-login.php" "Mozilla/5.0 (Windows NT 10.0; Win64; x64) AppleWebKit/537.36 (KHTML, like Gecko) Chrome/88.0.4240.193 Safari/537.36"
57.141.6.12 - - [08/Sep/2025:15:05:01 +0000] "GET /?rgkcf%2Fi682015_html HTTP/2" 200 150388 "-" "meta-externalagent/1.1 (+https://developers.facebook.com/docs/sharing/webmasters/crawler)"
188.166.176.134 - - [08/Sep/2025:15:05:00 +0000] "POST //wp-login.php HTTP/1.1" 200 14935 "https://pulsehost.co.uk//wp-login.php" "Mozilla/5.0 (Windows NT 10.0; Win64; x64) AppleWebKit/537.36 (KHTML, like Gecko) Chrome/88.0.4240.193 Safari/537.36"
188.166.176.134 - - [08/Sep/2025:15:05:15 +0000] "POST //wp-login.php HTTP/1.1" 200 14935 "https://pulsehost.co.uk//wp-login.php" "Mozilla/5.0 (Windows NT 10.0; Win64; x64) AppleWebKit/537.36 (KHTML, like Gecko) Chrome/88.0.4240.193 Safari/537.36"
149.57.117.251 - - [08/Sep/2025:15:05:43 +0000] "GET /wp-includes/js/dist/hooks.min.js?ver=4d63a3d491d11ffd8ac6 HTTP/3" 200 1571 "https://pulsehost.co.uk/" "Mozilla/5.0 (Windows NT 10.0; Win64; x64) AppleWebKit/537.36 (KHTML, like Gecko) Chrome/139.0.0.0 Safari/537.36"
149.57.117.251 - - [08/Sep/2025:15:05:43 +0000] "GET /wp-includes/js/dist/i18n.min.js?ver=5e580eb46a90c2b997e6 HTTP/3" 200 3542 "https://pulsehost.co.uk/" "Mozilla/5.0 (Windows NT 10.0; Win64; x64) AppleWebKit/537.36 (KHTML, like Gecko) Chrome/139.0.0.0 Safari/537.36"
149.57.117.251 - - [08/Sep/2025:15:05:43 +0000] "GET /wp-content/plugins/contact-form-7/includes/swv/js/index.js?ver=6.0.6 HTTP/3" 200 3369 "https://pulsehost.co.uk/" "Mozilla/5.0 (Windows NT 10.0; Win64; x64) AppleWebKit/537.36 (KHTML, like Gecko) Chrome/139.0.0.0 Safari/537.36"
149.57.117.251 - - [08/Sep/2025:15:05:43 +0000] "GET /wp-content/plugins/elementor/assets/js/webpack.runtime.min.js?ver=3.29.2 HTTP/3" 200 2319 "https://pulsehost.co.uk/" "Mozilla/5.0 (Windows NT 10.0; Win64; x64) AppleWebKit/537.36 (KHTML, like Gecko) Chrome/139.0.0.0 Safari/537.36"
149.57.117.251 - - [08/Sep/2025:15:05:43 +0000] "GET /wp-content/themes/dexolix/assets/js/theme-default-js/theme-default.js?ver=1.0.0 HTTP/3" 200 634 "https://pulsehost.co.uk/" "Mozilla/5.0 (Windows NT 10.0; Win64; x64) AppleWebKit/537.36 (KHTML, like Gecko) Chrome/139.0.0.0 Safari/537.36"
149.57.117.251 - - [08/Sep/2025:15:05:43 +0000] "GET /wp-content/themes/dexolix/js/navigation.js?ver=1.0.0 HTTP/3" 200 923 "https://pulsehost.co.uk/" "Mozilla/5.0 (Windows NT 10.0; Win64; x64) AppleWebKit/537.36 (KHTML, like Gecko) Chrome/139.0.0.0 Safari/537.36"
149.57.117.251 - - [08/Sep/2025:15:05:43 +0000] "GET /wp-content/themes/dexolix/assets/js/jquery-accordion-menu.js?ver=1.0.0 HTTP/3" 200 937 "https://pulsehost.co.uk/" "Mozilla/5.0 (Windows NT 10.0; Win64; x64) AppleWebKit/537.36 (KHTML, like Gecko) Chrome/139.0.0.0 Safari/537.36"
149.57.117.251 - - [08/Sep/2025:15:05:43 +0000] "GET /wp-content/themes/dexolix/assets/js/counterup2.js?ver=1.0.0 HTTP/3" 200 830 "https://pulsehost.co.uk/" "Mozilla/5.0 (Windows NT 10.0; Win64; x64) AppleWebKit/537.36 (KHTML, like Gecko) Chrome/139.0.0.0 Safari/537.36"
149.57.117.251 - - [08/Sep/2025:15:05:43 +0000] "GET /wp-content/plugins/dexolix-core/elementor/assets/fonts/iconly.ttf HTTP/3" 200 3440 "https://pulsehost.co.uk/wp-content/plugins/dexolix-core/elementor/assets/css/iconly.css?ver=1" "Mozilla/5.0 (Windows NT 10.0; Win64; x64) AppleWebKit/537.36 (KHTML, like Gecko) Chrome/139.0.0.0 Safari/537.36"
149.57.117.251 - - [08/Sep/2025:15:05:43 +0000] "GET /wp-content/plugins/dexolix-core/elementor/assets/fonts/dexolix-icon.ttf?1684303465367 HTTP/3" 200 22709 "https://pulsehost.co.uk/wp-content/plugins/dexolix-core/elementor/assets/css/dexolix-icon.css?ver=1.0.0" "Mozilla/5.0 (Windows NT 10.0; Win64; x64) AppleWebKit/537.36 (KHTML, like Gecko) Chrome/139.0.0.0 Safari/537.36"
149.57.117.251 - - [08/Sep/2025:15:05:43 +0000] "GET /wp-content/uploads/elementor/google-fonts/fonts/anton-1ptgg87lroyam3kz-c8.woff2 HTTP/3" 200 18672 "https://pulsehost.co.uk/wp-content/uploads/elementor/google-fonts/css/anton.css?ver=1750404280" "Mozilla/5.0 (Windows NT 10.0; Win64; x64) AppleWebKit/537.36 (KHTML, like Gecko) Chrome/139.0.0.0 Safari/537.36"
149.57.117.251 - - [08/Sep/2025:15:05:43 +0000] "GET /wp-content/plugins/contact-form-7/includes/js/index.js?ver=6.0.6 HTTP/3" 200 4008 "https://pulsehost.co.uk/" "Mozilla/5.0 (Windows NT 10.0; Win64; x64) AppleWebKit/537.36 (KHTML, like Gecko) Chrome/139.0.0.0 Safari/537.36"
149.57.117.251 - - [08/Sep/2025:15:05:43 +0000] "GET /wp-content/uploads/2025/05/dot-1.png HTTP/3" 200 62287 "https://pulsehost.co.uk/wp-content/uploads/elementor/css/post-86.css?ver=1750404318" "Mozilla/5.0 (Windows NT 10.0; Win64; x64) AppleWebKit/537.36 (KHTML, like Gecko) Chrome/139.0.0.0 Safari/537.36"
149.57.117.251 - - [08/Sep/2025:15:05:43 +0000] "GET /wp-content/plugins/elementor/assets/js/frontend-modules.min.js?ver=3.29.2 HTTP/3" 200 14423 "https://pulsehost.co.uk/" "Mozilla/5.0 (Windows NT 10.0; Win64; x64) AppleWebKit/537.36 (KHTML, like Gecko) Chrome/139.0.0.0 Safari/537.36"
149.57.117.251 - - [08/Sep/2025:15:05:43 +0000] "GET /wp-includes/js/jquery/ui/core.min.js?ver=1.13.3 HTTP/3" 200 6812 "https://pulsehost.co.uk/" "Mozilla/5.0 (Windows NT 10.0; Win64; x64) AppleWebKit/537.36 (KHTML, like Gecko) Chrome/139.0.0.0 Safari/537.36"
149.57.117.251 - - [08/Sep/2025:15:05:43 +0000] "GET /wp-content/plugins/elementor/assets/js/frontend.min.js?ver=3.29.2 HTTP/3" 200 10288 "https://pulsehost.co.uk/" "Mozilla/5.0 (Windows NT 10.0; Win64; x64) AppleWebKit/537.36 (KHTML, like Gecko) Chrome/139.0.0.0 Safari/537.36"
149.57.117.251 - - [08/Sep/2025:15:05:43 +0000] "GET /wp-content/themes/dexolix/assets/js/theme-default-js/bootstrap.bundle.min.js?ver=1.0.0 HTTP/3" 200 22922 "https://pulsehost.co.uk/" "Mozilla/5.0 (Windows NT 10.0; Win64; x64) AppleWebKit/537.36 (KHTML, like Gecko) Chrome/139.0.0.0 Safari/537.36"
149.57.117.251 - - [08/Sep/2025:15:05:43 +0000] "GET /wp-content/themes/dexolix/assets/js/theme-default-js/lity.min.js?ver=1.0.0 HTTP/3" 200 2713 "https://pulsehost.co.uk/" "Mozilla/5.0 (Windows NT 10.0; Win64; x64) AppleWebKit/537.36 (KHTML, like Gecko) Chrome/139.0.0.0 Safari/537.36"
149.57.117.251 - - [08/Sep/2025:15:05:43 +0000] "GET /wp-content/plugins/elementor/assets/lib/swiper/v8/swiper.min.js?ver=8.4.5 HTTP/3" 200 38152 "https://pulsehost.co.uk/" "Mozilla/5.0 (Windows NT 10.0; Win64; x64) AppleWebKit/537.36 (KHTML, like Gecko) Chrome/139.0.0.0 Safari/537.36"
149.57.117.251 - - [08/Sep/2025:15:05:43 +0000] "GET /wp-content/themes/dexolix/assets/js/aos.js?ver=1.0.0 HTTP/3" 200 4194 "https://pulsehost.co.uk/" "Mozilla/5.0 (Windows NT 10.0; Win64; x64) AppleWebKit/537.36 (KHTML, like Gecko) Chrome/139.0.0.0 Safari/537.36"
149.57.117.251 - - [08/Sep/2025:15:05:43 +0000] "GET /wp-content/themes/dexolix/assets/js/ScrollTrigger.min.js?ver=1.0.0 HTTP/3" 200 16429 "https://pulsehost.co.uk/" "Mozilla/5.0 (Windows NT 10.0; Win64; x64) AppleWebKit/537.36 (KHTML, like Gecko) Chrome/139.0.0.0 Safari/537.36"
149.57.117.251 - - [08/Sep/2025:15:05:43 +0000] "GET /wp-content/themes/dexolix/assets/js/custom-script-file.js?ver=1.0.0 HTTP/3" 200 1946 "https://pulsehost.co.uk/" "Mozilla/5.0 (Windows NT 10.0; Win64; x64) AppleWebKit/537.36 (KHTML, like Gecko) Chrome/139.0.0.0 Safari/537.36"
149.57.117.251 - - [08/Sep/2025:15:05:43 +0000] "GET /wp-content/themes/dexolix/assets/js/gsap.min.js?ver=1.0.0 HTTP/3" 200 27203 "https://pulsehost.co.uk/" "Mozilla/5.0 (Windows NT 10.0; Win64; x64) AppleWebKit/537.36 (KHTML, like Gecko) Chrome/139.0.0.0 Safari/537.36"
149.57.117.251 - - [08/Sep/2025:15:05:43 +0000] "GET /wp-content/uploads/2025/05/dream-2-1.jpg HTTP/3" 200 72599 "https://pulsehost.co.uk/wp-content/uploads/elementor/css/post-86.css?ver=1750404318" "Mozilla/5.0 (Windows NT 10.0; Win64; x64) AppleWebKit/537.36 (KHTML, like Gecko) Chrome/139.0.0.0 Safari/537.36"
149.57.117.251 - - [08/Sep/2025:15:05:43 +0000] "GET /wp-content/uploads/2025/05/Vector-3.png HTTP/3" 200 102061 "https://pulsehost.co.uk/" "Mozilla/5.0 (Windows NT 10.0; Win64; x64) AppleWebKit/537.36 (KHTML, like Gecko) Chrome/139.0.0.0 Safari/537.36"
149.57.117.251 - - [08/Sep/2025:15:05:43 +0000] "GET /wp-content/uploads/2025/05/Vector-2.png HTTP/3" 200 114433 "https://pulsehost.co.uk/" "Mozilla/5.0 (Windows NT 10.0; Win64; x64) AppleWebKit/537.36 (KHTML, like Gecko) Chrome/139.0.0.0 Safari/537.36"
149.57.117.251 - - [08/Sep/2025:15:05:43 +0000] "GET /wp-includes/js/wp-emoji-release.min.js?ver=6.8.2 HTTP/3" 200 4769 "https://pulsehost.co.uk/" "Mozilla/5.0 (Windows NT 10.0; Win64; x64) AppleWebKit/537.36 (KHTML, like Gecko) Chrome/139.0.0.0 Safari/537.36"
149.57.117.251 - - [08/Sep/2025:15:05:43 +0000] "GET /wp-content/plugins/elementor/assets/js/shared-frontend-handlers.30dc2f9c080845a413a6.bundle.min.js HTTP/3" 200 2546 "https://pulsehost.co.uk/" "Mozilla/5.0 (Windows NT 10.0; Win64; x64) AppleWebKit/537.36 (KHTML, like Gecko) Chrome/139.0.0.0 Safari/537.36"
149.57.117.251 - - [08/Sep/2025:15:05:43 +0000] "GET /wp-content/plugins/elementor/assets/js/text-editor.c084ef86600b6f11690d.bundle.min.js HTTP/3" 200 621 "https://pulsehost.co.uk/" "Mozilla/5.0 (Windows NT 10.0; Win64; x64) AppleWebKit/537.36 (KHTML, like Gecko) Chrome/139.0.0.0 Safari/537.36"
149.57.117.251 - - [08/Sep/2025:15:05:43 +0000] "GET /wp-content/uploads/2025/05/kelly-sikkema-io0ZLYbu31s-unsplash.jpg HTTP/3" 200 115886 "https://pulsehost.co.uk/" "Mozilla/5.0 (Windows NT 10.0; Win64; x64) AppleWebKit/537.36 (KHTML, like Gecko) Chrome/139.0.0.0 Safari/537.36"
149.57.117.251 - - [08/Sep/2025:15:05:43 +0000] "GET /wp-content/uploads/2025/05/austin-distel-744oGeqpxPQ-unsplash.jpg HTTP/3" 200 150861 "https://pulsehost.co.uk/" "Mozilla/5.0 (Windows NT 10.0; Win64; x64) AppleWebKit/537.36 (KHTML, like Gecko) Chrome/139.0.0.0 Safari/537.36"
149.57.117.251 - - [08/Sep/2025:15:05:43 +0000] "GET /wp-content/uploads/2025/05/ben-kolde-bs2Ba7t69mM-unsplash.jpg HTTP/3" 200 144079 "https://pulsehost.co.uk/" "Mozilla/5.0 (Windows NT 10.0; Win64; x64) AppleWebKit/537.36 (KHTML, like Gecko) Chrome/139.0.0.0 Safari/537.36"
149.57.117.251 - - [08/Sep/2025:15:05:43 +0000] "GET /wp-json/contact-form-7/v1/contact-forms/709/feedback/schema HTTP/3" 200 187 "https://pulsehost.co.uk/" "Mozilla/5.0 (Windows NT 10.0; Win64; x64) AppleWebKit/537.36 (KHTML, like Gecko) Chrome/139.0.0.0 Safari/537.36"
149.57.117.251 - - [08/Sep/2025:15:05:42 +0000] "GET /wp-content/themes/dexolix/assets/css/aos.css?ver=1.0.0 HTTP/2" 200 1539 "https://pulsehost.co.uk/" "Mozilla/5.0 (Windows NT 10.0; Win64; x64) AppleWebKit/537.36 (KHTML, like Gecko) Chrome/139.0.0.0 Safari/537.36"
149.57.117.251 - - [08/Sep/2025:15:05:42 +0000] "GET /wp-content/uploads/elementor/css/post-635.css?ver=1754063001 HTTP/2" 200 706 "https://pulsehost.co.uk/" "Mozilla/5.0 (Windows NT 10.0; Win64; x64) AppleWebKit/537.36 (KHTML, like Gecko) Chrome/139.0.0.0 Safari/537.36"
149.57.117.251 - - [08/Sep/2025:15:05:42 +0000] "GET /wp-content/uploads/elementor/google-fonts/css/instrumentsans.css?ver=1750404281 HTTP/2" 200 479 "https://pulsehost.co.uk/" "Mozilla/5.0 (Windows NT 10.0; Win64; x64) AppleWebKit/537.36 (KHTML, like Gecko) Chrome/139.0.0.0 Safari/537.36"
149.57.117.251 - - [08/Sep/2025:15:05:42 +0000] "GET /wp-content/uploads/elementor/google-fonts/css/anton.css?ver=1750404280 HTTP/2" 200 404 "https://pulsehost.co.uk/" "Mozilla/5.0 (Windows NT 10.0; Win64; x64) AppleWebKit/537.36 (KHTML, like Gecko) Chrome/139.0.0.0 Safari/537.36"
149.57.117.251 - - [08/Sep/2025:15:05:42 +0000] "GET /wp-content/uploads/elementor/google-fonts/css/roboto.css?ver=1750403939 HTTP/2" 200 1880 "https://pulsehost.co.uk/" "Mozilla/5.0 (Windows NT 10.0; Win64; x64) AppleWebKit/537.36 (KHTML, like Gecko) Chrome/139.0.0.0 Safari/537.36"
149.57.117.251 - - [08/Sep/2025:15:05:42 +0000] "GET /wp-content/uploads/elementor/google-fonts/css/robotoslab.css?ver=1750403942 HTTP/2" 200 713 "https://pulsehost.co.uk/" "Mozilla/5.0 (Windows NT 10.0; Win64; x64) AppleWebKit/537.36 (KHTML, like Gecko) Chrome/139.0.0.0 Safari/537.36"
149.57.117.251 - - [08/Sep/2025:15:05:42 +0000] "GET /wp-content/plugins/dexolix-core/elementor/assets/css/iconly.css?ver=1 HTTP/2" 200 420 "https://pulsehost.co.uk/" "Mozilla/5.0 (Windows NT 10.0; Win64; x64) AppleWebKit/537.36 (KHTML, like Gecko) Chrome/139.0.0.0 Safari/537.36"
149.57.117.251 - - [08/Sep/2025:15:05:42 +0000] "GET /wp-includes/js/jquery/jquery-migrate.min.js?ver=3.4.1 HTTP/2" 200 4678 "https://pulsehost.co.uk/" "Mozilla/5.0 (Windows NT 10.0; Win64; x64) AppleWebKit/537.36 (KHTML, like Gecko) Chrome/139.0.0.0 Safari/537.36"
149.57.117.251 - - [08/Sep/2025:15:05:42 +0000] "GET /wp-content/plugins/dexolix-core/elementor/assets/js/dexolix-elementor.js?ver=1.1 HTTP/2" 200 3246 "https://pulsehost.co.uk/" "Mozilla/5.0 (Windows NT 10.0; Win64; x64) AppleWebKit/537.36 (KHTML, like Gecko) Chrome/139.0.0.0 Safari/537.36"
149.57.117.251 - - [08/Sep/2025:15:05:42 +0000] "GET /wp-content/plugins/dexolix-core/elementor/assets/js/dexolix-editor-flickcity.js?ver=1.1 HTTP/2" 200 13888 "https://pulsehost.co.uk/" "Mozilla/5.0 (Windows NT 10.0; Win64; x64) AppleWebKit/537.36 (KHTML, like Gecko) Chrome/139.0.0.0 Safari/537.36"
149.57.117.251 - - [08/Sep/2025:15:05:42 +0000] "GET /wp-content/plugins/dexolix-core/elementor/assets/js/dexolix-parallax.js?ver=1.1 HTTP/2" 200 6129 "https://pulsehost.co.uk/" "Mozilla/5.0 (Windows NT 10.0; Win64; x64) AppleWebKit/537.36 (KHTML, like Gecko) Chrome/139.0.0.0 Safari/537.36"
149.57.117.251 - - [08/Sep/2025:15:05:42 +0000] "GET /wp-content/plugins/dexolix-core/public/js/dexolix-core-public.js?ver=1.0.0 HTTP/2" 200 413 "https://pulsehost.co.uk/" "Mozilla/5.0 (Windows NT 10.0; Win64; x64) AppleWebKit/537.36 (KHTML, like Gecko) Chrome/139.0.0.0 Safari/537.36"
149.57.117.251 - - [08/Sep/2025:15:05:42 +0000] "GET /wp-content/uploads/2025/05/Artboard-1-1024x301.webp HTTP/2" 200 6484 "https://pulsehost.co.uk/" "Mozilla/5.0 (Windows NT 10.0; Win64; x64) AppleWebKit/537.36 (KHTML, like Gecko) Chrome/139.0.0.0 Safari/537.36"
149.57.117.251 - - [08/Sep/2025:15:05:42 +0000] "GET /wp-includes/js/jquery/jquery.min.js?ver=3.7.1 HTTP/2" 200 29744 "https://pulsehost.co.uk/" "Mozilla/5.0 (Windows NT 10.0; Win64; x64) AppleWebKit/537.36 (KHTML, like Gecko) Chrome/139.0.0.0 Safari/537.36"
149.57.117.251 - - [08/Sep/2025:15:05:43 +0000] "GET /wp-content/uploads/2025/05/rumman-amin-qXZ7mSns_LM-unsplash.jpg HTTP/3" 200 197352 "https://pulsehost.co.uk/" "Mozilla/5.0 (Windows NT 10.0; Win64; x64) AppleWebKit/537.36 (KHTML, like Gecko) Chrome/139.0.0.0 Safari/537.36"
149.57.117.251 - - [08/Sep/2025:15:05:43 +0000] "GET /wp-content/uploads/2025/05/igor-miske-Px3iBXV-4TU-unsplash.jpg HTTP/3" 200 145087 "https://pulsehost.co.uk/" "Mozilla/5.0 (Windows NT 10.0; Win64; x64) AppleWebKit/537.36 (KHTML, like Gecko) Chrome/139.0.0.0 Safari/537.36"
149.57.117.251 - - [08/Sep/2025:15:05:45 +0000] "GET /favicon.ico HTTP/3" 404 1251 "https://pulsehost.co.uk/" "Mozilla/5.0 (Windows NT 10.0; Win64; x64) AppleWebKit/537.36 (KHTML, like Gecko) Chrome/139.0.0.0 Safari/537.36"
188.166.176.134 - - [08/Sep/2025:15:05:30 +0000] "POST //wp-login.php HTTP/1.1" 200 14935 "https://pulsehost.co.uk//wp-login.php" "Mozilla/5.0 (Windows NT 10.0; Win64; x64) AppleWebKit/537.36 (KHTML, like Gecko) Chrome/88.0.4240.193 Safari/537.36"
188.166.176.134 - - [08/Sep/2025:15:05:45 +0000] "POST //wp-login.php HTTP/1.1" 200 14935 "https://pulsehost.co.uk//wp-login.php" "Mozilla/5.0 (Windows NT 10.0; Win64; x64) AppleWebKit/537.36 (KHTML, like Gecko) Chrome/88.0.4240.193 Safari/537.36"
188.166.176.134 - - [08/Sep/2025:15:06:00 +0000] "POST //wp-login.php HTTP/1.1" 200 14935 "https://pulsehost.co.uk//wp-login.php" "Mozilla/5.0 (Windows NT 10.0; Win64; x64) AppleWebKit/537.36 (KHTML, like Gecko) Chrome/88.0.4240.193 Safari/537.36"
66.249.66.164 - - [08/Sep/2025:15:06:20 +0000] "GET /?zhHant/product/surugaya/72303738?campaign_uid=f64d716db5e979ed2f947dbaf4296895b951ae7f HTTP/1.1" 200 25349 "-" "Mozilla/5.0 (Linux; Android 6.0.1; Nexus 5X Build/MMB29P) AppleWebKit/537.36 (KHTML, like Gecko) Chrome/138.0.7204.183 Mobile Safari/537.36 (compatible; GoogleOther)"
188.166.176.134 - - [08/Sep/2025:15:06:16 +0000] "POST //wp-login.php HTTP/1.1" 200 14935 "https://pulsehost.co.uk//wp-login.php" "Mozilla/5.0 (Windows NT 10.0; Win64; x64) AppleWebKit/537.36 (KHTML, like Gecko) Chrome/88.0.4240.193 Safari/537.36"
188.166.176.134 - - [08/Sep/2025:15:06:30 +0000] "POST //wp-login.php HTTP/1.1" 200 14935 "https://pulsehost.co.uk//wp-login.php" "Mozilla/5.0 (Windows NT 10.0; Win64; x64) AppleWebKit/537.36 (KHTML, like Gecko) Chrome/88.0.4240.193 Safari/537.36"
188.166.176.134 - - [08/Sep/2025:15:06:45 +0000] "POST //wp-login.php HTTP/1.1" 200 14935 "https://pulsehost.co.uk//wp-login.php" "Mozilla/5.0 (Windows NT 10.0; Win64; x64) AppleWebKit/537.36 (KHTML, like Gecko) Chrome/88.0.4240.193 Safari/537.36"
188.166.176.134 - - [08/Sep/2025:15:07:00 +0000] "POST //wp-login.php HTTP/1.1" 200 14935 "https://pulsehost.co.uk//wp-login.php" "Mozilla/5.0 (Windows NT 10.0; Win64; x64) AppleWebKit/537.36 (KHTML, like Gecko) Chrome/88.0.4240.193 Safari/537.36"
57.141.6.14 - - [08/Sep/2025:15:07:09 +0000] "GET /?zbpbl%2Fn1517764_html HTTP/2" 200 150389 "-" "meta-externalagent/1.1 (+https://developers.facebook.com/docs/sharing/webmasters/crawler)"
57.141.6.37 - - [08/Sep/2025:15:07:21 +0000] "GET /?ejmxu/j1753294.html HTTP/2" 301 0 "-" "meta-externalagent/1.1 (+https://developers.facebook.com/docs/sharing/webmasters/crawler)"
57.141.6.64 - - [08/Sep/2025:15:07:25 +0000] "GET /?ejmxu%2Fj1753294_html HTTP/2" 200 150389 "-" "meta-externalagent/1.1 (+https://developers.facebook.com/docs/sharing/webmasters/crawler)"
57.141.6.59 - - [08/Sep/2025:15:07:26 +0000] "GET /?xhwoh/y1881593.html HTTP/2" 301 0 "-" "meta-externalagent/1.1 (+https://developers.facebook.com/docs/sharing/webmasters/crawler)"
57.141.6.27 - - [08/Sep/2025:15:07:31 +0000] "GET /?xhwoh%2Fy1881593_html HTTP/2" 200 150389 "-" "meta-externalagent/1.1 (+https://developers.facebook.com/docs/sharing/webmasters/crawler)"
57.141.6.52 - - [08/Sep/2025:15:07:06 +0000] "GET /?zbpbl/n1517764.html HTTP/2" 301 0 "-" "meta-externalagent/1.1 (+https://developers.facebook.com/docs/sharing/webmasters/crawler)"
188.166.176.134 - - [08/Sep/2025:15:07:19 +0000] "POST //wp-login.php HTTP/1.1" 200 14935 "https://pulsehost.co.uk//wp-login.php" "Mozilla/5.0 (Windows NT 10.0; Win64; x64) AppleWebKit/537.36 (KHTML, like Gecko) Chrome/88.0.4240.193 Safari/537.36"
188.166.176.134 - - [08/Sep/2025:15:07:30 +0000] "POST //wp-login.php HTTP/1.1" 200 14935 "https://pulsehost.co.uk//wp-login.php" "Mozilla/5.0 (Windows NT 10.0; Win64; x64) AppleWebKit/537.36 (KHTML, like Gecko) Chrome/88.0.4240.193 Safari/537.36"
188.166.176.134 - - [08/Sep/2025:15:07:45 +0000] "POST //wp-login.php HTTP/1.1" 200 14935 "https://pulsehost.co.uk//wp-login.php" "Mozilla/5.0 (Windows NT 10.0; Win64; x64) AppleWebKit/537.36 (KHTML, like Gecko) Chrome/88.0.4240.193 Safari/537.36"
188.166.176.134 - - [08/Sep/2025:15:08:00 +0000] "POST //wp-login.php HTTP/1.1" 200 14935 "https://pulsehost.co.uk//wp-login.php" "Mozilla/5.0 (Windows NT 10.0; Win64; x64) AppleWebKit/537.36 (KHTML, like Gecko) Chrome/88.0.4240.193 Safari/537.36"
188.166.176.134 - - [08/Sep/2025:15:08:15 +0000] "POST //wp-login.php HTTP/1.1" 200 14935 "https://pulsehost.co.uk//wp-login.php" "Mozilla/5.0 (Windows NT 10.0; Win64; x64) AppleWebKit/537.36 (KHTML, like Gecko) Chrome/88.0.4240.193 Safari/537.36"
